000
CDUS41 KCLE 160529
CLIMFD


CLIMATE REPORT
NATIONAL WEATHER SERVICE CLEVELAND OH
1229 AM EST FRI JAN 16 2015


...................................

...THE MANSFIELD OH CLIMATE SUMMARY FOR JANUARY 15 2015...

CLIMATE NORMAL PERIOD 1981 TO 2010
CLIMATE RECORD PERIOD 1916 TO 2015


WEATHER ITEM   OBSERVED TIME   RECORD YEAR NORMAL DEPARTURE LAST
                VALUE   (LST)  VALUE       VALUE  FROM      YEAR
                                                  NORMAL
..................................................................
TEMPERATURE (F)
 YESTERDAY
  MAXIMUM         29   1159 PM  60    1932  33     -4       31
  MINIMUM          8    352 AM -26    1929  18    -10       21
  AVERAGE         19                        25     -6       26

PRECIPITATION (IN)
  YESTERDAY        0.00                      0.09  -0.09      T
  MONTH TO DATE    2.23                      1.47   0.76     1.54
  SINCE DEC 1      4.09                      4.76  -0.67     5.72
  SINCE JAN 1      2.23                      1.47   0.76     1.54

SNOWFALL (IN)
  YESTERDAY        0.0                       0.5   -0.5       T
  MONTH TO DATE   10.4                       6.5    3.9     10.9
  SINCE DEC 1     10.6                      17.0   -6.4     27.3
  SINCE JUL 1     16.5                      19.7   -3.2     28.9
  SNOW DEPTH       3

DEGREE DAYS
 HEATING
  YESTERDAY       46                        40      6       39
  MONTH TO DATE  695                       592    103      622
  SINCE DEC 1   1658                      1688    -30     1689
  SINCE JUL 1   3046                      2969     77     3021

 COOLING
  YESTERDAY        0                         0      0        0
  MONTH TO DATE    0                         0      0        0
  SINCE DEC 1      0                         0      0        0
  SINCE JAN 1      0                         0      0        0
..................................................................


WIND (MPH)
  HIGHEST WIND SPEED    23   HIGHEST WIND DIRECTION    SW (230)
  HIGHEST GUST SPEED    31   HIGHEST GUST DIRECTION    SW (220)
  AVERAGE WIND SPEED    11.1


SKY COVER
  POSSIBLE SUNSHINE  MM
  AVERAGE SKY COVER 0.5


WEATHER CONDITIONS
 THE FOLLOWING WEATHER WAS RECORDED YESTERDAY.
  FOG


RELATIVE HUMIDITY (PERCENT)
 HIGHEST    92           200 AM
 LOWEST     50           500 PM
 AVERAGE    71

..........................................................


THE MANSFIELD OH CLIMATE NORMALS FOR TODAY
                         NORMAL    RECORD    YEAR
 MAXIMUM TEMPERATURE (F)   33        55      1953
 MINIMUM TEMPERATURE (F)   18       -18      1982


SUNRISE AND SUNSET
JANUARY 16 2015.......SUNRISE   752 AM EST   SUNSET   528 PM EST
JANUARY 17 2015.......SUNRISE   751 AM EST   SUNSET   529 PM EST


-  INDICATES NEGATIVE NUMBERS.
R  INDICATES RECORD WAS SET OR TIED.
MM INDICATES DATA IS MISSING.
T  INDICATES TRACE AMOUNT.




$$
