000
CDUS41 KCLE 220547
CLIMFD


CLIMATE REPORT
NATIONAL WEATHER SERVICE CLEVELAND OH
1247 AM EST SUN FEB 22 2015


...................................

...THE MANSFIELD OH CLIMATE SUMMARY FOR FEBRUARY 21 2015...

CLIMATE NORMAL PERIOD 1981 TO 2010
CLIMATE RECORD PERIOD 1916 TO 2015


WEATHER ITEM   OBSERVED TIME   RECORD YEAR NORMAL DEPARTURE LAST
                VALUE   (LST)  VALUE       VALUE  FROM      YEAR
                                                  NORMAL
..................................................................
TEMPERATURE (F)
 YESTERDAY
  MAXIMUM         28    445 PM  68    1930  38    -10       55
  MINIMUM         12   1223 AM  -5    1963  22    -10       35
  AVERAGE         20                        30    -10       45

PRECIPITATION (IN)
  YESTERDAY        0.32                      0.09   0.23     0.48
  MONTH TO DATE    1.62                      1.77  -0.15     2.23
  SINCE DEC 1      6.94                      7.93  -0.99     8.43
  SINCE JAN 1      5.08                      4.64   0.44     4.25

SNOWFALL (IN)
  YESTERDAY        3.3                       0.4    2.9      0.0
  MONTH TO DATE   19.6                       8.5   11.1     15.2
  SINCE DEC 1     44.8                      32.3   12.5     51.2
  SINCE JUL 1     50.7                      35.0   15.7     52.8
  SNOW DEPTH       4

DEGREE DAYS
 HEATING
  YESTERDAY       45                        35     10       20
  MONTH TO DATE 1018                       786    232      916
  SINCE DEC 1   3301                      3105    196     3406
  SINCE JUL 1   4689                      4386    303     4738

 COOLING
  YESTERDAY        0                         0      0        0
  MONTH TO DATE    0                         0      0        0
  SINCE DEC 1      0                         0      0        0
  SINCE JAN 1      0                         0      0        0
..................................................................


WIND (MPH)
  HIGHEST WIND SPEED    20   HIGHEST WIND DIRECTION     S (170)
  HIGHEST GUST SPEED    23   HIGHEST GUST DIRECTION     S (160)
  AVERAGE WIND SPEED     8.4


SKY COVER
  POSSIBLE SUNSHINE  MM
  AVERAGE SKY COVER 1.0


WEATHER CONDITIONS
 THE FOLLOWING WEATHER WAS RECORDED YESTERDAY.
  SNOW
  LIGHT SNOW
  FOG
  FOG W/VISIBILITY <= 1/4 MILE


RELATIVE HUMIDITY (PERCENT)
 HIGHEST   100          1000 PM
 LOWEST     51           200 AM
 AVERAGE    76

..........................................................


THE MANSFIELD OH CLIMATE NORMALS FOR TODAY
                         NORMAL    RECORD    YEAR
 MAXIMUM TEMPERATURE (F)   38        69      1930
 MINIMUM TEMPERATURE (F)   22       -10      1963


SUNRISE AND SUNSET
FEBRUARY 22 2015......SUNRISE   715 AM EST   SUNSET   613 PM EST
FEBRUARY 23 2015......SUNRISE   713 AM EST   SUNSET   614 PM EST


-  INDICATES NEGATIVE NUMBERS.
R  INDICATES RECORD WAS SET OR TIED.
MM INDICATES DATA IS MISSING.
T  INDICATES TRACE AMOUNT.




$$
