068
CDUS41 KCLE 240526
CLIMFD


CLIMATE REPORT
NATIONAL WEATHER SERVICE CLEVELAND OH
1226 AM EST THU NOV 24 2016


...................................

...THE MANSFIELD OH CLIMATE SUMMARY FOR NOVEMBER 23 2016...

CLIMATE NORMAL PERIOD 1981 TO 2010
CLIMATE RECORD PERIOD 1916 TO 2016


WEATHER ITEM   OBSERVED TIME   RECORD YEAR NORMAL DEPARTURE LAST
                VALUE   (LST)  VALUE       VALUE  FROM      YEAR
                                                  NORMAL
..................................................................
TEMPERATURE (F)
 YESTERDAY
  MAXIMUM         40   1045 PM  73    1931  46     -6       36
  MINIMUM         23    147 AM   6    1956  31     -8       16
  AVERAGE         32                        38     -6       26

PRECIPITATION (IN)
  YESTERDAY        0.06                      0.13  -0.07     0.00
  MONTH TO DATE    0.58                      2.94  -2.36     1.47
  SINCE SEP 1      7.76                      9.20  -1.44     6.61
  SINCE JAN 1     31.39                     40.03  -8.64    34.60

SNOWFALL (IN)
  YESTERDAY        0.0                       0.1   -0.1      0.0
  MONTH TO DATE    0.2                       1.3   -1.1      0.0
  SINCE SEP 1      0.2                       1.8   -1.6      0.0
  SINCE JUL 1      0.2                       1.8   -1.6      0.0
  SNOW DEPTH       0

DEGREE DAYS
 HEATING
  YESTERDAY       33                        27      6       39
  MONTH TO DATE  418                       513    -95      380
  SINCE SEP 1    726                      1056   -330      770
  SINCE JUL 1    727                      1081   -354      787

 COOLING
  YESTERDAY        0                         0      0        0
  MONTH TO DATE    6                         0      6        4
  SINCE SEP 1    180                        70    110      147
  SINCE JAN 1   1084                       632    452      778
..................................................................


WIND (MPH)
  HIGHEST WIND SPEED    15   HIGHEST WIND DIRECTION     S (160)
  HIGHEST GUST SPEED    21   HIGHEST GUST DIRECTION     W (250)
  AVERAGE WIND SPEED     9.1


SKY COVER
  POSSIBLE SUNSHINE  MM
  AVERAGE SKY COVER 0.6


WEATHER CONDITIONS
 THE FOLLOWING WEATHER WAS RECORDED YESTERDAY.
  LIGHT RAIN


RELATIVE HUMIDITY (PERCENT)
 HIGHEST    82           200 PM
 LOWEST     56          1000 AM
 AVERAGE    69

..........................................................


THE MANSFIELD OH CLIMATE NORMALS FOR TODAY
                         NORMAL    RECORD    YEAR
 MAXIMUM TEMPERATURE (F)   45        65      1931
 MINIMUM TEMPERATURE (F)   30         3      1956


SUNRISE AND SUNSET
NOVEMBER 24 2016......SUNRISE   728 AM EST   SUNSET   506 PM EST
NOVEMBER 25 2016......SUNRISE   729 AM EST   SUNSET   505 PM EST


-  INDICATES NEGATIVE NUMBERS.
R  INDICATES RECORD WAS SET OR TIED.
MM INDICATES DATA IS MISSING.
T  INDICATES TRACE AMOUNT.




$$
