000
CDUS41 KCLE 160534
CLIMFD


CLIMATE REPORT
NATIONAL WEATHER SERVICE CLEVELAND OH
126 AM EDT SAT APR 16 2016


...................................

...THE MANSFIELD OH CLIMATE SUMMARY FOR APRIL 15 2016...

CLIMATE NORMAL PERIOD 1981 TO 2010
CLIMATE RECORD PERIOD 1916 TO 2016


WEATHER ITEM   OBSERVED TIME   RECORD YEAR NORMAL DEPARTURE LAST
                VALUE   (LST)  VALUE       VALUE  FROM      YEAR
                                                  NORMAL
..................................................................
TEMPERATURE (F)
 YESTERDAY
  MAXIMUM         71    358 PM  82    2010  59     12       65
  MINIMUM         38    515 AM  15    1957  38      0       43
  AVERAGE         55                        49      6       54

PRECIPITATION (IN)
  YESTERDAY        0.00                      0.14  -0.14     0.00
  MONTH TO DATE    1.92                      2.10  -0.18     4.58
  SINCE MAR 1      6.07                      5.49   0.58     7.45
  SINCE JAN 1     10.97                     10.75   0.22    12.61

SNOWFALL (IN)
  YESTERDAY        0.0                       0.1   -0.1      0.0
  MONTH TO DATE    4.2                       1.9    2.3      0.0
  SINCE MAR 1      7.2                       9.7   -2.5     10.7
  SINCE JUL 1     27.6                      47.6  -20.0     63.2
  SNOW DEPTH       0

DEGREE DAYS
 HEATING
  YESTERDAY       10                        16     -6       11
  MONTH TO DATE  378                       288     90      183
  SINCE MAR 1    997                      1153   -156     1136
  SINCE JUL 1   4769                      5778  -1009     6208

 COOLING
  YESTERDAY        0                         0      0        0
  MONTH TO DATE    0                         0      0        0
  SINCE MAR 1      0                         1     -1        0
  SINCE JAN 1      0                         1     -1        0
..................................................................


WIND (MPH)
  HIGHEST WIND SPEED    14   HIGHEST WIND DIRECTION     E (100)
  HIGHEST GUST SPEED    18   HIGHEST GUST DIRECTION     E (100)
  AVERAGE WIND SPEED     7.1


SKY COVER
  POSSIBLE SUNSHINE  MM
  AVERAGE SKY COVER 0.0


WEATHER CONDITIONS
 THE FOLLOWING WEATHER WAS RECORDED YESTERDAY.
  NO SIGNIFICANT WEATHER WAS OBSERVED.


RELATIVE HUMIDITY (PERCENT)
 HIGHEST    70           600 AM
 LOWEST     28           300 PM
 AVERAGE    49

..........................................................


THE MANSFIELD OH CLIMATE NORMALS FOR TODAY
                         NORMAL    RECORD    YEAR
 MAXIMUM TEMPERATURE (F)   60        84      2002
 MINIMUM TEMPERATURE (F)   38        16      1935


SUNRISE AND SUNSET
APRIL 16 2016.........SUNRISE   649 AM EDT   SUNSET   811 PM EDT
APRIL 17 2016.........SUNRISE   647 AM EDT   SUNSET   812 PM EDT


-  INDICATES NEGATIVE NUMBERS.
R  INDICATES RECORD WAS SET OR TIED.
MM INDICATES DATA IS MISSING.
T  INDICATES TRACE AMOUNT.




$$
