000
CDUS41 KCLE 130545
CLIMFD


CLIMATE REPORT
NATIONAL WEATHER SERVICE CLEVELAND OH
145 AM EDT WED AUG 13 2014


...................................

...THE MANSFIELD OH CLIMATE SUMMARY FOR AUGUST 12 2014...

CLIMATE NORMAL PERIOD 1981 TO 2010
CLIMATE RECORD PERIOD 1916 TO 2014


WEATHER ITEM   OBSERVED TIME   RECORD YEAR NORMAL DEPARTURE LAST
                VALUE   (LST)  VALUE       VALUE  FROM      YEAR
                                                  NORMAL
..................................................................
TEMPERATURE (F)
 YESTERDAY
  MAXIMUM         78    208 PM  92    1936  80     -2       82
                                      1918
  MINIMUM         61   1159 PM  39    1946  61      0       60
  AVERAGE         70                        70      0       71

PRECIPITATION (IN)
  YESTERDAY        0.57                      0.14   0.43     0.00
  MONTH TO DATE    2.57                      1.68   0.89     1.42
  SINCE JUN 1     11.79                     10.81   0.98    14.59
  SINCE JAN 1     28.12                     28.14  -0.02    28.46

SNOWFALL (IN)
  YESTERDAY        0.0                       0.0    0.0      0.0
  MONTH TO DATE    0.0                       0.0    0.0      0.0
  SINCE JUN 1      0.0                       0.0    0.0      0.0
  SINCE JUL 1      0.0                       0.0    0.0      0.0
  SNOW DEPTH       0

DEGREE DAYS
 HEATING
  YESTERDAY        0                         0      0        0
  MONTH TO DATE    0                         0      0        3
  SINCE JUN 1     41                        61    -20       52
  SINCE JUL 1     17                         8      9       13

 COOLING
  YESTERDAY        5                         6     -1        6
  MONTH TO DATE   57                        72    -15       58
  SINCE JUN 1    363                       416    -53      444
  SINCE JAN 1    426                       462    -36      539
..................................................................


WIND (MPH)
  HIGHEST WIND SPEED    18   HIGHEST WIND DIRECTION    SW (240)
  HIGHEST GUST SPEED    26   HIGHEST GUST DIRECTION    SW (230)
  AVERAGE WIND SPEED     9.3


SKY COVER
  POSSIBLE SUNSHINE  MM
  AVERAGE SKY COVER 0.8


WEATHER CONDITIONS
 THE FOLLOWING WEATHER WAS RECORDED YESTERDAY.
  THUNDERSTORM
  RAIN
  LIGHT RAIN
  FOG


RELATIVE HUMIDITY (PERCENT)
 HIGHEST   100           100 AM
 LOWEST     64           100 PM
 AVERAGE    82

..........................................................


THE MANSFIELD OH CLIMATE NORMALS FOR TODAY
                         NORMAL    RECORD    YEAR
 MAXIMUM TEMPERATURE (F)   80        98      1936
 MINIMUM TEMPERATURE (F)   61        41      1957


SUNRISE AND SUNSET
AUGUST 13 2014........SUNRISE   638 AM EDT   SUNSET   831 PM EDT
AUGUST 14 2014........SUNRISE   639 AM EDT   SUNSET   830 PM EDT


-  INDICATES NEGATIVE NUMBERS.
R  INDICATES RECORD WAS SET OR TIED.
MM INDICATES DATA IS MISSING.
T  INDICATES TRACE AMOUNT.




$$
