000
CDUS41 KCLE 230528
CLIMFD


CLIMATE REPORT
NATIONAL WEATHER SERVICE CLEVELAND OH
1227 AM EST THU NOV 23 2017


...................................

...THE MANSFIELD OH CLIMATE SUMMARY FOR NOVEMBER 22 2017...

CLIMATE NORMAL PERIOD 1981 TO 2010
CLIMATE RECORD PERIOD 1916 TO 2017


WEATHER ITEM   OBSERVED TIME   RECORD YEAR NORMAL DEPARTURE LAST
                VALUE   (LST)  VALUE       VALUE  FROM      YEAR
                                                  NORMAL
..................................................................
TEMPERATURE (F)
 YESTERDAY
  MAXIMUM         35    109 AM  68    2010  46    -11       40
                                      1934
  MINIMUM         23   1159 PM  10    1964  31     -8       21
  AVERAGE         29                        39    -10       31

PRECIPITATION (IN)
  YESTERDAY        0.01                      0.14  -0.13     0.00
  MONTH TO DATE    6.15                      2.81   3.34     0.52
  SINCE SEP 1     10.68                      9.07   1.61     7.70
  SINCE JAN 1     47.26                     39.90   7.36    31.33

SNOWFALL (IN)
  YESTERDAY        T                         0.1   -0.1      0.0
  MONTH TO DATE    0.1                       1.2   -1.1      0.2
  SINCE SEP 1      0.1                       1.7   -1.6      0.2
  SINCE JUL 1      0.1                       1.7   -1.6      0.2
  SNOW DEPTH       0

DEGREE DAYS
 HEATING
  YESTERDAY       36                        26     10       34
  MONTH TO DATE  524                       486     38      385
  SINCE SEP 1    887                      1029   -142      693
  SINCE JUL 1    901                      1054   -153      694

 COOLING
  YESTERDAY        0                         0      0        0
  MONTH TO DATE    0                         0      0        6
  SINCE SEP 1    131                        70     61      180
  SINCE JAN 1    748                       632    116     1084
..................................................................


WIND (MPH)
  HIGHEST WIND SPEED    16   HIGHEST WIND DIRECTION    NW (320)
  HIGHEST GUST SPEED    20   HIGHEST GUST DIRECTION    NW (330)
  AVERAGE WIND SPEED     7.5


SKY COVER
  POSSIBLE SUNSHINE  MM
  AVERAGE SKY COVER 0.9


WEATHER CONDITIONS
 THE FOLLOWING WEATHER WAS RECORDED YESTERDAY.
  LIGHT SNOW
  FOG


RELATIVE HUMIDITY (PERCENT)
 HIGHEST   100          1200 AM
 LOWEST     63           300 PM
 AVERAGE    82

..........................................................


THE MANSFIELD OH CLIMATE NORMALS FOR TODAY
                         NORMAL    RECORD    YEAR
 MAXIMUM TEMPERATURE (F)   46        73      1931
 MINIMUM TEMPERATURE (F)   31         6      1956


SUNRISE AND SUNSET
NOVEMBER 23 2017......SUNRISE   727 AM EST   SUNSET   506 PM EST
NOVEMBER 24 2017......SUNRISE   728 AM EST   SUNSET   506 PM EST


-  INDICATES NEGATIVE NUMBERS.
R  INDICATES RECORD WAS SET OR TIED.
MM INDICATES DATA IS MISSING.
T  INDICATES TRACE AMOUNT.




$$
