000
CDUS41 KCLE 090543
CLIMFD


CLIMATE REPORT
NATIONAL WEATHER SERVICE CLEVELAND OH
143 AM EDT SAT APR 9 2016


...................................

...THE MANSFIELD OH CLIMATE SUMMARY FOR APRIL 8 2016...

CLIMATE NORMAL PERIOD 1981 TO 2010
CLIMATE RECORD PERIOD 1916 TO 2016


WEATHER ITEM   OBSERVED TIME   RECORD YEAR NORMAL DEPARTURE LAST
                VALUE   (LST)  VALUE       VALUE  FROM      YEAR
                                                  NORMAL
..................................................................
TEMPERATURE (F)
 YESTERDAY
  MAXIMUM         39    208 PM  80    2001  56    -17       67
  MINIMUM         30    754 AM  15    1982  36     -6       46
                                      1972
  AVERAGE         35                        46    -11       57

PRECIPITATION (IN)
  YESTERDAY        0.12                      0.15  -0.03     1.48
  MONTH TO DATE    1.10                      1.10   0.00     3.17
  SINCE MAR 1      5.25                      4.49   0.76     6.04
  SINCE JAN 1     10.15                      9.75   0.40    11.20

SNOWFALL (IN)
  YESTERDAY        1.2                       0.1    1.1      0.0
  MONTH TO DATE    2.3                       1.1    1.2      0.0
  SINCE MAR 1      5.3                       8.9   -3.6     10.7
  SINCE JUL 1     25.7                      46.8  -21.1     63.2
  SNOW DEPTH       0

DEGREE DAYS
 HEATING
  YESTERDAY       30                        19     11        8
  MONTH TO DATE  206                       165     41      119
  SINCE MAR 1    825                      1030   -205     1072
  SINCE JUL 1   4597                      5655  -1058     6144

 COOLING
  YESTERDAY        0                         0      0        0
  MONTH TO DATE    0                         0      0        0
  SINCE MAR 1      0                         1     -1        0
  SINCE JAN 1      0                         1     -1        0
..................................................................


WIND (MPH)
  HIGHEST WIND SPEED    20   HIGHEST WIND DIRECTION     W (260)
  HIGHEST GUST SPEED    30   HIGHEST GUST DIRECTION     W (260)
  AVERAGE WIND SPEED    10.8


SKY COVER
  POSSIBLE SUNSHINE  MM
  AVERAGE SKY COVER 0.8


WEATHER CONDITIONS
 THE FOLLOWING WEATHER WAS RECORDED YESTERDAY.
  LIGHT SNOW
  FOG
  HAZE


RELATIVE HUMIDITY (PERCENT)
 HIGHEST   100          1000 PM
 LOWEST     59          1000 AM
 AVERAGE    80

..........................................................


THE MANSFIELD OH CLIMATE NORMALS FOR TODAY
                         NORMAL    RECORD    YEAR
 MAXIMUM TEMPERATURE (F)   57        81      2013
 MINIMUM TEMPERATURE (F)   36        16      1972
                                             1958
                                             1957


SUNRISE AND SUNSET
APRIL  9 2016.........SUNRISE   700 AM EDT   SUNSET   804 PM EDT
APRIL 10 2016.........SUNRISE   658 AM EDT   SUNSET   805 PM EDT


-  INDICATES NEGATIVE NUMBERS.
R  INDICATES RECORD WAS SET OR TIED.
MM INDICATES DATA IS MISSING.
T  INDICATES TRACE AMOUNT.




$$
