000
CDUS41 KCLE 130530
CLIMFD


CLIMATE REPORT
NATIONAL WEATHER SERVICE CLEVELAND OH
129 AM EDT THU JUL 13 2017


...................................

...THE MANSFIELD OH CLIMATE SUMMARY FOR JULY 12 2017...

CLIMATE NORMAL PERIOD 1981 TO 2010
CLIMATE RECORD PERIOD 1916 TO 2017


WEATHER ITEM   OBSERVED TIME   RECORD YEAR NORMAL DEPARTURE LAST
                VALUE   (LST)  VALUE       VALUE  FROM      YEAR
                                                  NORMAL
..................................................................
TEMPERATURE (F)
 YESTERDAY
  MAXIMUM         85    139 PM 102    1936  82      3       91
  MINIMUM         70    714 AM  41    1945  61      9       66
  AVERAGE         78                        72      6       79

PRECIPITATION (IN)
  YESTERDAY        0.97                      0.15   0.82     0.00
  MONTH TO DATE    2.65                      1.78   0.87     0.33
  SINCE JUN 1     10.24                      6.53   3.71     2.42
  SINCE JAN 1     31.39                     23.86   7.53    18.82

SNOWFALL (IN)
  YESTERDAY        0.0                       0.0    0.0      0.0
  MONTH TO DATE    0.0                       0.0    0.0      0.0
  SINCE JUN 1      0.0                       0.0    0.0      0.0
  SINCE JUL 1      0.0                       0.0    0.0      0.0
  SNOW DEPTH       0

DEGREE DAYS
 HEATING
  YESTERDAY        0                         0      0        0
  MONTH TO DATE    0                         0      0        1
  SINCE JUN 1     33                        53    -20       14
  SINCE JUL 1      0                         0      0        1

 COOLING
  YESTERDAY       13                         7      6       14
  MONTH TO DATE   87                        84      3       92
  SINCE JUN 1    259                       218     41      274
  SINCE JAN 1    316                       264     52      336
..................................................................


WIND (MPH)
  HIGHEST WIND SPEED    23   HIGHEST WIND DIRECTION     S (180)
  HIGHEST GUST SPEED    28   HIGHEST GUST DIRECTION     S (180)
  AVERAGE WIND SPEED     9.0


SKY COVER
  POSSIBLE SUNSHINE  MM
  AVERAGE SKY COVER 0.3


WEATHER CONDITIONS
 THE FOLLOWING WEATHER WAS RECORDED YESTERDAY.
  THUNDERSTORM
  HEAVY RAIN
  RAIN
  LIGHT RAIN
  FOG


RELATIVE HUMIDITY (PERCENT)
 HIGHEST   100           500 AM
 LOWEST     59           200 PM
 AVERAGE    80

..........................................................


THE MANSFIELD OH CLIMATE NORMALS FOR TODAY
                         NORMAL    RECORD    YEAR
 MAXIMUM TEMPERATURE (F)   82        98      1936
 MINIMUM TEMPERATURE (F)   62        45      1940


SUNRISE AND SUNSET
JULY 13 2017..........SUNRISE   610 AM EDT   SUNSET   901 PM EDT
JULY 14 2017..........SUNRISE   611 AM EDT   SUNSET   901 PM EDT


-  INDICATES NEGATIVE NUMBERS.
R  INDICATES RECORD WAS SET OR TIED.
MM INDICATES DATA IS MISSING.
T  INDICATES TRACE AMOUNT.




$$
