000
CDUS41 KCLE 190544
CLIMFD


CLIMATE REPORT
NATIONAL WEATHER SERVICE CLEVELAND OH
144 AM EDT TUE AUG 19 2014


...................................

...THE MANSFIELD OH CLIMATE SUMMARY FOR AUGUST 18 2014...

CLIMATE NORMAL PERIOD 1981 TO 2010
CLIMATE RECORD PERIOD 1916 TO 2014


WEATHER ITEM   OBSERVED TIME   RECORD YEAR NORMAL DEPARTURE LAST
                VALUE   (LST)  VALUE       VALUE  FROM      YEAR
                                                  NORMAL
..................................................................
TEMPERATURE (F)
 YESTERDAY
  MAXIMUM         81    343 PM  91    1937  80      1       77
                                      1922
  MINIMUM         64   1159 PM  47    1958  60      4       53
                                      1936
  AVERAGE         73                        70      3       65

PRECIPITATION (IN)
  YESTERDAY        0.00                      0.15  -0.15     0.00
  MONTH TO DATE    2.58                      2.58   0.00     1.42
  SINCE JUN 1     11.80                     11.71   0.09    14.59
  SINCE JAN 1     28.13                     29.04  -0.91    28.46

SNOWFALL (IN)
  YESTERDAY        0.0                       0.0    0.0      0.0
  MONTH TO DATE    0.0                       0.0    0.0      0.0
  SINCE JUN 1      0.0                       0.0    0.0      0.0
  SINCE JUL 1      0.0                       0.0    0.0      0.0
  SNOW DEPTH       0

DEGREE DAYS
 HEATING
  YESTERDAY        0                         0      0        0
  MONTH TO DATE   10                         0     10       18
  SINCE JUN 1     51                        61    -10       67
  SINCE JUL 1     27                         8     19       28

 COOLING
  YESTERDAY        8                         6      2        0
  MONTH TO DATE   75                       108    -33       60
  SINCE JUN 1    381                       452    -71      446
  SINCE JAN 1    444                       498    -54      541
..................................................................


WIND (MPH)
  HIGHEST WIND SPEED    12   HIGHEST WIND DIRECTION     N (10)
  HIGHEST GUST SPEED    20   HIGHEST GUST DIRECTION    NE (60)
  AVERAGE WIND SPEED     5.9


SKY COVER
  POSSIBLE SUNSHINE  MM
  AVERAGE SKY COVER 0.6


WEATHER CONDITIONS
 THE FOLLOWING WEATHER WAS RECORDED YESTERDAY.
  NO SIGNIFICANT WEATHER WAS OBSERVED.


RELATIVE HUMIDITY (PERCENT)
 HIGHEST    87           300 AM
 LOWEST     58           300 PM
 AVERAGE    73

..........................................................


THE MANSFIELD OH CLIMATE NORMALS FOR TODAY
                         NORMAL    RECORD    YEAR
 MAXIMUM TEMPERATURE (F)   80       103      1936
 MINIMUM TEMPERATURE (F)   60        42      1958
                                             1932


SUNRISE AND SUNSET
AUGUST 19 2014........SUNRISE   644 AM EDT   SUNSET   822 PM EDT
AUGUST 20 2014........SUNRISE   645 AM EDT   SUNSET   821 PM EDT


-  INDICATES NEGATIVE NUMBERS.
R  INDICATES RECORD WAS SET OR TIED.
MM INDICATES DATA IS MISSING.
T  INDICATES TRACE AMOUNT.




$$
