000
CDUS41 KCLE 010526
CLIMFD


CLIMATE REPORT
NATIONAL WEATHER SERVICE CLEVELAND OH
1226 AM EST SUN JAN 1 2017


...................................

...THE MANSFIELD OH CLIMATE SUMMARY FOR DECEMBER 31 2016...

CLIMATE NORMAL PERIOD 1981 TO 2010
CLIMATE RECORD PERIOD 1916 TO 2016


WEATHER ITEM   OBSERVED TIME   RECORD YEAR NORMAL DEPARTURE LAST
                VALUE   (LST)  VALUE       VALUE  FROM      YEAR
                                                  NORMAL
..................................................................
TEMPERATURE (F)
 YESTERDAY
  MAXIMUM         42    237 PM  61    1951  33      9       31
  MINIMUM         27   1245 AM -10    1976  19      8       28
  AVERAGE         35                        26      9       30

PRECIPITATION (IN)
  YESTERDAY        T                         0.10  -0.10     0.02
  MONTH TO DATE    3.14                      3.29  -0.15     4.16
  SINCE DEC 1      3.14                      3.29  -0.15     4.16
  SINCE JAN 1     35.24                     44.19  -8.95    39.51

SNOWFALL (IN)
  YESTERDAY        T                         0.4   -0.4      0.2
  MONTH TO DATE   11.0                      10.5    0.5      0.2
  SINCE DEC 1     11.0                      10.5    0.5      0.2
  SINCE JUL 1     11.2                      13.2   -2.0      0.2
  SNOW DEPTH       T

DEGREE DAYS
 HEATING
  YESTERDAY       30                        39     -9       35
  MONTH TO DATE 1108                      1097     11      680
  SINCE DEC 1   1108                      1096     12      680
  SINCE JUL 1   1985                      2377   -392     1620

 COOLING
  YESTERDAY        0                         0      0        0
  MONTH TO DATE    0                         0      0        0
  SINCE DEC 1      0                         0      0        0
  SINCE JAN 1   1084                       632    452      778
..................................................................


WIND (MPH)
  HIGHEST WIND SPEED    31   HIGHEST WIND DIRECTION     S (200)
  HIGHEST GUST SPEED    43   HIGHEST GUST DIRECTION    SW (210)
  AVERAGE WIND SPEED    18.8


SKY COVER
  POSSIBLE SUNSHINE  MM
  AVERAGE SKY COVER 0.5


WEATHER CONDITIONS
 THE FOLLOWING WEATHER WAS RECORDED YESTERDAY.
  LIGHT RAIN


RELATIVE HUMIDITY (PERCENT)
 HIGHEST    85           500 PM
 LOWEST     44          1000 AM
 AVERAGE    65

..........................................................


THE MANSFIELD OH CLIMATE NORMALS FOR TODAY
                         NORMAL    RECORD    YEAR
 MAXIMUM TEMPERATURE (F)   33        62      1985
 MINIMUM TEMPERATURE (F)   19        -7      1968


SUNRISE AND SUNSET
JANUARY  1 2017.......SUNRISE   754 AM EST   SUNSET   513 PM EST
JANUARY  2 2017.......SUNRISE   755 AM EST   SUNSET   514 PM EST


-  INDICATES NEGATIVE NUMBERS.
R  INDICATES RECORD WAS SET OR TIED.
MM INDICATES DATA IS MISSING.
T  INDICATES TRACE AMOUNT.




$$
