000
CDUS41 KCLE 020529
CLIMFD


CLIMATE REPORT
NATIONAL WEATHER SERVICE CLEVELAND OH
128 AM EDT WED APR 2 2014


...................................

...THE MANSFIELD OH CLIMATE SUMMARY FOR APRIL 1 2014...

CLIMATE NORMAL PERIOD 1981 TO 2010
CLIMATE RECORD PERIOD 1916 TO 2014


WEATHER ITEM   OBSERVED TIME   RECORD YEAR NORMAL DEPARTURE LAST
                VALUE   (LST)  VALUE       VALUE  FROM      YEAR
                                                  NORMAL
..................................................................
TEMPERATURE (F)
 YESTERDAY
  MAXIMUM         70    304 PM  79    2010  53     17       47
  MINIMUM         48   1159 PM  10    1923  33     15       26
  AVERAGE         59                        43     16       37

PRECIPITATION (IN)
  YESTERDAY        0.00                      0.14  -0.14     0.00
  MONTH TO DATE    0.00                      0.14  -0.14     0.00
  SINCE MAR 1      1.84                      3.53  -1.69     1.95
  SINCE JAN 1      6.17                      8.79  -2.62     6.68

SNOWFALL (IN)
  YESTERDAY        0.0                       0.2   -0.2      0.0
  MONTH TO DATE    0.0                       0.2   -0.2      0.0
  SINCE MAR 1     10.5                       8.0    2.5      9.5
  SINCE JUL 1     63.3                      45.9   17.4     39.3
  SNOW DEPTH       0

DEGREE DAYS
 HEATING
  YESTERDAY        6                        22    -16       28
  MONTH TO DATE    6                        22    -16       28
  SINCE MAR 1   1033                       887    146     1003
  SINCE JUL 1   6077                      5512    565     5376

 COOLING
  YESTERDAY        0                         0      0        0
  MONTH TO DATE    0                         0      0        0
  SINCE MAR 1      0                         1     -1        0
  SINCE JAN 1      0                         1     -1        0
..................................................................


WIND (MPH)
  HIGHEST WIND SPEED    36   HIGHEST WIND DIRECTION    SW (230)
  HIGHEST GUST SPEED    48   HIGHEST GUST DIRECTION    SW (220)
  AVERAGE WIND SPEED    15.9


SKY COVER
  POSSIBLE SUNSHINE  MM
  AVERAGE SKY COVER 0.3


WEATHER CONDITIONS
 THE FOLLOWING WEATHER WAS RECORDED YESTERDAY.
  NO SIGNIFICANT WEATHER WAS OBSERVED.


RELATIVE HUMIDITY (PERCENT)
 HIGHEST    56          1000 PM
 LOWEST     22           400 PM
 AVERAGE    39

..........................................................


THE MANSFIELD OH CLIMATE NORMALS FOR TODAY
                         NORMAL    RECORD    YEAR
 MAXIMUM TEMPERATURE (F)   54        83      2010
 MINIMUM TEMPERATURE (F)   34        19      2013
                                             1924
                                             1919


SUNRISE AND SUNSET
APRIL  2 2014.........SUNRISE   712 AM EDT   SUNSET   756 PM EDT
APRIL  3 2014.........SUNRISE   710 AM EDT   SUNSET   757 PM EDT


-  INDICATES NEGATIVE NUMBERS.
R  INDICATES RECORD WAS SET OR TIED.
MM INDICATES DATA IS MISSING.
T  INDICATES TRACE AMOUNT.




$$
