000
CDUS41 KCLE 280544
CLIMFD


CLIMATE REPORT
NATIONAL WEATHER SERVICE CLEVELAND OH
1243 AM EST WED DEC 28 2016


...................................

...THE MANSFIELD OH CLIMATE SUMMARY FOR DECEMBER 27 2016...

CLIMATE NORMAL PERIOD 1981 TO 2010
CLIMATE RECORD PERIOD 1916 TO 2016


WEATHER ITEM   OBSERVED TIME   RECORD YEAR NORMAL DEPARTURE LAST
                VALUE   (LST)  VALUE       VALUE  FROM      YEAR
                                                  NORMAL
..................................................................
TEMPERATURE (F)
 YESTERDAY
  MAXIMUM         49   1216 AM  64    2015  34     15       64
  MINIMUM         30   1219 PM -14    1944  20     10       35
  AVERAGE         40                        27     13       50

PRECIPITATION (IN)
  YESTERDAY        0.00                      0.10  -0.10     1.24
  MONTH TO DATE    3.05                      2.88   0.17     3.53
  SINCE DEC 1      3.05                      2.88   0.17     3.53
  SINCE JAN 1     35.15                     43.78  -8.63    38.88

SNOWFALL (IN)
  YESTERDAY        0.0                       0.4   -0.4      0.0
  MONTH TO DATE   10.3                       8.8    1.5       T
  SINCE DEC 1     10.3                       8.8    1.5       T
  SINCE JUL 1     10.5                      11.5   -1.0       T
  SNOW DEPTH       0

DEGREE DAYS
 HEATING
  YESTERDAY       25                        38    -13       15
  MONTH TO DATE  979                       942     37      570
  SINCE DEC 1    979                       942     37      570
  SINCE JUL 1   1856                      2223   -367     1510

 COOLING
  YESTERDAY        0                         0      0        0
  MONTH TO DATE    0                         0      0        0
  SINCE DEC 1      0                         0      0        0
  SINCE JAN 1   1084                       632    452      778
..................................................................


WIND (MPH)
  HIGHEST WIND SPEED    22   HIGHEST WIND DIRECTION    SW (240)
  HIGHEST GUST SPEED    32   HIGHEST GUST DIRECTION    SW (220)
  AVERAGE WIND SPEED    12.7


SKY COVER
  POSSIBLE SUNSHINE  MM
  AVERAGE SKY COVER 0.6


WEATHER CONDITIONS
 THE FOLLOWING WEATHER WAS RECORDED YESTERDAY.
  NO SIGNIFICANT WEATHER WAS OBSERVED.


RELATIVE HUMIDITY (PERCENT)
 HIGHEST    86          1200 AM
 LOWEST     64           400 AM
 AVERAGE    75

..........................................................


THE MANSFIELD OH CLIMATE NORMALS FOR TODAY
                         NORMAL    RECORD    YEAR
 MAXIMUM TEMPERATURE (F)   33        65      1984
 MINIMUM TEMPERATURE (F)   20        -4      1961


SUNRISE AND SUNSET
DECEMBER 28 2016......SUNRISE   754 AM EST   SUNSET   510 PM EST
DECEMBER 29 2016......SUNRISE   754 AM EST   SUNSET   511 PM EST


-  INDICATES NEGATIVE NUMBERS.
R  INDICATES RECORD WAS SET OR TIED.
MM INDICATES DATA IS MISSING.
T  INDICATES TRACE AMOUNT.




$$
