000
CDUS41 KCLE 310529
CLIMFD


CLIMATE REPORT
NATIONAL WEATHER SERVICE CLEVELAND OH
128 AM EDT MON MAR 31 2014


...................................

...THE MANSFIELD OH CLIMATE SUMMARY FOR MARCH 30 2014...

CLIMATE NORMAL PERIOD 1981 TO 2010
CLIMATE RECORD PERIOD 1916 TO 2014


WEATHER ITEM   OBSERVED TIME   RECORD YEAR NORMAL DEPARTURE LAST
                VALUE   (LST)  VALUE       VALUE  FROM      YEAR
                                                  NORMAL
..................................................................
TEMPERATURE (F)
 YESTERDAY
  MAXIMUM         44    504 PM  82    1986  52     -8       54
  MINIMUM         25    654 AM  12    1941  33     -8       26
  AVERAGE         35                        42     -7       40

PRECIPITATION (IN)
  YESTERDAY        0.00                      0.13  -0.13     0.00
  MONTH TO DATE    1.84                      3.26  -1.42     1.94
  SINCE MAR 1      1.84                      3.26  -1.42     1.94
  SINCE JAN 1      6.17                      8.52  -2.35     6.67

SNOWFALL (IN)
  YESTERDAY        0.0                       0.2   -0.2      0.0
  MONTH TO DATE   10.5                       7.7    2.8      9.5
  SINCE MAR 1     10.5                       7.7    2.8      9.5
  SINCE JUL 1     63.3                      45.6   17.7     39.3
  SNOW DEPTH       2

DEGREE DAYS
 HEATING
  YESTERDAY       30                        23      7       25
  MONTH TO DATE 1007                       844    163      957
  SINCE MAR 1   1007                       844    163      957
  SINCE JUL 1   6051                      5469    582     5330

 COOLING
  YESTERDAY        0                         0      0        0
  MONTH TO DATE    0                         0      0        0
  SINCE MAR 1      0                         0      0        0
  SINCE JAN 1      0                         0      0        0
..................................................................


WIND (MPH)
  HIGHEST WIND SPEED    22   HIGHEST WIND DIRECTION    NW (330)
  HIGHEST GUST SPEED    28   HIGHEST GUST DIRECTION    NW (320)
  AVERAGE WIND SPEED    10.7


SKY COVER
  POSSIBLE SUNSHINE  MM
  AVERAGE SKY COVER 0.2


WEATHER CONDITIONS
 THE FOLLOWING WEATHER WAS RECORDED YESTERDAY.
  FOG


RELATIVE HUMIDITY (PERCENT)
 HIGHEST    92           100 AM
 LOWEST     45           500 PM
 AVERAGE    69

..........................................................


THE MANSFIELD OH CLIMATE NORMALS FOR TODAY
                         NORMAL    RECORD    YEAR
 MAXIMUM TEMPERATURE (F)   53        80      1986
 MINIMUM TEMPERATURE (F)   33         5      1923


SUNRISE AND SUNSET
MARCH 31 2014.........SUNRISE   715 AM EDT   SUNSET   754 PM EDT
APRIL  1 2014.........SUNRISE   714 AM EDT   SUNSET   755 PM EDT


-  INDICATES NEGATIVE NUMBERS.
R  INDICATES RECORD WAS SET OR TIED.
MM INDICATES DATA IS MISSING.
T  INDICATES TRACE AMOUNT.




$$
