000
CDUS41 KCLE 072113
CLIMFD


CLIMATE REPORT
NATIONAL WEATHER SERVICE CLEVELAND OH
511 PM EDT SUN MAY 7 2017


...................................

...THE MANSFIELD OH CLIMATE SUMMARY FOR MAY 7 2017...
VALID TODAY AS OF 0500 PM LOCAL TIME.

CLIMATE NORMAL PERIOD 1981 TO 2010
CLIMATE RECORD PERIOD 1916 TO 2017


WEATHER ITEM   OBSERVED TIME   RECORD YEAR NORMAL DEPARTURE LAST
                VALUE   (LST)  VALUE       VALUE  FROM      YEAR
                                                  NORMAL
..................................................................
TEMPERATURE (F)
 TODAY
  MAXIMUM         54    329 PM  86    2015  67    -13       72
                                      1926
  MINIMUM         37    540 AM  30    1989  45     -8       44
                                      1974
                                      1970
  AVERAGE         46                        56    -10       58

PRECIPITATION (IN)
  TODAY            0.00                      0.13  -0.13     0.74
  MONTH TO DATE    2.06                      0.94   1.12     1.41
  SINCE MAR 1      9.82                      8.47   1.35     9.08
  SINCE JAN 1     17.68                     13.73   3.95    13.98

SNOWFALL (IN)
  TODAY            0.0                       0.0    0.0      0.0
  MONTH TO DATE    0.0                       0.0    0.0      0.0
  SINCE MAR 1     15.0                      10.4    4.6      7.2
  SINCE JUL 1     36.6                      48.3  -11.7     27.6
  SNOW DEPTH       0

DEGREE DAYS
 HEATING
  TODAY           19                         9     10        7
  MONTH TO DATE  106                        72     34       84
  SINCE MAR 1   1211                      1432   -221     1235
  SINCE JUL 1   4881                      6057  -1176     5007

 COOLING
  TODAY            0                         1     -1        0
  MONTH TO DATE    0                         2     -2        0
  SINCE MAR 1     18                        10      8        0
  SINCE JAN 1     18                        10      8        0
..................................................................


WIND (MPH)
  HIGHEST WIND SPEED    18   HIGHEST WIND DIRECTION     W (280)
  HIGHEST GUST SPEED    26   HIGHEST GUST DIRECTION     W (290)


SKY COVER
  POSSIBLE SUNSHINE  MM
  AVERAGE SKY COVER 0.3


WEATHER CONDITIONS
 THE FOLLOWING WEATHER WAS RECORDED TODAY.
  NO SIGNIFICANT WEATHER WAS OBSERVED.


RELATIVE HUMIDITY (PERCENT)
 HIGHEST    96          1200 AM
 LOWEST     38           300 PM
 AVERAGE    67

..........................................................


THE MANSFIELD OH CLIMATE NORMALS FOR TOMORROW
                         NORMAL    RECORD    YEAR
 MAXIMUM TEMPERATURE (F)   67        87      2015
 MINIMUM TEMPERATURE (F)   46        26      1958


SUNRISE AND SUNSET
MAY  7 2017...........SUNRISE   621 AM EDT   SUNSET   833 PM EDT
MAY  8 2017...........SUNRISE   620 AM EDT   SUNSET   834 PM EDT


-  INDICATES NEGATIVE NUMBERS.
R  INDICATES RECORD WAS SET OR TIED.
MM INDICATES DATA IS MISSING.
T  INDICATES TRACE AMOUNT.




$$
