000
CDUS41 KCLE 040530
CLIMFD


CLIMATE REPORT
NATIONAL WEATHER SERVICE CLEVELAND OH
1230 AM EST WED JAN 4 2017


...................................

...THE MANSFIELD OH CLIMATE SUMMARY FOR JANUARY 3 2017...

CLIMATE NORMAL PERIOD 1981 TO 2010
CLIMATE RECORD PERIOD 1916 TO 2017


WEATHER ITEM   OBSERVED TIME   RECORD YEAR NORMAL DEPARTURE LAST
                VALUE   (LST)  VALUE       VALUE  FROM      YEAR
                                                  NORMAL
..................................................................
TEMPERATURE (F)
 YESTERDAY
  MAXIMUM         51    100 PM  59    2004  33     18       31
                                      1950
  MINIMUM         40   1159 PM  -9    1979  19     21       25
  AVERAGE         46                        26     20       28

PRECIPITATION (IN)
  YESTERDAY        0.79                      0.10   0.69      T
  MONTH TO DATE    0.79                      0.31   0.48      T
  SINCE DEC 1      3.93                      3.60   0.33     4.16
  SINCE JAN 1      0.79                      0.31   0.48      T

SNOWFALL (IN)
  YESTERDAY        0.0                       0.4   -0.4       T
  MONTH TO DATE    0.0                       1.3   -1.3       T
  SINCE DEC 1     11.0                      11.8   -0.8      0.2
  SINCE JUL 1     11.2                      14.5   -3.3      0.2
  SNOW DEPTH       0

DEGREE DAYS
 HEATING
  YESTERDAY       19                        39    -20       37
  MONTH TO DATE   75                       117    -42      112
  SINCE DEC 1   1183                      1213    -30      792
  SINCE JUL 1   2060                      2494   -434     1732

 COOLING
  YESTERDAY        0                         0      0        0
  MONTH TO DATE    0                         0      0        0
  SINCE DEC 1      0                         0      0        0
  SINCE JAN 1      0                         0      0        0
..................................................................


WIND (MPH)
  HIGHEST WIND SPEED    17   HIGHEST WIND DIRECTION     W (280)
  HIGHEST GUST SPEED    22   HIGHEST GUST DIRECTION     W (250)
  AVERAGE WIND SPEED     7.0


SKY COVER
  POSSIBLE SUNSHINE  MM
  AVERAGE SKY COVER 1.0


WEATHER CONDITIONS
 THE FOLLOWING WEATHER WAS RECORDED YESTERDAY.
  RAIN
  LIGHT RAIN
  FOG
  FOG W/VISIBILITY <= 1/4 MILE


RELATIVE HUMIDITY (PERCENT)
 HIGHEST   100          1200 AM
 LOWEST    100          1200 AM
 AVERAGE   100

..........................................................


THE MANSFIELD OH CLIMATE NORMALS FOR TODAY
                         NORMAL    RECORD    YEAR
 MAXIMUM TEMPERATURE (F)   33        62      1997
 MINIMUM TEMPERATURE (F)   19       -10      1981


SUNRISE AND SUNSET
JANUARY  4 2017.......SUNRISE   755 AM EST   SUNSET   516 PM EST
JANUARY  5 2017.......SUNRISE   755 AM EST   SUNSET   517 PM EST


-  INDICATES NEGATIVE NUMBERS.
R  INDICATES RECORD WAS SET OR TIED.
MM INDICATES DATA IS MISSING.
T  INDICATES TRACE AMOUNT.




$$
