000
CDUS41 KCLE 010528
CLIMFD


CLIMATE REPORT
NATIONAL WEATHER SERVICE CLEVELAND OH
1227 AM EST FRI DEC 1 2017


...................................

...THE MANSFIELD OH CLIMATE SUMMARY FOR NOVEMBER 30 2017...

CLIMATE NORMAL PERIOD 1981 TO 2010
CLIMATE RECORD PERIOD 1916 TO 2017


WEATHER ITEM   OBSERVED TIME   RECORD YEAR NORMAL DEPARTURE LAST
                VALUE   (LST)  VALUE       VALUE  FROM      YEAR
                                                  NORMAL
..................................................................
TEMPERATURE (F)
 YESTERDAY
  MAXIMUM         56   1102 AM  70    1934  42     14       62
  MINIMUM         35   1140 PM -17    1958  28      7       38
  AVERAGE         46                        35     11       50

PRECIPITATION (IN)
  YESTERDAY        0.16                      0.12   0.04     0.23
  MONTH TO DATE    6.31                      3.81   2.50     1.29
  SINCE SEP 1     10.84                     10.07   0.77     8.47
  SINCE JAN 1     47.42                     40.90   6.52    32.10

SNOWFALL (IN)
  YESTERDAY        0.0                       0.1   -0.1      0.0
  MONTH TO DATE    0.1                       2.2   -2.1      0.2
  SINCE SEP 1      0.1                       2.7   -2.6      0.2
  SINCE JUL 1      0.1                       2.7   -2.6      0.2
  SNOW DEPTH       0

DEGREE DAYS
 HEATING
  YESTERDAY       19                        30    -11       15
  MONTH TO DATE  705                       713     -8      568
  SINCE SEP 1   1068                      1256   -188      876
  SINCE JUL 1   1082                      1281   -199      877

 COOLING
  YESTERDAY        0                         0      0        0
  MONTH TO DATE    0                         0      0        6
  SINCE SEP 1    131                        70     61      180
  SINCE JAN 1    748                       632    116     1084
..................................................................


WIND (MPH)
  HIGHEST WIND SPEED    21   HIGHEST WIND DIRECTION    SW (230)
  HIGHEST GUST SPEED    30   HIGHEST GUST DIRECTION    SW (230)
  AVERAGE WIND SPEED    10.3


SKY COVER
  POSSIBLE SUNSHINE  MM
  AVERAGE SKY COVER 0.5


WEATHER CONDITIONS
 THE FOLLOWING WEATHER WAS RECORDED YESTERDAY.
  RAIN
  LIGHT RAIN
  FOG


RELATIVE HUMIDITY (PERCENT)
 HIGHEST    93           100 PM
 LOWEST     47          1100 AM
 AVERAGE    70

..........................................................


THE MANSFIELD OH CLIMATE NORMALS FOR TODAY
                         NORMAL    RECORD    YEAR
 MAXIMUM TEMPERATURE (F)   42        67      1970
 MINIMUM TEMPERATURE (F)   28         2      1929


SUNRISE AND SUNSET
DECEMBER  1 2017......SUNRISE   735 AM EST   SUNSET   503 PM EST
DECEMBER  2 2017......SUNRISE   736 AM EST   SUNSET   503 PM EST


-  INDICATES NEGATIVE NUMBERS.
R  INDICATES RECORD WAS SET OR TIED.
MM INDICATES DATA IS MISSING.
T  INDICATES TRACE AMOUNT.




$$
