000
CDUS41 KCLE 060754
CLIMFD


CLIMATE REPORT
NATIONAL WEATHER SERVICE CLEVELAND OH
344 AM EDT THU APR 6 2017


...................................

...THE MANSFIELD OH CLIMATE SUMMARY FOR APRIL 5 2017...

CLIMATE NORMAL PERIOD 1981 TO 2010
CLIMATE RECORD PERIOD 1916 TO 2017


WEATHER ITEM   OBSERVED TIME   RECORD YEAR NORMAL DEPARTURE LAST
                VALUE   (LST)  VALUE       VALUE  FROM      YEAR
                                                  NORMAL
..................................................................
TEMPERATURE (F)
 YESTERDAY
  MAXIMUM         65    516 PM  79    1988  55     10       40
                                      1929
                                      1921
  MINIMUM         39    523 AM  13    1995  35      4       19
  AVERAGE         52                        45      7       30

PRECIPITATION (IN)
  YESTERDAY        0.47                      0.13   0.34     0.00
  MONTH TO DATE    1.02                      0.67   0.35     0.22
  SINCE MAR 1      4.78                      4.06   0.72     4.37
  SINCE JAN 1     12.64                      9.32   3.32     9.27

SNOWFALL (IN)
  YESTERDAY        0.0                       0.2   -0.2      0.0
  MONTH TO DATE    0.0                       0.8   -0.8      0.5
  SINCE MAR 1     10.7                       8.6    2.1      3.5
  SINCE JUL 1     32.3                      46.5  -14.2     23.9
  SNOW DEPTH       0

DEGREE DAYS
 HEATING
  YESTERDAY       13                        20     -7       35
  MONTH TO DATE   77                       106    -29      133
  SINCE MAR 1    899                       971    -72      752
  SINCE JUL 1   4569                      5596  -1027     4524

 COOLING
  YESTERDAY        0                         0      0        0
  MONTH TO DATE    0                         0      0        0
  SINCE MAR 1      0                         1     -1        0
  SINCE JAN 1      0                         1     -1        0
..................................................................


WIND (MPH)
  HIGHEST WIND SPEED    24   HIGHEST WIND DIRECTION     E (90)
  HIGHEST GUST SPEED    29   HIGHEST GUST DIRECTION     E (90)
  AVERAGE WIND SPEED    12.1


SKY COVER
  POSSIBLE SUNSHINE  MM
  AVERAGE SKY COVER 0.4


WEATHER CONDITIONS
 THE FOLLOWING WEATHER WAS RECORDED YESTERDAY.
  THUNDERSTORM
  HEAVY RAIN
  RAIN
  LIGHT RAIN
  FOG


RELATIVE HUMIDITY (PERCENT)
 HIGHEST   100          1000 PM
 LOWEST     52           300 PM
 AVERAGE    76

..........................................................


THE MANSFIELD OH CLIMATE NORMALS FOR TODAY
                         NORMAL    RECORD    YEAR
 MAXIMUM TEMPERATURE (F)   55        83      2010
                                             1929
 MINIMUM TEMPERATURE (F)   35        15      1982


SUNRISE AND SUNSET
APRIL  6 2017.........SUNRISE   705 AM EDT   SUNSET   800 PM EDT
APRIL  7 2017.........SUNRISE   703 AM EDT   SUNSET   801 PM EDT


-  INDICATES NEGATIVE NUMBERS.
R  INDICATES RECORD WAS SET OR TIED.
MM INDICATES DATA IS MISSING.
T  INDICATES TRACE AMOUNT.




$$
