000
CDUS41 KCLE 030546
CLIMFD


CLIMATE REPORT
NATIONAL WEATHER SERVICE CLEVELAND OH
145 AM EDT SUN JUL 3 2016


...................................

...THE MANSFIELD OH CLIMATE SUMMARY FOR JULY 2 2016...

CLIMATE NORMAL PERIOD 1981 TO 2010
CLIMATE RECORD PERIOD 1916 TO 2016


WEATHER ITEM   OBSERVED TIME   RECORD YEAR NORMAL DEPARTURE LAST
                VALUE   (LST)  VALUE       VALUE  FROM      YEAR
                                                  NORMAL
..................................................................
TEMPERATURE (F)
 YESTERDAY
  MAXIMUM         74    127 PM  97    1931  82     -8       75
  MINIMUM         56    547 AM  44    1957  61     -5       58
  AVERAGE         65                        71     -6       67

PRECIPITATION (IN)
  YESTERDAY        0.00                      0.14  -0.14     0.00
  MONTH TO DATE    0.07                      0.29  -0.22     0.00
  SINCE JUN 1      2.16                      5.04  -2.88     7.44
  SINCE JAN 1     18.56                     22.37  -3.81    25.23

SNOWFALL (IN)
  YESTERDAY        0.0                       0.0    0.0      0.0
  MONTH TO DATE    0.0                       0.0    0.0      0.0
  SINCE JUN 1      0.0                       0.0    0.0      0.0
  SINCE JUL 1      0.0                       0.0    0.0      0.0
  SNOW DEPTH       0

DEGREE DAYS
 HEATING
  YESTERDAY        0                         0      0        0
  MONTH TO DATE    0                         0      0        0
  SINCE JUN 1     13                        53    -40       33
  SINCE JUL 1      0                         0      0        0

 COOLING
  YESTERDAY        0                         7     -7        2
  MONTH TO DATE    3                        14    -11        4
  SINCE JUN 1    185                       148     37      160
  SINCE JAN 1    247                       194     53      278
..................................................................


WIND (MPH)
  HIGHEST WIND SPEED     8   HIGHEST WIND DIRECTION     E (110)
  HIGHEST GUST SPEED    10   HIGHEST GUST DIRECTION    NE (40)
  AVERAGE WIND SPEED     2.1


SKY COVER
  POSSIBLE SUNSHINE  MM
  AVERAGE SKY COVER 0.3


WEATHER CONDITIONS
 THE FOLLOWING WEATHER WAS RECORDED YESTERDAY.
  NO SIGNIFICANT WEATHER WAS OBSERVED.


RELATIVE HUMIDITY (PERCENT)
 HIGHEST    93           200 AM
 LOWEST     47           200 PM
 AVERAGE    70

..........................................................


THE MANSFIELD OH CLIMATE NORMALS FOR TODAY
                         NORMAL    RECORD    YEAR
 MAXIMUM TEMPERATURE (F)   82        93      1966
                                             1949
                                             1934
 MINIMUM TEMPERATURE (F)   61        44      1945
                                             1940


SUNRISE AND SUNSET
JULY  3 2016..........SUNRISE   604 AM EDT   SUNSET   905 PM EDT
JULY  4 2016..........SUNRISE   604 AM EDT   SUNSET   905 PM EDT


-  INDICATES NEGATIVE NUMBERS.
R  INDICATES RECORD WAS SET OR TIED.
MM INDICATES DATA IS MISSING.
T  INDICATES TRACE AMOUNT.




$$
