000
CDUS41 KCLE 092111
CLIMFD


CLIMATE REPORT
NATIONAL WEATHER SERVICE CLEVELAND OH
511 PM EDT THU OCT 9 2014


...................................

...THE MANSFIELD OH CLIMATE SUMMARY FOR OCTOBER 9 2014...
VALID TODAY AS OF 0500 PM LOCAL TIME.

CLIMATE NORMAL PERIOD 1981 TO 2010
CLIMATE RECORD PERIOD 1916 TO 2014


WEATHER ITEM   OBSERVED TIME   RECORD YEAR NORMAL DEPARTURE LAST
                VALUE   (LST)  VALUE       VALUE  FROM      YEAR
                                                  NORMAL
..................................................................
TEMPERATURE (F)
 TODAY
  MAXIMUM         61    359 PM  85    1939  64     -3       68
  MINIMUM         39   1222 AM  29    1989  44     -5       43
                                      1940
                                      1917
  AVERAGE         50                        54     -4       56

PRECIPITATION (IN)
  TODAY            0.00                      0.10  -0.10     0.00
  MONTH TO DATE    0.48                      0.87  -0.39     2.51
  SINCE SEP 1      1.95                      4.19  -2.24     5.24
  SINCE JAN 1     31.17                     35.02  -3.85    34.16

SNOWFALL (IN)
  TODAY            0.0                       0.0    0.0      0.0
  MONTH TO DATE    0.0                       0.0    0.0      0.0
  SINCE SEP 1      0.0                       0.0    0.0      0.0
  SINCE JUL 1      0.0                       0.0    0.0      0.0
  SNOW DEPTH       0

DEGREE DAYS
 HEATING
  TODAY           15                        11      4        9
  MONTH TO DATE  103                        92     11       34
  SINCE SEP 1    215                       217     -2      152
  SINCE JUL 1    242                       242      0      180

 COOLING
  TODAY            0                         0      0        0
  MONTH TO DATE    0                         5     -5       24
  SINCE SEP 1     65                        68     -3       99
  SINCE JAN 1    619                       630    -11      741
..................................................................


WIND (MPH)
  HIGHEST WIND SPEED    14   HIGHEST WIND DIRECTION     W (270)
  HIGHEST GUST SPEED    20   HIGHEST GUST DIRECTION     W (250)


SKY COVER
  POSSIBLE SUNSHINE  MM
  AVERAGE SKY COVER 0.0


WEATHER CONDITIONS
 THE FOLLOWING WEATHER WAS RECORDED TODAY.
  NO SIGNIFICANT WEATHER WAS OBSERVED.


RELATIVE HUMIDITY (PERCENT)
 HIGHEST    76          1200 AM
 LOWEST     50           600 AM
 AVERAGE    63

..........................................................


THE MANSFIELD OH CLIMATE NORMALS FOR TOMORROW
                         NORMAL    RECORD    YEAR
 MAXIMUM TEMPERATURE (F)   64        85      2010
 MINIMUM TEMPERATURE (F)   44        22      1956


SUNRISE AND SUNSET
OCTOBER  9 2014.......SUNRISE   735 AM EDT   SUNSET   659 PM EDT
OCTOBER 10 2014.......SUNRISE   736 AM EDT   SUNSET   657 PM EDT


-  INDICATES NEGATIVE NUMBERS.
R  INDICATES RECORD WAS SET OR TIED.
MM INDICATES DATA IS MISSING.
T  INDICATES TRACE AMOUNT.




$$
