000
CDUS41 KCLE 022211
CLIMFD


CLIMATE REPORT
NATIONAL WEATHER SERVICE CLEVELAND OH
511 PM EST MON JAN 2 2017


...................................

...THE MANSFIELD OH CLIMATE SUMMARY FOR JANUARY 2 2017...
VALID TODAY AS OF 0500 PM LOCAL TIME.

CLIMATE NORMAL PERIOD 1981 TO 2010
CLIMATE RECORD PERIOD 1916 TO 2017


WEATHER ITEM   OBSERVED TIME   RECORD YEAR NORMAL DEPARTURE LAST
                VALUE   (LST)  VALUE       VALUE  FROM      YEAR
                                                  NORMAL
..................................................................
TEMPERATURE (F)
 TODAY
  MAXIMUM         46    242 PM  60    2000  33     13       33
  MINIMUM         33   1201 AM  -5    1979  19     14       23
                                      1945
  AVERAGE         40                        26     14       28

PRECIPITATION (IN)
  TODAY            T                         0.10  -0.10     0.00
  MONTH TO DATE    T                         0.21  -0.21     0.00
  SINCE DEC 1      3.14                      3.50  -0.36     4.16
  SINCE JAN 1      T                         0.21  -0.21     0.00

SNOWFALL (IN)
  TODAY            0.0                       0.5   -0.5      0.0
  MONTH TO DATE    0.0                       0.9   -0.9      0.0
  SINCE DEC 1     11.0                      11.4   -0.4      0.2
  SINCE JUL 1     11.2                      14.1   -2.9      0.2
  SNOW DEPTH       0

DEGREE DAYS
 HEATING
  TODAY           25                        39    -14       37
  MONTH TO DATE   58                        78    -20       75
  SINCE DEC 1   1166                      1174     -8      755
  SINCE JUL 1   2043                      2455   -412     1695

 COOLING
  TODAY            0                         0      0        0
  MONTH TO DATE    0                         0      0        0
  SINCE DEC 1      0                         0      0        0
  SINCE JAN 1      0                         0      0        0
..................................................................


WIND (MPH)
  HIGHEST WIND SPEED    12   HIGHEST WIND DIRECTION     E (110)
  HIGHEST GUST SPEED    13   HIGHEST GUST DIRECTION     E (100)


SKY COVER
  POSSIBLE SUNSHINE  MM
  AVERAGE SKY COVER 1.0


WEATHER CONDITIONS
 THE FOLLOWING WEATHER WAS RECORDED TODAY.
  FOG
  HAZE


RELATIVE HUMIDITY (PERCENT)
 HIGHEST   100           500 AM
 LOWEST     70           200 AM
 AVERAGE    85

..........................................................


THE MANSFIELD OH CLIMATE NORMALS FOR TOMORROW
                         NORMAL    RECORD    YEAR
 MAXIMUM TEMPERATURE (F)   33        59      2004
                                             1950
 MINIMUM TEMPERATURE (F)   19        -9      1979


SUNRISE AND SUNSET
JANUARY  2 2017.......SUNRISE   755 AM EST   SUNSET   514 PM EST
JANUARY  3 2017.......SUNRISE   755 AM EST   SUNSET   515 PM EST


-  INDICATES NEGATIVE NUMBERS.
R  INDICATES RECORD WAS SET OR TIED.
MM INDICATES DATA IS MISSING.
T  INDICATES TRACE AMOUNT.




$$
