000
CDUS41 KCLE 082111
CLIMFD


CLIMATE REPORT
NATIONAL WEATHER SERVICE CLEVELAND OH
510 PM EDT WED OCT 8 2014


...................................

...THE MANSFIELD OH CLIMATE SUMMARY FOR OCTOBER 8 2014...
VALID TODAY AS OF 0500 PM LOCAL TIME.

CLIMATE NORMAL PERIOD 1981 TO 2010
CLIMATE RECORD PERIOD 1916 TO 2014


WEATHER ITEM   OBSERVED TIME   RECORD YEAR NORMAL DEPARTURE LAST
                VALUE   (LST)  VALUE       VALUE  FROM      YEAR
                                                  NORMAL
..................................................................
TEMPERATURE (F)
 TODAY
  MAXIMUM         65    225 PM  87    1939  64      1       66
  MINIMUM         48    658 AM  27    2001  44      4       40
  AVERAGE         57                        54      3       53

PRECIPITATION (IN)
  TODAY            0.00                      0.10  -0.10     0.00
  MONTH TO DATE    0.48                      0.77  -0.29     2.51
  SINCE SEP 1      1.95                      4.09  -2.14     5.24
  SINCE JAN 1     31.17                     34.92  -3.75    34.16

SNOWFALL (IN)
  TODAY            0.0                       0.0    0.0      0.0
  MONTH TO DATE    0.0                       0.0    0.0      0.0
  SINCE SEP 1      0.0                       0.0    0.0      0.0
  SINCE JUL 1      0.0                       0.0    0.0      0.0
  SNOW DEPTH       0

DEGREE DAYS
 HEATING
  TODAY            8                        11     -3       12
  MONTH TO DATE   84                        81      3       25
  SINCE SEP 1    196                       206    -10      143
  SINCE JUL 1    223                       231     -8      171

 COOLING
  TODAY            0                         0      0        0
  MONTH TO DATE    0                         5     -5       24
  SINCE SEP 1     65                        68     -3       99
  SINCE JAN 1    619                       630    -11      741
..................................................................


WIND (MPH)
  HIGHEST WIND SPEED    23   HIGHEST WIND DIRECTION    SW (240)
  HIGHEST GUST SPEED    35   HIGHEST GUST DIRECTION    SW (240)


SKY COVER
  POSSIBLE SUNSHINE  MM
  AVERAGE SKY COVER 0.2


WEATHER CONDITIONS
 THE FOLLOWING WEATHER WAS RECORDED TODAY.
  NO SIGNIFICANT WEATHER WAS OBSERVED.


RELATIVE HUMIDITY (PERCENT)
 HIGHEST    93           400 AM
 LOWEST     39           100 PM
 AVERAGE    66

..........................................................


THE MANSFIELD OH CLIMATE NORMALS FOR TOMORROW
                         NORMAL    RECORD    YEAR
 MAXIMUM TEMPERATURE (F)   64        85      1939
 MINIMUM TEMPERATURE (F)   44        29      1989
                                             1940
                                             1917


SUNRISE AND SUNSET
OCTOBER  8 2014.......SUNRISE   734 AM EDT   SUNSET   701 PM EDT
OCTOBER  9 2014.......SUNRISE   735 AM EDT   SUNSET   659 PM EDT


-  INDICATES NEGATIVE NUMBERS.
R  INDICATES RECORD WAS SET OR TIED.
MM INDICATES DATA IS MISSING.
T  INDICATES TRACE AMOUNT.




$$
