000
CDUS41 KCLE 042120
CLIMFD


CLIMATE REPORT
NATIONAL WEATHER SERVICE CLEVELAND OH
520 PM EDT SUN JUN 4 2017


...................................

...THE MANSFIELD OH CLIMATE SUMMARY FOR JUNE 4 2017...
VALID TODAY AS OF 0500 PM LOCAL TIME.

CLIMATE NORMAL PERIOD 1981 TO 2010
CLIMATE RECORD PERIOD 1916 TO 2017


WEATHER ITEM   OBSERVED TIME   RECORD YEAR NORMAL DEPARTURE LAST
                VALUE   (LST)  VALUE       VALUE  FROM      YEAR
                                                  NORMAL
..................................................................
TEMPERATURE (F)
 TODAY
  MAXIMUM         85    156 PM  97    1934  75     10       75
                                      1925
  MINIMUM         68    340 AM  36    1946  54     14       62
  AVERAGE         77                        64     13       69

PRECIPITATION (IN)
  TODAY            0.10                      0.16  -0.06     0.11
  MONTH TO DATE    0.10                      0.66  -0.56     0.28
  SINCE JUN 1      0.10                      0.66  -0.56     0.28
  SINCE JAN 1     21.25                     17.99   3.26    16.68

SNOWFALL (IN)
  TODAY            0.0                       0.0    0.0      0.0
  MONTH TO DATE    0.0                       0.0    0.0      0.0
  SINCE JUN 1      0.0                       0.0    0.0      0.0
  SINCE JUL 1     36.6                      48.3  -11.7     27.6
  SNOW DEPTH       0

DEGREE DAYS
 HEATING
  TODAY            0                         3     -3        0
  MONTH TO DATE    3                        15    -12        0
  SINCE JUN 1      3                        15    -12        0
  SINCE JUL 1   4999                      6232  -1233     5162

 COOLING
  TODAY           12                         3      9        4
  MONTH TO DATE   15                        12      3       27
  SINCE JUN 1     15                        12      3       27
  SINCE JAN 1     72                        58     14       89
..................................................................


WIND (MPH)
  HIGHEST WIND SPEED    25   HIGHEST WIND DIRECTION    NW (310)
  HIGHEST GUST SPEED    34   HIGHEST GUST DIRECTION    NW (310)


SKY COVER
  POSSIBLE SUNSHINE  MM
  AVERAGE SKY COVER 0.5


WEATHER CONDITIONS
 THE FOLLOWING WEATHER WAS RECORDED TODAY.
  THUNDERSTORM
  HEAVY RAIN
  LIGHT RAIN
  HAZE


RELATIVE HUMIDITY (PERCENT)
 HIGHEST    54          1200 PM
 LOWEST     43           800 AM
 AVERAGE    49

..........................................................


THE MANSFIELD OH CLIMATE NORMALS FOR TOMORROW
                         NORMAL    RECORD    YEAR
 MAXIMUM TEMPERATURE (F)   75       100      1925
 MINIMUM TEMPERATURE (F)   55        37      1990
                                             1946


SUNRISE AND SUNSET
JUNE  4 2017..........SUNRISE   600 AM EDT   SUNSET   858 PM EDT
JUNE  5 2017..........SUNRISE   559 AM EDT   SUNSET   858 PM EDT


-  INDICATES NEGATIVE NUMBERS.
R  INDICATES RECORD WAS SET OR TIED.
MM INDICATES DATA IS MISSING.
T  INDICATES TRACE AMOUNT.




$$
