000
CDUS41 KCLE 080545
CLIMFD


CLIMATE REPORT
NATIONAL WEATHER SERVICE CLEVELAND OH
145 AM EDT MON SEP 8 2014


...................................

...THE MANSFIELD OH CLIMATE SUMMARY FOR SEPTEMBER 7 2014...

CLIMATE NORMAL PERIOD 1981 TO 2010
CLIMATE RECORD PERIOD 1916 TO 2014


WEATHER ITEM   OBSERVED TIME   RECORD YEAR NORMAL DEPARTURE LAST
                VALUE   (LST)  VALUE       VALUE  FROM      YEAR
                                                  NORMAL
..................................................................
TEMPERATURE (F)
 YESTERDAY
  MAXIMUM         76    349 PM  95    1939  77     -1       82
  MINIMUM         50    621 AM  42    1988  56     -6       52
                                      1962
                                      1956
  AVERAGE         63                        66     -3       67

PRECIPITATION (IN)
  YESTERDAY        0.00                      0.11  -0.11      T
  MONTH TO DATE    0.12                      0.84  -0.72     0.47
  SINCE SEP 1      0.12                      0.84  -0.72     0.47
  SINCE JAN 1     29.34                     31.67  -2.33    29.39

SNOWFALL (IN)
  YESTERDAY        0.0                       0.0    0.0      0.0
  MONTH TO DATE    0.0                       0.0    0.0      0.0
  SINCE SEP 1      0.0                       0.0    0.0      0.0
  SINCE JUL 1      0.0                       0.0    0.0      0.0
  SNOW DEPTH       0

DEGREE DAYS
 HEATING
  YESTERDAY        2                         2      0        0
  MONTH TO DATE    4                        11     -7       10
  SINCE SEP 1      4                        11     -7       10
  SINCE JUL 1     31                        36     -5       38

 COOLING
  YESTERDAY        0                         3     -3        2
  MONTH TO DATE   47                        25     22       17
  SINCE SEP 1     47                        25     22       17
  SINCE JAN 1    601                       587     14      659
..................................................................


WIND (MPH)
  HIGHEST WIND SPEED    10   HIGHEST WIND DIRECTION    NE (30)
  HIGHEST GUST SPEED    13   HIGHEST GUST DIRECTION     N (360)
  AVERAGE WIND SPEED     3.6


SKY COVER
  POSSIBLE SUNSHINE  MM
  AVERAGE SKY COVER 0.2


WEATHER CONDITIONS
 THE FOLLOWING WEATHER WAS RECORDED YESTERDAY.
  FOG


RELATIVE HUMIDITY (PERCENT)
 HIGHEST   100          1200 AM
 LOWEST     41           400 PM
 AVERAGE    71

..........................................................


THE MANSFIELD OH CLIMATE NORMALS FOR TODAY
                         NORMAL    RECORD    YEAR
 MAXIMUM TEMPERATURE (F)   76        93      1964
                                             1933
 MINIMUM TEMPERATURE (F)   56        33      1956


SUNRISE AND SUNSET
SEPTEMBER  8 2014.....SUNRISE   704 AM EDT   SUNSET   751 PM EDT
SEPTEMBER  9 2014.....SUNRISE   705 AM EDT   SUNSET   749 PM EDT


-  INDICATES NEGATIVE NUMBERS.
R  INDICATES RECORD WAS SET OR TIED.
MM INDICATES DATA IS MISSING.
T  INDICATES TRACE AMOUNT.




$$
