000
CDUS41 KCLE 140532
CLIMFD


CLIMATE REPORT
NATIONAL WEATHER SERVICE CLEVELAND OH
1230 AM EST MON NOV 14 2016


...................................

...THE MANSFIELD OH CLIMATE SUMMARY FOR NOVEMBER 13 2016...

CLIMATE NORMAL PERIOD 1981 TO 2010
CLIMATE RECORD PERIOD 1916 TO 2016


WEATHER ITEM   OBSERVED TIME   RECORD YEAR NORMAL DEPARTURE LAST
                VALUE   (LST)  VALUE       VALUE  FROM      YEAR
                                                  NORMAL
..................................................................
TEMPERATURE (F)
 YESTERDAY
  MAXIMUM         56    324 PM  70    2010  51      5       46
  MINIMUM         29    600 AM  13    1986  34     -5       38
  AVERAGE         43                        42      1       42

PRECIPITATION (IN)
  YESTERDAY        0.00                      0.13  -0.13     0.00
  MONTH TO DATE    0.34                      1.61  -1.27     1.15
  SINCE SEP 1      7.52                      7.87  -0.35     6.29
  SINCE JAN 1     31.15                     38.70  -7.55    34.28

SNOWFALL (IN)
  YESTERDAY        0.0                       0.1   -0.1      0.0
  MONTH TO DATE    0.0                       0.6   -0.6      0.0
  SINCE SEP 1      0.0                       1.1   -1.1      0.0
  SINCE JUL 1      0.0                       1.1   -1.1      0.0
  SNOW DEPTH       0

DEGREE DAYS
 HEATING
  YESTERDAY       22                        23     -1       23
  MONTH TO DATE  186                       265    -79      173
  SINCE SEP 1    494                       808   -314      563
  SINCE JUL 1    495                       833   -338      580

 COOLING
  YESTERDAY        0                         0      0        0
  MONTH TO DATE    6                         0      6        4
  SINCE SEP 1    180                        70    110      147
  SINCE JAN 1   1084                       632    452      778
..................................................................


WIND (MPH)
  HIGHEST WIND SPEED    14   HIGHEST WIND DIRECTION    SW (210)
  HIGHEST GUST SPEED    19   HIGHEST GUST DIRECTION    SW (240)
  AVERAGE WIND SPEED     8.9


SKY COVER
  POSSIBLE SUNSHINE  MM
  AVERAGE SKY COVER 0.0


WEATHER CONDITIONS
 THE FOLLOWING WEATHER WAS RECORDED YESTERDAY.
  NO SIGNIFICANT WEATHER WAS OBSERVED.


RELATIVE HUMIDITY (PERCENT)
 HIGHEST    85           100 AM
 LOWEST     30           200 PM
 AVERAGE    58

..........................................................


THE MANSFIELD OH CLIMATE NORMALS FOR TODAY
                         NORMAL    RECORD    YEAR
 MAXIMUM TEMPERATURE (F)   50        71      1971
 MINIMUM TEMPERATURE (F)   34        11      1986


SUNRISE AND SUNSET
NOVEMBER 14 2016......SUNRISE   716 AM EST   SUNSET   512 PM EST
NOVEMBER 15 2016......SUNRISE   718 AM EST   SUNSET   511 PM EST


-  INDICATES NEGATIVE NUMBERS.
R  INDICATES RECORD WAS SET OR TIED.
MM INDICATES DATA IS MISSING.
T  INDICATES TRACE AMOUNT.




$$
