000
CDUS41 KCLE 050529
CLIMFD


CLIMATE REPORT
NATIONAL WEATHER SERVICE CLEVELAND OH
1228 AM EST WED NOV 5 2014


...................................

...THE MANSFIELD OH CLIMATE SUMMARY FOR NOVEMBER 4 2014...

CLIMATE NORMAL PERIOD 1981 TO 2010
CLIMATE RECORD PERIOD 1916 TO 2014


WEATHER ITEM   OBSERVED TIME   RECORD YEAR NORMAL DEPARTURE LAST
                VALUE   (LST)  VALUE       VALUE  FROM      YEAR
                                                  NORMAL
..................................................................
TEMPERATURE (F)
 YESTERDAY
  MAXIMUM         65    142 PM  76    2003  55     10       49
  MINIMUM         48   1159 PM  11    1934  37     11       30
  AVERAGE         57                        46     11       40

PRECIPITATION (IN)
  YESTERDAY        0.14                      0.12   0.02     0.00
  MONTH TO DATE    0.26                      0.49  -0.23     0.41
  SINCE SEP 1      3.56                      6.75  -3.19     8.08
  SINCE JAN 1     32.78                     37.58  -4.80    37.00

SNOWFALL (IN)
  YESTERDAY        0.0                       0.0    0.0      0.0
  MONTH TO DATE    0.0                       0.1   -0.1      0.0
  SINCE SEP 1      0.0                       0.6   -0.6       T
  SINCE JUL 1      0.0                       0.6   -0.6       T
  SNOW DEPTH       0

DEGREE DAYS
 HEATING
  YESTERDAY        8                        19    -11       25
  MONTH TO DATE   83                        75      8       79
  SINCE SEP 1    581                       618    -37      567
  SINCE JUL 1    608                       643    -35      595

 COOLING
  YESTERDAY        0                         0      0        0
  MONTH TO DATE    0                         0      0        0
  SINCE SEP 1     69                        70     -1       99
  SINCE JAN 1    623                       632     -9      741
..................................................................


WIND (MPH)
  HIGHEST WIND SPEED    29   HIGHEST WIND DIRECTION    SW (230)
  HIGHEST GUST SPEED    37   HIGHEST GUST DIRECTION    SW (220)
  AVERAGE WIND SPEED    18.1


SKY COVER
  POSSIBLE SUNSHINE  MM
  AVERAGE SKY COVER 0.5


WEATHER CONDITIONS
 THE FOLLOWING WEATHER WAS RECORDED YESTERDAY.
  LIGHT RAIN
  FOG
  HAZE


RELATIVE HUMIDITY (PERCENT)
 HIGHEST    96          1000 PM
 LOWEST     29           100 AM
 AVERAGE    63

..........................................................


THE MANSFIELD OH CLIMATE NORMALS FOR TODAY
                         NORMAL    RECORD    YEAR
 MAXIMUM TEMPERATURE (F)   54        72      1977
 MINIMUM TEMPERATURE (F)   37        13      1991


SUNRISE AND SUNSET
NOVEMBER  5 2014......SUNRISE   705 AM EST   SUNSET   522 PM EST
NOVEMBER  6 2014......SUNRISE   706 AM EST   SUNSET   520 PM EST


-  INDICATES NEGATIVE NUMBERS.
R  INDICATES RECORD WAS SET OR TIED.
MM INDICATES DATA IS MISSING.
T  INDICATES TRACE AMOUNT.




$$
