000
CDUS41 KCLE 200545
CLIMFD


CLIMATE REPORT
NATIONAL WEATHER SERVICE CLEVELAND OH
145 AM EDT THU AUG 20 2015


...................................

...THE MANSFIELD OH CLIMATE SUMMARY FOR AUGUST 19 2015...

CLIMATE NORMAL PERIOD 1981 TO 2010
CLIMATE RECORD PERIOD 1916 TO 2015


WEATHER ITEM   OBSERVED TIME   RECORD YEAR NORMAL DEPARTURE LAST
                VALUE   (LST)  VALUE       VALUE  FROM      YEAR
                                                  NORMAL
..................................................................
TEMPERATURE (F)
 YESTERDAY
  MAXIMUM         87   1252 PM 103    1936  80      7       86
  MINIMUM         67    601 AM  42    1958  60      7       60
                                      1932
  AVERAGE         77                        70      7       73

PRECIPITATION (IN)
  YESTERDAY        0.30                      0.14   0.16     0.63
  MONTH TO DATE    0.94                      2.72  -1.78     3.21
  SINCE JUN 1      9.87                     11.85  -1.98    12.43
  SINCE JAN 1     27.66                     29.18  -1.52    28.76

SNOWFALL (IN)
  YESTERDAY        0.0                       0.0    0.0      0.0
  MONTH TO DATE    0.0                       0.0    0.0      0.0
  SINCE JUN 1      0.0                       0.0    0.0      0.0
  SINCE JUL 1      0.0                       0.0    0.0      0.0
  SNOW DEPTH       0

DEGREE DAYS
 HEATING
  YESTERDAY        0                         0      0        0
  MONTH TO DATE    0                         0      0       10
  SINCE JUN 1     36                        61    -25       51
  SINCE JUL 1      3                         8     -5       27

 COOLING
  YESTERDAY       12                         5      7        8
  MONTH TO DATE  132                       113     19       83
  SINCE JUN 1    477                       457     20      389
  SINCE JAN 1    595                       503     92      452
..................................................................


WIND (MPH)
  HIGHEST WIND SPEED    29   HIGHEST WIND DIRECTION    SW (220)
  HIGHEST GUST SPEED    40   HIGHEST GUST DIRECTION    SW (210)
  AVERAGE WIND SPEED    11.1


SKY COVER
  POSSIBLE SUNSHINE  MM
  AVERAGE SKY COVER 0.4


WEATHER CONDITIONS
 THE FOLLOWING WEATHER WAS RECORDED YESTERDAY.
  THUNDERSTORM
  HEAVY RAIN
  LIGHT RAIN
  FOG


RELATIVE HUMIDITY (PERCENT)
 HIGHEST   100           500 AM
 LOWEST     53           100 PM
 AVERAGE    77

..........................................................


THE MANSFIELD OH CLIMATE NORMALS FOR TODAY
                         NORMAL    RECORD    YEAR
 MAXIMUM TEMPERATURE (F)   80        93      1983
                                             1937
 MINIMUM TEMPERATURE (F)   60        42      1957


SUNRISE AND SUNSET
AUGUST 20 2015........SUNRISE   645 AM EDT   SUNSET   821 PM EDT
AUGUST 21 2015........SUNRISE   646 AM EDT   SUNSET   820 PM EDT


-  INDICATES NEGATIVE NUMBERS.
R  INDICATES RECORD WAS SET OR TIED.
MM INDICATES DATA IS MISSING.
T  INDICATES TRACE AMOUNT.




$$
