000
CDUS41 KCLE 190534
CLIMFD


CLIMATE REPORT
NATIONAL WEATHER SERVICE CLEVELAND OH
1234 AM EST THU FEB 19 2015


...................................

...THE MANSFIELD OH CLIMATE SUMMARY FOR FEBRUARY 18 2015...

CLIMATE NORMAL PERIOD 1981 TO 2010
CLIMATE RECORD PERIOD 1916 TO 2015


WEATHER ITEM   OBSERVED TIME   RECORD YEAR NORMAL DEPARTURE LAST
                VALUE   (LST)  VALUE       VALUE  FROM      YEAR
                                                  NORMAL
..................................................................
TEMPERATURE (F)
 YESTERDAY
  MAXIMUM         18   1228 AM  60    1961  37    -19       43
                                      1948
  MINIMUM          3   1159 PM  -9    1936  21    -18       24
  AVERAGE         11                        29    -18       34

PRECIPITATION (IN)
  YESTERDAY        0.08                      0.09  -0.01     0.05
  MONTH TO DATE    1.24                      1.52  -0.28     1.55
  SINCE DEC 1      6.56                      7.68  -1.12     7.75
  SINCE JAN 1      4.70                      4.39   0.31     3.57

SNOWFALL (IN)
  YESTERDAY        1.6                       0.4    1.2      0.5
  MONTH TO DATE   14.9                       7.3    7.6     15.2
  SINCE DEC 1     40.1                      31.1    9.0     51.2
  SINCE JUL 1     46.0                      33.8   12.2     52.8
  SNOW DEPTH       4

DEGREE DAYS
 HEATING
  YESTERDAY       54                        36     18       31
  MONTH TO DATE  846                       679    167      845
  SINCE DEC 1   3129                      2998    131     3335
  SINCE JUL 1   4517                      4279    238     4667

 COOLING
  YESTERDAY        0                         0      0        0
  MONTH TO DATE    0                         0      0        0
  SINCE DEC 1      0                         0      0        0
  SINCE JAN 1      0                         0      0        0
..................................................................


WIND (MPH)
  HIGHEST WIND SPEED    22   HIGHEST WIND DIRECTION     W (260)
  HIGHEST GUST SPEED    30   HIGHEST GUST DIRECTION     W (260)
  AVERAGE WIND SPEED    11.3


SKY COVER
  POSSIBLE SUNSHINE  MM
  AVERAGE SKY COVER 0.9


WEATHER CONDITIONS
 THE FOLLOWING WEATHER WAS RECORDED YESTERDAY.
  LIGHT SNOW
  FOG
  HAZE


RELATIVE HUMIDITY (PERCENT)
 HIGHEST    87          1000 PM
 LOWEST     70           400 AM
 AVERAGE    79

..........................................................


THE MANSFIELD OH CLIMATE NORMALS FOR TODAY
                         NORMAL    RECORD    YEAR
 MAXIMUM TEMPERATURE (F)   37        65      1939
 MINIMUM TEMPERATURE (F)   21       -12      1936


SUNRISE AND SUNSET
FEBRUARY 19 2015......SUNRISE   719 AM EST   SUNSET   609 PM EST
FEBRUARY 20 2015......SUNRISE   718 AM EST   SUNSET   610 PM EST


-  INDICATES NEGATIVE NUMBERS.
R  INDICATES RECORD WAS SET OR TIED.
MM INDICATES DATA IS MISSING.
T  INDICATES TRACE AMOUNT.




$$
