000
CDUS41 KCLE 041351
CLIMFD


CLIMATE REPORT
NATIONAL WEATHER SERVICE CLEVELAND OH
847 AM EST SAT MAR 4 2017


...................................

...THE MANSFIELD OH CLIMATE SUMMARY FOR MARCH 3 2017...

CLIMATE NORMAL PERIOD 1981 TO 2010
CLIMATE RECORD PERIOD 1916 TO 2017


WEATHER ITEM   OBSERVED TIME   RECORD YEAR NORMAL DEPARTURE LAST
                VALUE   (LST)  VALUE       VALUE  FROM      YEAR
                                                  NORMAL
..................................................................
TEMPERATURE (F)
 YESTERDAY
  MAXIMUM         29    232 PM  70    1976  41    -12       33
  MINIMUM         22   1159 PM  -2    1925  24     -2       19
  AVERAGE         26                        32     -6       26

PRECIPITATION (IN)
  YESTERDAY        0.01                      0.09  -0.08     0.06
  MONTH TO DATE    0.49                      0.27   0.22     0.60
  SINCE MAR 1      0.49                      0.27   0.22     0.60
  SINCE JAN 1      8.35                      5.53   2.82     5.50

SNOWFALL (IN)
  YESTERDAY        0.2                       0.3   -0.1      0.6
  MONTH TO DATE    0.5                       1.0   -0.5      0.6
  SINCE MAR 1      0.5                       1.0   -0.5      0.6
  SINCE JUL 1     22.1                      38.9  -16.8     21.0
  SNOW DEPTH       T

DEGREE DAYS
 HEATING
  YESTERDAY       39                        33      6       39
  MONTH TO DATE   89                        99    -10      107
  SINCE MAR 1     89                        99    -10      107
  SINCE JUL 1   3759                      4724   -965     3879

 COOLING
  YESTERDAY        0                         0      0        0
  MONTH TO DATE    0                         0      0        0
  SINCE MAR 1      0                         0      0        0
  SINCE JAN 1      0                         0      0        0
..................................................................


WIND (MPH)
  HIGHEST WIND SPEED    22   HIGHEST WIND DIRECTION    NW (320)
  HIGHEST GUST SPEED    27   HIGHEST GUST DIRECTION    NW (320)
  AVERAGE WIND SPEED     9.2


SKY COVER
  POSSIBLE SUNSHINE  MM
  AVERAGE SKY COVER 0.6


WEATHER CONDITIONS
 THE FOLLOWING WEATHER WAS RECORDED YESTERDAY.
  SNOW
  LIGHT SNOW
  FOG
  HAZE


RELATIVE HUMIDITY (PERCENT)
 HIGHEST    77           600 AM
 LOWEST     50           300 PM
 AVERAGE    64

..........................................................


THE MANSFIELD OH CLIMATE NORMALS FOR TODAY
                         NORMAL    RECORD    YEAR
 MAXIMUM TEMPERATURE (F)   41        75      1992
                                             1983
 MINIMUM TEMPERATURE (F)   24         1      2014


SUNRISE AND SUNSET
MARCH  4 2017.........SUNRISE   659 AM EST   SUNSET   625 PM EST
MARCH  5 2017.........SUNRISE   657 AM EST   SUNSET   626 PM EST


-  INDICATES NEGATIVE NUMBERS.
R  INDICATES RECORD WAS SET OR TIED.
MM INDICATES DATA IS MISSING.
T  INDICATES TRACE AMOUNT.




$$
