000
CDUS41 KCLE 012115
CLIMFD


CLIMATE REPORT
NATIONAL WEATHER SERVICE CLEVELAND OH
514 PM EDT SAT APR 1 2017


...................................

...THE MANSFIELD OH CLIMATE SUMMARY FOR APRIL 1 2017...
VALID TODAY AS OF 0500 PM LOCAL TIME.

CLIMATE NORMAL PERIOD 1981 TO 2010
CLIMATE RECORD PERIOD 1916 TO 2017


WEATHER ITEM   OBSERVED TIME   RECORD YEAR NORMAL DEPARTURE LAST
                VALUE   (LST)  VALUE       VALUE  FROM      YEAR
                                                  NORMAL
..................................................................
TEMPERATURE (F)
 TODAY
  MAXIMUM         42    359 PM  79    2010  53    -11       58
  MINIMUM         36    905 AM  10    1923  33      3       42
  AVERAGE         39                        43     -4       50

PRECIPITATION (IN)
  TODAY            0.00                      0.14  -0.14     0.12
  MONTH TO DATE    0.00                      0.14  -0.14     0.12
  SINCE MAR 1      3.76                      3.53   0.23     4.27
  SINCE JAN 1     11.62                      8.79   2.83     9.17

SNOWFALL (IN)
  TODAY            0.0                       0.2   -0.2      0.0
  MONTH TO DATE    0.0                       0.2   -0.2      0.0
  SINCE MAR 1     10.7                       8.0    2.7      3.0
  SINCE JUL 1     32.3                      45.9  -13.6     23.4
  SNOW DEPTH       0

DEGREE DAYS
 HEATING
  TODAY           26                        22      4       15
  MONTH TO DATE   26                        22      4       15
  SINCE MAR 1    848                       887    -39      634
  SINCE JUL 1   4518                      5512   -994     4406

 COOLING
  TODAY            0                         0      0        0
  MONTH TO DATE    0                         0      0        0
  SINCE MAR 1      0                         1     -1        0
  SINCE JAN 1      0                         1     -1        0
..................................................................


WIND (MPH)
  HIGHEST WIND SPEED    17   HIGHEST WIND DIRECTION    NW (320)
  HIGHEST GUST SPEED    22   HIGHEST GUST DIRECTION    NW (320)


SKY COVER
  POSSIBLE SUNSHINE  MM
  AVERAGE SKY COVER 1.0


WEATHER CONDITIONS
 THE FOLLOWING WEATHER WAS RECORDED TODAY.
  FOG


RELATIVE HUMIDITY (PERCENT)
 HIGHEST   100          1200 AM
 LOWEST     76           400 PM
 AVERAGE    88

..........................................................


THE MANSFIELD OH CLIMATE NORMALS FOR TOMORROW
                         NORMAL    RECORD    YEAR
 MAXIMUM TEMPERATURE (F)   54        83      2010
 MINIMUM TEMPERATURE (F)   34        19      2013
                                             1924
                                             1919


SUNRISE AND SUNSET
APRIL  1 2017.........SUNRISE   713 AM EDT   SUNSET   755 PM EDT
APRIL  2 2017.........SUNRISE   712 AM EDT   SUNSET   756 PM EDT


-  INDICATES NEGATIVE NUMBERS.
R  INDICATES RECORD WAS SET OR TIED.
MM INDICATES DATA IS MISSING.
T  INDICATES TRACE AMOUNT.




$$
