000
CDUS41 KCLE 190531
CLIMFD


CLIMATE REPORT
NATIONAL WEATHER SERVICE CLEVELAND OH
1230 AM EST THU JAN 19 2017


...................................

...THE MANSFIELD OH CLIMATE SUMMARY FOR JANUARY 18 2017...

CLIMATE NORMAL PERIOD 1981 TO 2010
CLIMATE RECORD PERIOD 1916 TO 2017


WEATHER ITEM   OBSERVED TIME   RECORD YEAR NORMAL DEPARTURE LAST
                VALUE   (LST)  VALUE       VALUE  FROM      YEAR
                                                  NORMAL
..................................................................
TEMPERATURE (F)
 YESTERDAY
  MAXIMUM         42    130 AM  68    1929  33      9       11
  MINIMUM         35   1159 PM -19    1994  18     17        1
  AVERAGE         39                        25     14        6

PRECIPITATION (IN)
  YESTERDAY        T                         0.10  -0.10     0.00
  MONTH TO DATE    3.50                      1.75   1.75     1.42
  SINCE DEC 1      6.64                      5.04   1.60     5.58
  SINCE JAN 1      3.50                      1.75   1.75     1.42

SNOWFALL (IN)
  YESTERDAY        0.0                       0.4   -0.4      0.0
  MONTH TO DATE    2.3                       7.8   -5.5      7.0
  SINCE DEC 1     13.3                      18.3   -5.0      7.2
  SINCE JUL 1     13.5                      21.0   -7.5      7.2
  SNOW DEPTH       0

DEGREE DAYS
 HEATING
  YESTERDAY       26                        40    -14       59
  MONTH TO DATE  630                       712    -82      696
  SINCE DEC 1   1738                      1808    -70     1376
  SINCE JUL 1   2615                      3089   -474     2316

 COOLING
  YESTERDAY        0                         0      0        0
  MONTH TO DATE    0                         0      0        0
  SINCE DEC 1      0                         0      0        0
  SINCE JAN 1      0                         0      0        0
..................................................................


WIND (MPH)
  HIGHEST WIND SPEED    17   HIGHEST WIND DIRECTION     W (260)
  HIGHEST GUST SPEED    24   HIGHEST GUST DIRECTION     W (250)
  AVERAGE WIND SPEED    10.3


SKY COVER
  POSSIBLE SUNSHINE  MM
  AVERAGE SKY COVER 1.0


WEATHER CONDITIONS
 THE FOLLOWING WEATHER WAS RECORDED YESTERDAY.
  FOG


RELATIVE HUMIDITY (PERCENT)
 HIGHEST   100           200 AM
 LOWEST     92           300 AM
 AVERAGE    96

..........................................................


THE MANSFIELD OH CLIMATE NORMALS FOR TODAY
                         NORMAL    RECORD    YEAR
 MAXIMUM TEMPERATURE (F)   33        60      1929
 MINIMUM TEMPERATURE (F)   18       -22      1994


SUNRISE AND SUNSET
JANUARY 19 2017.......SUNRISE   750 AM EST   SUNSET   532 PM EST
JANUARY 20 2017.......SUNRISE   750 AM EST   SUNSET   533 PM EST


-  INDICATES NEGATIVE NUMBERS.
R  INDICATES RECORD WAS SET OR TIED.
MM INDICATES DATA IS MISSING.
T  INDICATES TRACE AMOUNT.




$$
