000
CDUS41 KCLE 240544
CLIMFD


CLIMATE REPORT
NATIONAL WEATHER SERVICE CLEVELAND OH
1243 AM EST WED JAN 24 2018


...................................

...THE MANSFIELD OH CLIMATE SUMMARY FOR JANUARY 23 2018...

CLIMATE NORMAL PERIOD 1981 TO 2010
CLIMATE RECORD PERIOD 1916 TO 2018


WEATHER ITEM   OBSERVED TIME   RECORD YEAR NORMAL DEPARTURE LAST
                VALUE   (LST)  VALUE       VALUE  FROM      YEAR
                                                  NORMAL
..................................................................
TEMPERATURE (F)
 YESTERDAY
  MAXIMUM         48    128 AM  63    1967  33     15       50
  MINIMUM         30   1159 PM -19    1963  18     12       39
  AVERAGE         39                        25     14       45

PRECIPITATION (IN)
  YESTERDAY        0.19                      0.08   0.11     1.26
  MONTH TO DATE    2.16                      2.18  -0.02     5.25
  SINCE DEC 1      4.01                      5.47  -1.46     8.39
  SINCE JAN 1      2.16                      2.18  -0.02     5.25

SNOWFALL (IN)
  YESTERDAY        0.1                       0.4   -0.3      0.0
  MONTH TO DATE    7.7                       9.9   -2.2      2.3
  SINCE DEC 1     20.7                      20.4    0.3     13.3
  SINCE JUL 1     20.8                      23.1   -2.3     13.5
  SNOW DEPTH       0

DEGREE DAYS
 HEATING
  YESTERDAY       26                        40    -14       20
  MONTH TO DATE  973                       912     61      724
  SINCE DEC 1   2136                      2008    128     1832
  SINCE JUL 1   3218                      3289    -71     2709

 COOLING
  YESTERDAY        0                         0      0        0
  MONTH TO DATE    0                         0      0        0
  SINCE DEC 1      0                         0      0        0
  SINCE JAN 1      0                         0      0        0
..................................................................


WIND (MPH)
  HIGHEST WIND SPEED    26   HIGHEST WIND DIRECTION    SW (240)
  HIGHEST GUST SPEED    37   HIGHEST GUST DIRECTION    SW (230)
  AVERAGE WIND SPEED    12.9


SKY COVER
  POSSIBLE SUNSHINE  MM
  AVERAGE SKY COVER 0.7


WEATHER CONDITIONS
 THE FOLLOWING WEATHER WAS RECORDED YESTERDAY.
  THUNDERSTORM
  RAIN
  LIGHT RAIN
  LIGHT SNOW
  FOG


RELATIVE HUMIDITY (PERCENT)
 HIGHEST   100           900 AM
 LOWEST     82           100 PM
 AVERAGE    91

..........................................................


THE MANSFIELD OH CLIMATE NORMALS FOR TODAY
                         NORMAL    RECORD    YEAR
 MAXIMUM TEMPERATURE (F)   33        63      1972
                                             1950
 MINIMUM TEMPERATURE (F)   18       -20      1963


SUNRISE AND SUNSET
JANUARY 24 2018.......SUNRISE   747 AM EST   SUNSET   538 PM EST
JANUARY 25 2018.......SUNRISE   746 AM EST   SUNSET   539 PM EST


-  INDICATES NEGATIVE NUMBERS.
R  INDICATES RECORD WAS SET OR TIED.
MM INDICATES DATA IS MISSING.
T  INDICATES TRACE AMOUNT.




$$
