000
CDUS41 KCLE 210527
CLIMFD


CLIMATE REPORT
NATIONAL WEATHER SERVICE CLEVELAND OH
126 AM EDT THU JUL 21 2016


...................................

...THE MANSFIELD OH CLIMATE SUMMARY FOR JULY 20 2016...

CLIMATE NORMAL PERIOD 1981 TO 2010
CLIMATE RECORD PERIOD 1916 TO 2016


WEATHER ITEM   OBSERVED TIME   RECORD YEAR NORMAL DEPARTURE LAST
                VALUE   (LST)  VALUE       VALUE  FROM      YEAR
                                                  NORMAL
..................................................................
TEMPERATURE (F)
 YESTERDAY
  MAXIMUM         87    413 PM 102    1930  82      5       84
  MINIMUM         61    525 AM  43    1947  62     -1       64
  AVERAGE         74                        72      2       74

PRECIPITATION (IN)
  YESTERDAY        0.00                      0.13  -0.13     0.00
  MONTH TO DATE    1.28                      2.87  -1.59     1.49
  SINCE JUN 1      3.37                      7.62  -4.25     8.93
  SINCE JAN 1     19.77                     24.95  -5.18    26.72

SNOWFALL (IN)
  YESTERDAY        0.0                       0.0    0.0      0.0
  MONTH TO DATE    0.0                       0.0    0.0      0.0
  SINCE JUN 1      0.0                       0.0    0.0      0.0
  SINCE JUL 1      0.0                       0.0    0.0      0.0
  SNOW DEPTH       0

DEGREE DAYS
 HEATING
  YESTERDAY        0                         0      0        0
  MONTH TO DATE    1                         0      1        3
  SINCE JUN 1     14                        53    -39       36
  SINCE JUL 1      1                         0      1        3

 COOLING
  YESTERDAY        9                         7      2        9
  MONTH TO DATE  175                       140     35       95
  SINCE JUN 1    357                       274     83      251
  SINCE JAN 1    419                       320     99      369
..................................................................


WIND (MPH)
  HIGHEST WIND SPEED     9   HIGHEST WIND DIRECTION    NW (330)
  HIGHEST GUST SPEED    14   HIGHEST GUST DIRECTION     E (70)
  AVERAGE WIND SPEED     3.8


SKY COVER
  POSSIBLE SUNSHINE  MM
  AVERAGE SKY COVER 0.0


WEATHER CONDITIONS
 THE FOLLOWING WEATHER WAS RECORDED YESTERDAY.
  NO SIGNIFICANT WEATHER WAS OBSERVED.


RELATIVE HUMIDITY (PERCENT)
 HIGHEST    84           300 AM
 LOWEST     39          1000 AM
 AVERAGE    62

..........................................................


THE MANSFIELD OH CLIMATE NORMALS FOR TODAY
                         NORMAL    RECORD    YEAR
 MAXIMUM TEMPERATURE (F)   82       105      1934
 MINIMUM TEMPERATURE (F)   62        46      1941
                                             1936


SUNRISE AND SUNSET
JULY 21 2016..........SUNRISE   617 AM EDT   SUNSET   856 PM EDT
JULY 22 2016..........SUNRISE   618 AM EDT   SUNSET   855 PM EDT


-  INDICATES NEGATIVE NUMBERS.
R  INDICATES RECORD WAS SET OR TIED.
MM INDICATES DATA IS MISSING.
T  INDICATES TRACE AMOUNT.




$$
