000
CDUS41 KCLE 210527
CLIMFD


CLIMATE REPORT
NATIONAL WEATHER SERVICE CLEVELAND OH
125 AM EDT THU AUG 21 2014


...................................

...THE MANSFIELD OH CLIMATE SUMMARY FOR AUGUST 20 2014...

CLIMATE NORMAL PERIOD 1981 TO 2010
CLIMATE RECORD PERIOD 1916 TO 2014


WEATHER ITEM   OBSERVED TIME   RECORD YEAR NORMAL DEPARTURE LAST
                VALUE   (LST)  VALUE       VALUE  FROM      YEAR
                                                  NORMAL
..................................................................
TEMPERATURE (F)
 YESTERDAY
  MAXIMUM         83    428 PM  93    1983  80      3       84
                                      1937
  MINIMUM         65    621 AM  35    1927  60      5       59
  AVERAGE         74                        70      4       72

PRECIPITATION (IN)
  YESTERDAY        0.30                      0.14   0.16     0.00
  MONTH TO DATE    3.51                      2.86   0.65     1.42
  SINCE JUN 1     12.73                     11.99   0.74    14.59
  SINCE JAN 1     29.06                     29.32  -0.26    28.46

SNOWFALL (IN)
  YESTERDAY        0.0                       0.0    0.0      0.0
  MONTH TO DATE    0.0                       0.0    0.0      0.0
  SINCE JUN 1      0.0                       0.0    0.0      0.0
  SINCE JUL 1      0.0                       0.0    0.0      0.0
  SNOW DEPTH       0

DEGREE DAYS
 HEATING
  YESTERDAY        0                         1     -1        0
  MONTH TO DATE   10                         1      9       18
  SINCE JUN 1     51                        62    -11       67
  SINCE JUL 1     27                         9     18       28

 COOLING
  YESTERDAY        9                         5      4        7
  MONTH TO DATE   92                       118    -26       71
  SINCE JUN 1    398                       462    -64      457
  SINCE JAN 1    461                       508    -47      552
..................................................................


WIND (MPH)
  HIGHEST WIND SPEED    17   HIGHEST WIND DIRECTION     W (260)
  HIGHEST GUST SPEED    23   HIGHEST GUST DIRECTION     W (250)
  AVERAGE WIND SPEED     6.5


SKY COVER
  POSSIBLE SUNSHINE  MM
  AVERAGE SKY COVER 0.3


WEATHER CONDITIONS
 THE FOLLOWING WEATHER WAS RECORDED YESTERDAY.
  THUNDERSTORM
  RAIN
  LIGHT RAIN
  FOG


RELATIVE HUMIDITY (PERCENT)
 HIGHEST   100           700 AM
 LOWEST     55           300 PM
 AVERAGE    78

..........................................................


THE MANSFIELD OH CLIMATE NORMALS FOR TODAY
                         NORMAL    RECORD    YEAR
 MAXIMUM TEMPERATURE (F)   80       101      1936
 MINIMUM TEMPERATURE (F)   60        38      1940


SUNRISE AND SUNSET
AUGUST 21 2014........SUNRISE   646 AM EDT   SUNSET   820 PM EDT
AUGUST 22 2014........SUNRISE   647 AM EDT   SUNSET   818 PM EDT


-  INDICATES NEGATIVE NUMBERS.
R  INDICATES RECORD WAS SET OR TIED.
MM INDICATES DATA IS MISSING.
T  INDICATES TRACE AMOUNT.




$$
