000
CDUS41 KCLE 200535
CLIMFD


CLIMATE REPORT
NATIONAL WEATHER SERVICE CLEVELAND OH
125 AM EDT FRI OCT 20 2017


...................................

...THE MANSFIELD OH CLIMATE SUMMARY FOR OCTOBER 19 2017...

CLIMATE NORMAL PERIOD 1981 TO 2010
CLIMATE RECORD PERIOD 1916 TO 2017


WEATHER ITEM   OBSERVED TIME   RECORD YEAR NORMAL DEPARTURE LAST
                VALUE   (LST)  VALUE       VALUE  FROM      YEAR
                                                  NORMAL
..................................................................
TEMPERATURE (F)
 YESTERDAY
  MAXIMUM         74    315 PM  81    1953  61     13       74
  MINIMUM         48    644 AM  25    1958  41      7       54
  AVERAGE         61                        51     10       64

PRECIPITATION (IN)
  YESTERDAY        0.00                      0.09  -0.09     0.02
  MONTH TO DATE    2.21                      1.78   0.43     0.71
  SINCE SEP 1      3.81                      5.10  -1.29     4.42
  SINCE JAN 1     40.39                     35.93   4.46    28.05

SNOWFALL (IN)
  YESTERDAY        0.0                       0.0    0.0      0.0
  MONTH TO DATE    0.0                       0.1   -0.1      0.0
  SINCE SEP 1      0.0                       0.1   -0.1      0.0
  SINCE JUL 1      0.0                       0.1   -0.1      0.0
  SNOW DEPTH       0

DEGREE DAYS
 HEATING
  YESTERDAY        4                        14    -10        1
  MONTH TO DATE   72                       222   -150      100
  SINCE SEP 1    162                       347   -185      134
  SINCE JUL 1    176                       372   -196      135

 COOLING
  YESTERDAY        0                         0      0        0
  MONTH TO DATE   19                         5     14       28
  SINCE SEP 1    131                        68     63      174
  SINCE JAN 1    748                       630    118     1078
..................................................................


WIND (MPH)
  HIGHEST WIND SPEED    20   HIGHEST WIND DIRECTION    SW (230)
  HIGHEST GUST SPEED    25   HIGHEST GUST DIRECTION    SW (210)
  AVERAGE WIND SPEED     9.2


SKY COVER
  POSSIBLE SUNSHINE  MM
  AVERAGE SKY COVER 0.0


WEATHER CONDITIONS
 THE FOLLOWING WEATHER WAS RECORDED YESTERDAY.
  NO SIGNIFICANT WEATHER WAS OBSERVED.


RELATIVE HUMIDITY (PERCENT)
 HIGHEST    86           700 AM
 LOWEST     38           300 PM
 AVERAGE    62

..........................................................


THE MANSFIELD OH CLIMATE NORMALS FOR TODAY
                         NORMAL    RECORD    YEAR
 MAXIMUM TEMPERATURE (F)   60        79      1953
 MINIMUM TEMPERATURE (F)   41        21      1930


SUNRISE AND SUNSET
OCTOBER 20 2017.......SUNRISE   747 AM EDT   SUNSET   642 PM EDT
OCTOBER 21 2017.......SUNRISE   748 AM EDT   SUNSET   640 PM EDT


-  INDICATES NEGATIVE NUMBERS.
R  INDICATES RECORD WAS SET OR TIED.
MM INDICATES DATA IS MISSING.
T  INDICATES TRACE AMOUNT.




$$
