000
CDUS41 KCLE 120527
CLIMFD


CLIMATE REPORT
NATIONAL WEATHER SERVICE CLEVELAND OH
1226 AM EST FRI FEB 12 2016


...................................

...THE MANSFIELD OH CLIMATE SUMMARY FOR FEBRUARY 11 2016...

CLIMATE NORMAL PERIOD 1981 TO 2010
CLIMATE RECORD PERIOD 1916 TO 2016


WEATHER ITEM   OBSERVED TIME   RECORD YEAR NORMAL DEPARTURE LAST
                VALUE   (LST)  VALUE       VALUE  FROM      YEAR
                                                  NORMAL
..................................................................
TEMPERATURE (F)
 YESTERDAY
  MAXIMUM         18    400 PM  68    1999  35    -17       34
                                      1932
  MINIMUM          6    617 AM  -5    2014  20    -14       15
                                      1979
  AVERAGE         12                        28    -16       25

PRECIPITATION (IN)
  YESTERDAY        T                         0.08  -0.08     0.00
  MONTH TO DATE    1.29                      0.93   0.36     0.94
  SINCE DEC 1      6.99                      7.09  -0.10     6.26
  SINCE JAN 1      2.83                      3.80  -0.97     4.40

SNOWFALL (IN)
  YESTERDAY        T                         0.3   -0.3      0.0
  MONTH TO DATE    6.0                       4.4    1.6      8.5
  SINCE DEC 1     14.9                      28.2  -13.3     33.7
  SINCE JUL 1     14.9                      30.9  -16.0     39.6
  SNOW DEPTH       3

DEGREE DAYS
 HEATING
  YESTERDAY       53                        38     15       40
  MONTH TO DATE  369                       422    -53      443
  SINCE DEC 1   2241                      2741   -500     2726
  SINCE JUL 1   3181                      4022   -841     4114

 COOLING
  YESTERDAY        0                         0      0        0
  MONTH TO DATE    0                         0      0        0
  SINCE DEC 1      0                         0      0        0
  SINCE JAN 1      0                         0      0        0
..................................................................


WIND (MPH)
  HIGHEST WIND SPEED    17   HIGHEST WIND DIRECTION     W (280)
  HIGHEST GUST SPEED    23   HIGHEST GUST DIRECTION     W (290)
  AVERAGE WIND SPEED     7.9


SKY COVER
  POSSIBLE SUNSHINE  MM
  AVERAGE SKY COVER 0.8


WEATHER CONDITIONS
 THE FOLLOWING WEATHER WAS RECORDED YESTERDAY.
  LIGHT SNOW
  FOG


RELATIVE HUMIDITY (PERCENT)
 HIGHEST    92           100 AM
 LOWEST     49           200 PM
 AVERAGE    71

..........................................................


THE MANSFIELD OH CLIMATE NORMALS FOR TODAY
                         NORMAL    RECORD    YEAR
 MAXIMUM TEMPERATURE (F)   36        64      1999
 MINIMUM TEMPERATURE (F)   20       -16      1917


SUNRISE AND SUNSET
FEBRUARY 12 2016......SUNRISE   729 AM EST   SUNSET   601 PM EST
FEBRUARY 13 2016......SUNRISE   727 AM EST   SUNSET   602 PM EST


-  INDICATES NEGATIVE NUMBERS.
R  INDICATES RECORD WAS SET OR TIED.
MM INDICATES DATA IS MISSING.
T  INDICATES TRACE AMOUNT.




$$
