000
CDUS41 KCLE 292116
CLIMFD


CLIMATE REPORT
NATIONAL WEATHER SERVICE CLEVELAND OH
515 PM EDT TUE JUL 29 2014


...................................

...THE MANSFIELD OH CLIMATE SUMMARY FOR JULY 29 2014...
VALID TODAY AS OF 0500 PM LOCAL TIME.

CLIMATE NORMAL PERIOD 1981 TO 2010
CLIMATE RECORD PERIOD 1916 TO 2014


WEATHER ITEM   OBSERVED TIME   RECORD YEAR NORMAL DEPARTURE LAST
                VALUE   (LST)  VALUE       VALUE  FROM      YEAR
                                                  NORMAL
..................................................................
TEMPERATURE (F)
 TODAY
  MAXIMUM         69    359 PM  95    1941  81    -12       72
  MINIMUM         52    627 AM  50    1965  61     -9       54
                                      1925
  AVERAGE         61                        71    -10       63

PRECIPITATION (IN)
  TODAY            0.00                      0.13  -0.13     0.00
  MONTH TO DATE    2.72                      4.12  -1.40     5.99
  SINCE JUN 1      9.20                      8.87   0.33    12.98
  SINCE JAN 1     25.53                     26.20  -0.67    26.85

SNOWFALL (IN)
  TODAY            0.0                       0.0    0.0      0.0
  MONTH TO DATE    0.0                       0.0    0.0      0.0
  SINCE JUN 1      0.0                       0.0    0.0      0.0
  SINCE JUL 1      0.0                       0.0    0.0      0.0
  SNOW DEPTH       0

DEGREE DAYS
 HEATING
  TODAY            4                         0      4        2
  MONTH TO DATE   17                         0     17       10
  SINCE JUN 1     41                        53    -12       49
  SINCE JUL 1     17                         0     17       10

 COOLING
  TODAY            0                         6     -6        0
  MONTH TO DATE  132                       201    -69      233
  SINCE JUN 1    301                       335    -34      381
  SINCE JAN 1    364                       381    -17      476
..................................................................


WIND (MPH)
  HIGHEST WIND SPEED    10   HIGHEST WIND DIRECTION     W (270)
  HIGHEST GUST SPEED    15   HIGHEST GUST DIRECTION    NW (320)


SKY COVER
  POSSIBLE SUNSHINE  MM
  AVERAGE SKY COVER 0.6


WEATHER CONDITIONS
 THE FOLLOWING WEATHER WAS RECORDED TODAY.
  NO SIGNIFICANT WEATHER WAS OBSERVED.


RELATIVE HUMIDITY (PERCENT)
 HIGHEST    93           200 AM
 LOWEST     45           200 PM
 AVERAGE    69

..........................................................


THE MANSFIELD OH CLIMATE NORMALS FOR TOMORROW
                         NORMAL    RECORD    YEAR
 MAXIMUM TEMPERATURE (F)   81        96      1931
 MINIMUM TEMPERATURE (F)   61        45      1956


SUNRISE AND SUNSET
JULY 29 2014..........SUNRISE   624 AM EDT   SUNSET   849 PM EDT
JULY 30 2014..........SUNRISE   625 AM EDT   SUNSET   848 PM EDT


-  INDICATES NEGATIVE NUMBERS.
R  INDICATES RECORD WAS SET OR TIED.
MM INDICATES DATA IS MISSING.
T  INDICATES TRACE AMOUNT.




$$
