852
CDUS41 KCLE 100531
CLIMFD


CLIMATE REPORT
NATIONAL WEATHER SERVICE CLEVELAND OH
1230 AM EST WED FEB 10 2016


...................................

...THE MANSFIELD OH CLIMATE SUMMARY FOR FEBRUARY 9 2016...

CLIMATE NORMAL PERIOD 1981 TO 2010
CLIMATE RECORD PERIOD 1916 TO 2016


WEATHER ITEM   OBSERVED TIME   RECORD YEAR NORMAL DEPARTURE LAST
                VALUE   (LST)  VALUE       VALUE  FROM      YEAR
                                                  NORMAL
..................................................................
TEMPERATURE (F)
 YESTERDAY
  MAXIMUM         30    107 AM  61    2001  35     -5       30
  MINIMUM         21   1159 PM -21    1948  19      2       18
  AVERAGE         26                        27     -1       24

PRECIPITATION (IN)
  YESTERDAY        0.06                      0.09  -0.03      T
  MONTH TO DATE    1.10                      0.77   0.33     0.94
  SINCE DEC 1      6.80                      6.93  -0.13     6.26
  SINCE JAN 1      2.64                      3.64  -1.00     4.40

SNOWFALL (IN)
  YESTERDAY        0.8                       0.4    0.4       T
  MONTH TO DATE    2.3                       3.7   -1.4      8.5
  SINCE DEC 1     11.2                      27.5  -16.3     33.7
  SINCE JUL 1     11.2                      30.2  -19.0     39.6
  SNOW DEPTH       1

DEGREE DAYS
 HEATING
  YESTERDAY       39                        38      1       41
  MONTH TO DATE  269                       346    -77      358
  SINCE DEC 1   2141                      2665   -524     2641
  SINCE JUL 1   3081                      3946   -865     4029

 COOLING
  YESTERDAY        0                         0      0        0
  MONTH TO DATE    0                         0      0        0
  SINCE DEC 1      0                         0      0        0
  SINCE JAN 1      0                         0      0        0
..................................................................


WIND (MPH)
  HIGHEST WIND SPEED    18   HIGHEST WIND DIRECTION     W (260)
  HIGHEST GUST SPEED    25   HIGHEST GUST DIRECTION     W (260)
  AVERAGE WIND SPEED    11.5


SKY COVER
  POSSIBLE SUNSHINE  MM
  AVERAGE SKY COVER 1.0


WEATHER CONDITIONS
 THE FOLLOWING WEATHER WAS RECORDED YESTERDAY.
  LIGHT SNOW
  FOG


RELATIVE HUMIDITY (PERCENT)
 HIGHEST    92          1200 AM
 LOWEST     81           200 PM
 AVERAGE    87

..........................................................


THE MANSFIELD OH CLIMATE NORMALS FOR TODAY
                         NORMAL    RECORD    YEAR
 MAXIMUM TEMPERATURE (F)   35        64      1932
 MINIMUM TEMPERATURE (F)   20       -11      1982


SUNRISE AND SUNSET
FEBRUARY 10 2016......SUNRISE   731 AM EST   SUNSET   558 PM EST
FEBRUARY 11 2016......SUNRISE   730 AM EST   SUNSET   559 PM EST


-  INDICATES NEGATIVE NUMBERS.
R  INDICATES RECORD WAS SET OR TIED.
MM INDICATES DATA IS MISSING.
T  INDICATES TRACE AMOUNT.




$$
