000
CDUS41 KCLE 280537
CLIMFD


CLIMATE REPORT
NATIONAL WEATHER SERVICE CLEVELAND OH
125 AM EDT TUE JUL 28 2015


...................................

...THE MANSFIELD OH CLIMATE SUMMARY FOR JULY 27 2015...

CLIMATE NORMAL PERIOD 1981 TO 2010
CLIMATE RECORD PERIOD 1916 TO 2015


WEATHER ITEM   OBSERVED TIME   RECORD YEAR NORMAL DEPARTURE LAST
                VALUE   (LST)  VALUE       VALUE  FROM      YEAR
                                                  NORMAL
..................................................................
TEMPERATURE (F)
 YESTERDAY
  MAXIMUM         87    441 PM  98    1941  81      6       81
                                      1936
  MINIMUM         64    549 AM  41    1946  61      3       62
  AVERAGE         76                        71      5       72

PRECIPITATION (IN)
  YESTERDAY        0.00                      0.14  -0.14     0.05
  MONTH TO DATE    1.49                      3.86  -2.37     2.72
  SINCE JUN 1      8.93                      8.61   0.32     9.20
  SINCE JAN 1     26.72                     25.94   0.78    25.53

SNOWFALL (IN)
  YESTERDAY        0.0                       0.0    0.0      0.0
  MONTH TO DATE    0.0                       0.0    0.0      0.0
  SINCE JUN 1      0.0                       0.0    0.0      0.0
  SINCE JUL 1      0.0                       0.0    0.0      0.0
  SNOW DEPTH       0

DEGREE DAYS
 HEATING
  YESTERDAY        0                         0      0        0
  MONTH TO DATE    3                         0      3       13
  SINCE JUN 1     36                        53    -17       37
  SINCE JUL 1      3                         0      3       13

 COOLING
  YESTERDAY       11                         7      4        7
  MONTH TO DATE  144                       189    -45      132
  SINCE JUN 1    300                       323    -23      301
  SINCE JAN 1    418                       369     49      364
..................................................................


WIND (MPH)
  HIGHEST WIND SPEED    13   HIGHEST WIND DIRECTION    NE (50)
  HIGHEST GUST SPEED    16   HIGHEST GUST DIRECTION    NE (40)
  AVERAGE WIND SPEED     5.3


SKY COVER
  POSSIBLE SUNSHINE  MM
  AVERAGE SKY COVER 0.0


WEATHER CONDITIONS
 THE FOLLOWING WEATHER WAS RECORDED YESTERDAY.
  NO SIGNIFICANT WEATHER WAS OBSERVED.


RELATIVE HUMIDITY (PERCENT)
 HIGHEST    84           600 AM
 LOWEST     36           400 PM
 AVERAGE    60

..........................................................


THE MANSFIELD OH CLIMATE NORMALS FOR TODAY
                         NORMAL    RECORD    YEAR
 MAXIMUM TEMPERATURE (F)   81       101      1930
 MINIMUM TEMPERATURE (F)   61        46      1946
                                             1937


SUNRISE AND SUNSET
JULY 28 2015..........SUNRISE   622 AM EDT   SUNSET   850 PM EDT
JULY 29 2015..........SUNRISE   623 AM EDT   SUNSET   849 PM EDT


-  INDICATES NEGATIVE NUMBERS.
R  INDICATES RECORD WAS SET OR TIED.
MM INDICATES DATA IS MISSING.
T  INDICATES TRACE AMOUNT.




$$
