000
CDUS41 KCLE 170537
CLIMFD


CLIMATE REPORT
NATIONAL WEATHER SERVICE CLEVELAND OH
126 AM EDT THU APR 17 2014


...................................

...THE MANSFIELD OH CLIMATE SUMMARY FOR APRIL 16 2014...

CLIMATE NORMAL PERIOD 1981 TO 2010
CLIMATE RECORD PERIOD 1916 TO 2014


WEATHER ITEM   OBSERVED TIME   RECORD YEAR NORMAL DEPARTURE LAST
                VALUE   (LST)  VALUE       VALUE  FROM      YEAR
                                                  NORMAL
..................................................................
TEMPERATURE (F)
 YESTERDAY
  MAXIMUM         43    541 PM  84    2002  60    -17       70
  MINIMUM         20    400 AM  16    1935  38    -18       47
  AVERAGE         32                        49    -17       59

PRECIPITATION (IN)
  YESTERDAY        0.00                      0.14  -0.14     0.33
  MONTH TO DATE    3.98                      2.24   1.74     2.92
  SINCE MAR 1      5.82                      5.63   0.19     4.87
  SINCE JAN 1     10.15                     10.89  -0.74     9.60

SNOWFALL (IN)
  YESTERDAY        0.0                       0.1   -0.1      0.0
  MONTH TO DATE    1.0                       2.0   -1.0      0.0
  SINCE MAR 1     11.5                       9.8    1.7      9.5
  SINCE JUL 1     65.4                      47.7   17.7     39.3
  SNOW DEPTH       0

DEGREE DAYS
 HEATING
  YESTERDAY       33                        16     17        6
  MONTH TO DATE  262                       304    -42      288
  SINCE MAR 1   1289                      1169    120     1263
  SINCE JUL 1   6333                      5794    539     5636

 COOLING
  YESTERDAY        0                         0      0        0
  MONTH TO DATE    2                         0      2        0
  SINCE MAR 1      2                         1      1        0
  SINCE JAN 1      2                         1      1        0
..................................................................


WIND (MPH)
  HIGHEST WIND SPEED    16   HIGHEST WIND DIRECTION     E (100)
  HIGHEST GUST SPEED    20   HIGHEST GUST DIRECTION     E (100)
  AVERAGE WIND SPEED     6.7


SKY COVER
  POSSIBLE SUNSHINE  MM
  AVERAGE SKY COVER 0.0


WEATHER CONDITIONS
 THE FOLLOWING WEATHER WAS RECORDED YESTERDAY.
  NO SIGNIFICANT WEATHER WAS OBSERVED.


RELATIVE HUMIDITY (PERCENT)
 HIGHEST    88           700 AM
 LOWEST     43           500 PM
 AVERAGE    66

..........................................................


THE MANSFIELD OH CLIMATE NORMALS FOR TODAY
                         NORMAL    RECORD    YEAR
 MAXIMUM TEMPERATURE (F)   60        83      1969
 MINIMUM TEMPERATURE (F)   39        21      1946


SUNRISE AND SUNSET
APRIL 17 2014.........SUNRISE   648 AM EDT   SUNSET   812 PM EDT
APRIL 18 2014.........SUNRISE   647 AM EDT   SUNSET   813 PM EDT


-  INDICATES NEGATIVE NUMBERS.
R  INDICATES RECORD WAS SET OR TIED.
MM INDICATES DATA IS MISSING.
T  INDICATES TRACE AMOUNT.




$$
