634
CDUS41 KCLE 030531
CLIMFD


CLIMATE REPORT
NATIONAL WEATHER SERVICE CLEVELAND OH
1230 AM EST WED FEB 3 2016


...................................

...THE MANSFIELD OH CLIMATE SUMMARY FOR FEBRUARY 2 2016...

CLIMATE NORMAL PERIOD 1981 TO 2010
CLIMATE RECORD PERIOD 1916 TO 2016


WEATHER ITEM   OBSERVED TIME   RECORD YEAR NORMAL DEPARTURE LAST
                VALUE   (LST)  VALUE       VALUE  FROM      YEAR
                                                  NORMAL
..................................................................
TEMPERATURE (F)
 YESTERDAY
  MAXIMUM         52    918 PM  54    1973  34     18       38
                                      1968
                                      1967
  MINIMUM         24    318 AM -11    1951  19      5        7
  AVERAGE         38                        26     12       23

PRECIPITATION (IN)
  YESTERDAY        0.40                      0.09   0.31     0.01
  MONTH TO DATE    0.42                      0.17   0.25     0.56
  SINCE DEC 1      6.12                      6.33  -0.21     5.88
  SINCE JAN 1      1.96                      3.04  -1.08     4.02

SNOWFALL (IN)
  YESTERDAY        0.0                       0.4   -0.4      0.3
  MONTH TO DATE    0.0                       0.8   -0.8      3.7
  SINCE DEC 1      8.9                      24.6  -15.7     28.9
  SINCE JUL 1      8.9                      27.3  -18.4     34.8
  SNOW DEPTH       0

DEGREE DAYS
 HEATING
  YESTERDAY       27                        39    -12       42
  MONTH TO DATE   52                        78    -26       74
  SINCE DEC 1   1924                      2397   -473     2357
  SINCE JUL 1   2864                      3678   -814     3745

 COOLING
  YESTERDAY        0                         0      0        0
  MONTH TO DATE    0                         0      0        0
  SINCE DEC 1      0                         0      0        0
  SINCE JAN 1      0                         0      0        0
..................................................................


WIND (MPH)
  HIGHEST WIND SPEED    23   HIGHEST WIND DIRECTION    SE (150)
  HIGHEST GUST SPEED    31   HIGHEST GUST DIRECTION    SE (150)
  AVERAGE WIND SPEED    13.3


SKY COVER
  POSSIBLE SUNSHINE  MM
  AVERAGE SKY COVER 0.3


WEATHER CONDITIONS
 THE FOLLOWING WEATHER WAS RECORDED YESTERDAY.
  RAIN
  LIGHT RAIN
  FOG


RELATIVE HUMIDITY (PERCENT)
 HIGHEST   100           300 AM
 LOWEST     49           300 PM
 AVERAGE    75

..........................................................


THE MANSFIELD OH CLIMATE NORMALS FOR TODAY
                         NORMAL    RECORD    YEAR
 MAXIMUM TEMPERATURE (F)   34        53      1991
                                             1927
 MINIMUM TEMPERATURE (F)   19       -10      1945


SUNRISE AND SUNSET
FEBRUARY  3 2016......SUNRISE   739 AM EST   SUNSET   549 PM EST
FEBRUARY  4 2016......SUNRISE   738 AM EST   SUNSET   551 PM EST


-  INDICATES NEGATIVE NUMBERS.
R  INDICATES RECORD WAS SET OR TIED.
MM INDICATES DATA IS MISSING.
T  INDICATES TRACE AMOUNT.




$$
