000
CDUS41 KCLE 152123
CLIMFD


CLIMATE REPORT
NATIONAL WEATHER SERVICE CLEVELAND OH
518 PM EDT FRI AUG 15 2014


...................................

...THE MANSFIELD OH CLIMATE SUMMARY FOR AUGUST 15 2014...
VALID TODAY AS OF 0500 PM LOCAL TIME.

CLIMATE NORMAL PERIOD 1981 TO 2010
CLIMATE RECORD PERIOD 1916 TO 2014


WEATHER ITEM   OBSERVED TIME   RECORD YEAR NORMAL DEPARTURE LAST
                VALUE   (LST)  VALUE       VALUE  FROM      YEAR
                                                  NORMAL
..................................................................
TEMPERATURE (F)
 TODAY
  MAXIMUM         72    347 PM  91    1995  80     -8       72
                                      1965
  MINIMUM         47    553 AM  46    2013  60    -13       46
                                      1979
                                      1963
  AVERAGE         60                        70    -10       59

PRECIPITATION (IN)
  TODAY            0.00                      0.15  -0.15     0.00
  MONTH TO DATE    2.58                      2.13   0.45     1.42
  SINCE JUN 1     11.80                     11.26   0.54    14.59
  SINCE JAN 1     28.13                     28.59  -0.46    28.46

SNOWFALL (IN)
  TODAY            0.0                       0.0    0.0      0.0
  MONTH TO DATE    0.0                       0.0    0.0      0.0
  SINCE JUN 1      0.0                       0.0    0.0      0.0
  SINCE JUL 1      0.0                       0.0    0.0      0.0
  SNOW DEPTH       0

DEGREE DAYS
 HEATING
  TODAY            5                         0      5        6
  MONTH TO DATE    9                         0      9       17
  SINCE JUN 1     50                        61    -11       66
  SINCE JUL 1     26                         8     18       27

 COOLING
  TODAY            0                         6     -6        0
  MONTH TO DATE   58                        90    -32       58
  SINCE JUN 1    364                       434    -70      444
  SINCE JAN 1    427                       480    -53      539
..................................................................


WIND (MPH)
  HIGHEST WIND SPEED    12   HIGHEST WIND DIRECTION    NW (320)
  HIGHEST GUST SPEED    16   HIGHEST GUST DIRECTION    NW (310)


SKY COVER
  POSSIBLE SUNSHINE  MM
  AVERAGE SKY COVER 0.0


WEATHER CONDITIONS
 THE FOLLOWING WEATHER WAS RECORDED TODAY.
  NO SIGNIFICANT WEATHER WAS OBSERVED.


RELATIVE HUMIDITY (PERCENT)
 HIGHEST   100           500 AM
 LOWEST     33           400 PM
 AVERAGE    67

..........................................................


THE MANSFIELD OH CLIMATE NORMALS FOR TOMORROW
                         NORMAL    RECORD    YEAR
 MAXIMUM TEMPERATURE (F)   80        95      1936
 MINIMUM TEMPERATURE (F)   60        44      1979


SUNRISE AND SUNSET
AUGUST 15 2014........SUNRISE   640 AM EDT   SUNSET   828 PM EDT
AUGUST 16 2014........SUNRISE   641 AM EDT   SUNSET   827 PM EDT


-  INDICATES NEGATIVE NUMBERS.
R  INDICATES RECORD WAS SET OR TIED.
MM INDICATES DATA IS MISSING.
T  INDICATES TRACE AMOUNT.




$$
