000
CDUS41 KCLE 170530
CLIMFD


CLIMATE REPORT
NATIONAL WEATHER SERVICE CLEVELAND OH
1229 AM EST FRI NOV 17 2017


...................................

...THE MANSFIELD OH CLIMATE SUMMARY FOR NOVEMBER 16 2017...

CLIMATE NORMAL PERIOD 1981 TO 2010
CLIMATE RECORD PERIOD 1916 TO 2017


WEATHER ITEM   OBSERVED TIME   RECORD YEAR NORMAL DEPARTURE LAST
                VALUE   (LST)  VALUE       VALUE  FROM      YEAR
                                                  NORMAL
..................................................................
TEMPERATURE (F)
 YESTERDAY
  MAXIMUM         45    103 AM  70    1931  49     -4       54
  MINIMUM         36   1159 PM   3    1933  33      3       36
  AVERAGE         41                        41      0       45

PRECIPITATION (IN)
  YESTERDAY        T                         0.13  -0.13     0.00
  MONTH TO DATE    3.06                      2.01   1.05     0.34
  SINCE SEP 1      7.59                      8.27  -0.68     7.52
  SINCE JAN 1     44.17                     39.10   5.07    31.15

SNOWFALL (IN)
  YESTERDAY        T                         0.0    0.0      0.0
  MONTH TO DATE    0.1                       0.7   -0.6      0.0
  SINCE SEP 1      0.1                       1.2   -1.1      0.0
  SINCE JUL 1      0.1                       1.2   -1.1      0.0
  SNOW DEPTH       0

DEGREE DAYS
 HEATING
  YESTERDAY       24                        24      0       20
  MONTH TO DATE  358                       335     23      243
  SINCE SEP 1    721                       878   -157      551
  SINCE JUL 1    735                       903   -168      552

 COOLING
  YESTERDAY        0                         0      0        0
  MONTH TO DATE    0                         0      0        6
  SINCE SEP 1    131                        70     61      180
  SINCE JAN 1    748                       632    116     1084
..................................................................


WIND (MPH)
  HIGHEST WIND SPEED    21   HIGHEST WIND DIRECTION     W (260)
  HIGHEST GUST SPEED    32   HIGHEST GUST DIRECTION    SW (240)
  AVERAGE WIND SPEED    10.7


SKY COVER
  POSSIBLE SUNSHINE  MM
  AVERAGE SKY COVER 0.9


WEATHER CONDITIONS
 THE FOLLOWING WEATHER WAS RECORDED YESTERDAY.
  LIGHT SNOW


RELATIVE HUMIDITY (PERCENT)
 HIGHEST    96           200 AM
 LOWEST     70           700 PM
 AVERAGE    83

..........................................................


THE MANSFIELD OH CLIMATE NORMALS FOR TODAY
                         NORMAL    RECORD    YEAR
 MAXIMUM TEMPERATURE (F)   49        71      1931
 MINIMUM TEMPERATURE (F)   33         6      1933


SUNRISE AND SUNSET
NOVEMBER 17 2017......SUNRISE   720 AM EST   SUNSET   510 PM EST
NOVEMBER 18 2017......SUNRISE   721 AM EST   SUNSET   509 PM EST


-  INDICATES NEGATIVE NUMBERS.
R  INDICATES RECORD WAS SET OR TIED.
MM INDICATES DATA IS MISSING.
T  INDICATES TRACE AMOUNT.




$$
