000
CDUS41 KCLE 042115
CLIMFD


CLIMATE REPORT
NATIONAL WEATHER SERVICE CLEVELAND OH
514 PM EDT SAT JUL 4 2015


...................................

...THE MANSFIELD OH CLIMATE SUMMARY FOR JULY 4 2015...
VALID TODAY AS OF 0500 PM LOCAL TIME.

CLIMATE NORMAL PERIOD 1981 TO 2010
CLIMATE RECORD PERIOD 1916 TO 2015


WEATHER ITEM   OBSERVED TIME   RECORD YEAR NORMAL DEPARTURE LAST
                VALUE   (LST)  VALUE       VALUE  FROM      YEAR
                                                  NORMAL
..................................................................
TEMPERATURE (F)
 TODAY
  MAXIMUM         78    300 PM  96    2012  82     -4       73
  MINIMUM         54    428 AM  42    1940  61     -7       52
  AVERAGE         66                        71     -5       63

PRECIPITATION (IN)
  TODAY            0.00                      0.15  -0.15     0.00
  MONTH TO DATE    0.00                      0.59  -0.59     0.98
  SINCE JUN 1      7.44                      5.34   2.10     7.46
  SINCE JAN 1     25.23                     22.67   2.56    23.79

SNOWFALL (IN)
  TODAY            0.0                       0.0    0.0      0.0
  MONTH TO DATE    0.0                       0.0    0.0      0.0
  SINCE JUN 1      0.0                       0.0    0.0      0.0
  SINCE JUL 1      0.0                       0.0    0.0      0.0
  SNOW DEPTH       0

DEGREE DAYS
 HEATING
  TODAY            0                         0      0        2
  MONTH TO DATE    0                         0      0        2
  SINCE JUN 1     33                        53    -20       26
  SINCE JUL 1      0                         0      0        2

 COOLING
  TODAY            1                         7     -6        0
  MONTH TO DATE    7                        28    -21       23
  SINCE JUN 1    163                       162      1      192
  SINCE JAN 1    281                       208     73      255
..................................................................


WIND (MPH)
  HIGHEST WIND SPEED    10   HIGHEST WIND DIRECTION    NW (310)
  HIGHEST GUST SPEED    16   HIGHEST GUST DIRECTION    NW (300)


SKY COVER
  POSSIBLE SUNSHINE  MM
  AVERAGE SKY COVER 0.1


WEATHER CONDITIONS
 THE FOLLOWING WEATHER WAS RECORDED TODAY.
  FOG
  FOG W/VISIBILITY <= 1/4 MILE


RELATIVE HUMIDITY (PERCENT)
 HIGHEST   100           200 AM
 LOWEST     46           200 PM
 AVERAGE    73

..........................................................


THE MANSFIELD OH CLIMATE NORMALS FOR TOMORROW
                         NORMAL    RECORD    YEAR
 MAXIMUM TEMPERATURE (F)   82        95      1988
 MINIMUM TEMPERATURE (F)   61        45      1979
                                             1940


SUNRISE AND SUNSET
JULY  4 2015..........SUNRISE   604 AM EDT   SUNSET   905 PM EDT
JULY  5 2015..........SUNRISE   604 AM EDT   SUNSET   905 PM EDT


-  INDICATES NEGATIVE NUMBERS.
R  INDICATES RECORD WAS SET OR TIED.
MM INDICATES DATA IS MISSING.
T  INDICATES TRACE AMOUNT.




$$
