000
CDUS41 KCLE 302110
CLIMFD


CLIMATE REPORT
NATIONAL WEATHER SERVICE CLEVELAND OH
510 PM EDT SAT MAY 30 2015


...................................

...THE MANSFIELD OH CLIMATE SUMMARY FOR MAY 30 2015...
VALID TODAY AS OF 0500 PM LOCAL TIME.

CLIMATE NORMAL PERIOD 1981 TO 2010
CLIMATE RECORD PERIOD 1916 TO 2015


WEATHER ITEM   OBSERVED TIME   RECORD YEAR NORMAL DEPARTURE LAST
                VALUE   (LST)  VALUE       VALUE  FROM      YEAR
                                                  NORMAL
..................................................................
TEMPERATURE (F)
 TODAY
  MAXIMUM         83    300 PM  91    1929  73     10       79
  MINIMUM         68        MM  32    1947  53     15       50
  AVERAGE         76                        63     13       65

PRECIPITATION (IN)
  TODAY            0.00                      0.16  -0.16     0.00
  MONTH TO DATE    2.82                      4.37  -1.55     3.00
  SINCE MAR 1     11.06                     11.90  -0.84    12.00
  SINCE JAN 1     16.22                     17.16  -0.94    16.33

SNOWFALL (IN)
  TODAY            0.0                       0.0    0.0      0.0
  MONTH TO DATE    0.0                       0.0    0.0      0.0
  SINCE MAR 1     10.7                      10.4    0.3     11.5
  SINCE JUL 1     63.2                      48.3   14.9     65.4
  SNOW DEPTH       0

DEGREE DAYS
 HEATING
  TODAY            0                         4     -4        0
  MONTH TO DATE  115                       228   -113      178
  SINCE MAR 1   1492                      1588    -96     1647
  SINCE JUL 1   6564                      6213    351     6691

 COOLING
  TODAY           11                         2      9        0
  MONTH TO DATE  119                        34     85       59
  SINCE MAR 1    119                        42     77       61
  SINCE JAN 1    119                        42     77       61
..................................................................


WIND (MPH)
  HIGHEST WIND SPEED    18   HIGHEST WIND DIRECTION     S (200)
  HIGHEST GUST SPEED    23   HIGHEST GUST DIRECTION     S (200)


SKY COVER
  POSSIBLE SUNSHINE  MM
  AVERAGE SKY COVER 0.4


WEATHER CONDITIONS
 THE FOLLOWING WEATHER WAS RECORDED TODAY.
  THUNDERSTORM


RELATIVE HUMIDITY (PERCENT)
 HIGHEST    90           700 AM
 LOWEST     58           200 PM
 AVERAGE    74

..........................................................


THE MANSFIELD OH CLIMATE NORMALS FOR TOMORROW
                         NORMAL    RECORD    YEAR
 MAXIMUM TEMPERATURE (F)   74        95      1919
 MINIMUM TEMPERATURE (F)   53        37      1947
                                             1930


SUNRISE AND SUNSET
MAY 30 2015...........SUNRISE   602 AM EDT   SUNSET   854 PM EDT
MAY 31 2015...........SUNRISE   601 AM EDT   SUNSET   854 PM EDT


-  INDICATES NEGATIVE NUMBERS.
R  INDICATES RECORD WAS SET OR TIED.
MM INDICATES DATA IS MISSING.
T  INDICATES TRACE AMOUNT.




$$
