039
CDUS41 KCLE 252113
CLIMFD


CLIMATE REPORT
NATIONAL WEATHER SERVICE CLEVELAND OH
513 PM EDT TUE JUL 25 2017


...................................

...THE MANSFIELD OH CLIMATE SUMMARY FOR JULY 25 2017...
VALID TODAY AS OF 0500 PM LOCAL TIME.

CLIMATE NORMAL PERIOD 1981 TO 2010
CLIMATE RECORD PERIOD 1916 TO 2017


WEATHER ITEM   OBSERVED TIME   RECORD YEAR NORMAL DEPARTURE LAST
                VALUE   (LST)  VALUE       VALUE  FROM      YEAR
                                                  NORMAL
..................................................................
TEMPERATURE (F)
 TODAY
  MAXIMUM         75    353 PM 104    1934  81     -6       90
  MINIMUM         57    541 AM  45    1957  61     -4       72
  AVERAGE         66                        71     -5       81

PRECIPITATION (IN)
  TODAY            0.00                      0.14  -0.14     0.00
  MONTH TO DATE    4.53                      3.58   0.95     1.75
  SINCE JUN 1     12.12                      8.33   3.79     3.84
  SINCE JAN 1     33.27                     25.66   7.61    20.24

SNOWFALL (IN)
  TODAY            0.0                       0.0    0.0      0.0
  MONTH TO DATE    0.0                       0.0    0.0      0.0
  SINCE JUN 1      0.0                       0.0    0.0      0.0
  SINCE JUL 1      0.0                       0.0    0.0      0.0
  SNOW DEPTH       0

DEGREE DAYS
 HEATING
  TODAY            0                         0      0        0
  MONTH TO DATE    0                         0      0        1
  SINCE JUN 1     33                        53    -20       14
  SINCE JUL 1      0                         0      0        1

 COOLING
  TODAY            1                         7     -6       16
  MONTH TO DATE  211                       175     36      250
  SINCE JUN 1    383                       309     74      432
  SINCE JAN 1    440                       355     85      494
..................................................................


WIND (MPH)
  HIGHEST WIND SPEED    13   HIGHEST WIND DIRECTION     N (340)
  HIGHEST GUST SPEED    17   HIGHEST GUST DIRECTION     N (20)


SKY COVER
  POSSIBLE SUNSHINE  MM
  AVERAGE SKY COVER 0.7


WEATHER CONDITIONS
 THE FOLLOWING WEATHER WAS RECORDED TODAY.
  NO SIGNIFICANT WEATHER WAS OBSERVED.


RELATIVE HUMIDITY (PERCENT)
 HIGHEST   100          1200 AM
 LOWEST     58           400 PM
 AVERAGE    79

..........................................................


THE MANSFIELD OH CLIMATE NORMALS FOR TOMORROW
                         NORMAL    RECORD    YEAR
 MAXIMUM TEMPERATURE (F)   81       102      1934
 MINIMUM TEMPERATURE (F)   61        42      1946


SUNRISE AND SUNSET
JULY 25 2017..........SUNRISE   620 AM EDT   SUNSET   852 PM EDT
JULY 26 2017..........SUNRISE   621 AM EDT   SUNSET   852 PM EDT


-  INDICATES NEGATIVE NUMBERS.
R  INDICATES RECORD WAS SET OR TIED.
MM INDICATES DATA IS MISSING.
T  INDICATES TRACE AMOUNT.




$$
