000
CDUS41 KCLE 192117
CLIMFD


CLIMATE REPORT
NATIONAL WEATHER SERVICE CLEVELAND OH
516 PM EDT TUE JUL 19 2016


...................................

...THE MANSFIELD OH CLIMATE SUMMARY FOR JULY 19 2016...
VALID TODAY AS OF 0500 PM LOCAL TIME.

CLIMATE NORMAL PERIOD 1981 TO 2010
CLIMATE RECORD PERIOD 1916 TO 2016


WEATHER ITEM   OBSERVED TIME   RECORD YEAR NORMAL DEPARTURE LAST
                VALUE   (LST)  VALUE       VALUE  FROM      YEAR
                                                  NORMAL
..................................................................
TEMPERATURE (F)
 TODAY
  MAXIMUM         87    335 PM 100    1930  82      5       86
  MINIMUM         63    554 AM  47    1979  62      1       69
  AVERAGE         75                        72      3       78

PRECIPITATION (IN)
  TODAY            0.00                      0.14  -0.14     0.14
  MONTH TO DATE    1.28                      2.74  -1.46     1.49
  SINCE JUN 1      3.37                      7.49  -4.12     8.93
  SINCE JAN 1     19.77                     24.82  -5.05    26.72

SNOWFALL (IN)
  TODAY            0.0                       0.0    0.0      0.0
  MONTH TO DATE    0.0                       0.0    0.0      0.0
  SINCE JUN 1      0.0                       0.0    0.0      0.0
  SINCE JUL 1      0.0                       0.0    0.0      0.0
  SNOW DEPTH       0

DEGREE DAYS
 HEATING
  TODAY            0                         0      0        0
  MONTH TO DATE    1                         0      1        3
  SINCE JUN 1     14                        53    -39       36
  SINCE JUL 1      1                         0      1        3

 COOLING
  TODAY           10                         7      3       13
  MONTH TO DATE  166                       133     33       86
  SINCE JUN 1    348                       267     81      242
  SINCE JAN 1    410                       313     97      360
..................................................................


WIND (MPH)
  HIGHEST WIND SPEED    14   HIGHEST WIND DIRECTION    NW (310)
  HIGHEST GUST SPEED    19   HIGHEST GUST DIRECTION    NW (310)


SKY COVER
  POSSIBLE SUNSHINE  MM
  AVERAGE SKY COVER 0.1


WEATHER CONDITIONS
 THE FOLLOWING WEATHER WAS RECORDED TODAY.
  FOG


RELATIVE HUMIDITY (PERCENT)
 HIGHEST   100           600 AM
 LOWEST     40          1200 PM
 AVERAGE    70

..........................................................


THE MANSFIELD OH CLIMATE NORMALS FOR TOMORROW
                         NORMAL    RECORD    YEAR
 MAXIMUM TEMPERATURE (F)   82       102      1930
 MINIMUM TEMPERATURE (F)   62        43      1947


SUNRISE AND SUNSET
JULY 19 2016..........SUNRISE   615 AM EDT   SUNSET   857 PM EDT
JULY 20 2016..........SUNRISE   616 AM EDT   SUNSET   856 PM EDT


-  INDICATES NEGATIVE NUMBERS.
R  INDICATES RECORD WAS SET OR TIED.
MM INDICATES DATA IS MISSING.
T  INDICATES TRACE AMOUNT.




$$
