000
CDUS41 KCLE 140525
CLIMFD


CLIMATE REPORT
NATIONAL WEATHER SERVICE CLEVELAND OH
1225 AM EST SAT JAN 14 2017


...................................

...THE MANSFIELD OH CLIMATE SUMMARY FOR JANUARY 13 2017...

CLIMATE NORMAL PERIOD 1981 TO 2010
CLIMATE RECORD PERIOD 1916 TO 2017


WEATHER ITEM   OBSERVED TIME   RECORD YEAR NORMAL DEPARTURE LAST
                VALUE   (LST)  VALUE       VALUE  FROM      YEAR
                                                  NORMAL
..................................................................
TEMPERATURE (F)
 YESTERDAY
  MAXIMUM         31    112 AM  65    2005  33     -2       23
  MINIMUM         23   1159 PM -15    1918  18      5        0
  AVERAGE         27                        25      2       12

PRECIPITATION (IN)
  YESTERDAY        0.00                      0.09  -0.09     0.01
  MONTH TO DATE    3.08                      1.29   1.79     1.13
  SINCE DEC 1      6.22                      4.58   1.64     5.29
  SINCE JAN 1      3.08                      1.29   1.79     1.13

SNOWFALL (IN)
  YESTERDAY        0.0                       0.5   -0.5      0.3
  MONTH TO DATE    2.3                       5.6   -3.3      5.4
  SINCE DEC 1     13.3                      16.1   -2.8      5.6
  SINCE JUL 1     13.5                      18.8   -5.3      5.6
  SNOW DEPTH       0

DEGREE DAYS
 HEATING
  YESTERDAY       38                        40     -2       53
  MONTH TO DATE  484                       512    -28      501
  SINCE DEC 1   1592                      1608    -16     1181
  SINCE JUL 1   2469                      2889   -420     2121

 COOLING
  YESTERDAY        0                         0      0        0
  MONTH TO DATE    0                         0      0        0
  SINCE DEC 1      0                         0      0        0
  SINCE JAN 1      0                         0      0        0
..................................................................


WIND (MPH)
  HIGHEST WIND SPEED    13   HIGHEST WIND DIRECTION     N (350)
  HIGHEST GUST SPEED    16   HIGHEST GUST DIRECTION    NE (30)
  AVERAGE WIND SPEED     7.2


SKY COVER
  POSSIBLE SUNSHINE  MM
  AVERAGE SKY COVER 0.4


WEATHER CONDITIONS
 THE FOLLOWING WEATHER WAS RECORDED YESTERDAY.
  NO SIGNIFICANT WEATHER WAS OBSERVED.


RELATIVE HUMIDITY (PERCENT)
 HIGHEST    88           800 AM
 LOWEST     63           300 PM
 AVERAGE    76

..........................................................


THE MANSFIELD OH CLIMATE NORMALS FOR TODAY
                         NORMAL    RECORD    YEAR
 MAXIMUM TEMPERATURE (F)   33        68      1932
 MINIMUM TEMPERATURE (F)   18       -10      1957


SUNRISE AND SUNSET
JANUARY 14 2017.......SUNRISE   753 AM EST   SUNSET   526 PM EST
JANUARY 15 2017.......SUNRISE   752 AM EST   SUNSET   527 PM EST


-  INDICATES NEGATIVE NUMBERS.
R  INDICATES RECORD WAS SET OR TIED.
MM INDICATES DATA IS MISSING.
T  INDICATES TRACE AMOUNT.




$$
