000
CDUS41 KCLE 250532
CLIMFD


CLIMATE REPORT
NATIONAL WEATHER SERVICE CLEVELAND OH
1232 AM EST SUN JAN 25 2015


...................................

...THE MANSFIELD OH CLIMATE SUMMARY FOR JANUARY 24 2015...

CLIMATE NORMAL PERIOD 1981 TO 2010
CLIMATE RECORD PERIOD 1916 TO 2015


WEATHER ITEM   OBSERVED TIME   RECORD YEAR NORMAL DEPARTURE LAST
                VALUE   (LST)  VALUE       VALUE  FROM      YEAR
                                                  NORMAL
..................................................................
TEMPERATURE (F)
 YESTERDAY
  MAXIMUM         34   1115 PM  63    1972  33      1       18
                                      1950
  MINIMUM         22    520 AM -20    1963  18      4       -5
  AVERAGE         28                        26      2        7

PRECIPITATION (IN)
  YESTERDAY        0.00                      0.09  -0.09     0.00
  MONTH TO DATE    2.63                      2.27   0.36     1.77
  SINCE DEC 1      4.49                      5.56  -1.07     5.95
  SINCE JAN 1      2.63                      2.27   0.36     1.77

SNOWFALL (IN)
  YESTERDAY        0.0                       0.5   -0.5      0.0
  MONTH TO DATE   14.4                      10.4    4.0     15.8
  SINCE DEC 1     14.6                      20.9   -6.3     32.2
  SINCE JUL 1     20.5                      23.6   -3.1     33.8
  SNOW DEPTH       2

DEGREE DAYS
 HEATING
  YESTERDAY       37                        40     -3       58
  MONTH TO DATE 1003                       952     51     1074
  SINCE DEC 1   1966                      2048    -82     2141
  SINCE JUL 1   3354                      3329     25     3473

 COOLING
  YESTERDAY        0                         0      0        0
  MONTH TO DATE    0                         0      0        0
  SINCE DEC 1      0                         0      0        0
  SINCE JAN 1      0                         0      0        0
..................................................................


WIND (MPH)
  HIGHEST WIND SPEED    15   HIGHEST WIND DIRECTION     W (250)
  HIGHEST GUST SPEED    27   HIGHEST GUST DIRECTION     W (250)
  AVERAGE WIND SPEED     9.5


SKY COVER
  POSSIBLE SUNSHINE  MM
  AVERAGE SKY COVER 1.0


WEATHER CONDITIONS
 THE FOLLOWING WEATHER WAS RECORDED YESTERDAY.
  FOG
  HAZE


RELATIVE HUMIDITY (PERCENT)
 HIGHEST   100           500 AM
 LOWEST     78          1100 AM
 AVERAGE    89

..........................................................


THE MANSFIELD OH CLIMATE NORMALS FOR TODAY
                         NORMAL    RECORD    YEAR
 MAXIMUM TEMPERATURE (F)   33        69      1950
 MINIMUM TEMPERATURE (F)   18       -10      1961
                                             1936


SUNRISE AND SUNSET
JANUARY 25 2015.......SUNRISE   746 AM EST   SUNSET   539 PM EST
JANUARY 26 2015.......SUNRISE   746 AM EST   SUNSET   540 PM EST


-  INDICATES NEGATIVE NUMBERS.
R  INDICATES RECORD WAS SET OR TIED.
MM INDICATES DATA IS MISSING.
T  INDICATES TRACE AMOUNT.




$$
