000
CDUS41 KCLE 070527
CLIMFD


CLIMATE REPORT
NATIONAL WEATHER SERVICE CLEVELAND OH
1226 AM EST THU DEC 7 2017


...................................

...THE MANSFIELD OH CLIMATE SUMMARY FOR DECEMBER 6 2017...

CLIMATE NORMAL PERIOD 1981 TO 2010
CLIMATE RECORD PERIOD 1916 TO 2017


WEATHER ITEM   OBSERVED TIME   RECORD YEAR NORMAL DEPARTURE LAST
                VALUE   (LST)  VALUE       VALUE  FROM      YEAR
                                                  NORMAL
..................................................................
TEMPERATURE (F)
 YESTERDAY
  MAXIMUM         39    405 PM  67    1998  40     -1       38
                                      1956
  MINIMUM         27    452 AM   0    1977  26      1       29
  AVERAGE         33                        33      0       34

PRECIPITATION (IN)
  YESTERDAY        0.00                      0.11  -0.11     0.46
  MONTH TO DATE    0.50                      0.66  -0.16     0.55
  SINCE DEC 1      0.50                      0.66  -0.16     0.55
  SINCE JAN 1     47.92                     41.56   6.36    32.65

SNOWFALL (IN)
  YESTERDAY        0.0                       0.2   -0.2      0.0
  MONTH TO DATE    0.0                       1.4   -1.4      0.3
  SINCE DEC 1      0.0                       1.4   -1.4      0.3
  SINCE JUL 1      0.1                       4.1   -4.0      0.5
  SNOW DEPTH       0

DEGREE DAYS
 HEATING
  YESTERDAY       32                        32      0       31
  MONTH TO DATE  151                       188    -37      183
  SINCE DEC 1    151                       188    -37      183
  SINCE JUL 1   1233                      1469   -236     1060

 COOLING
  YESTERDAY        0                         0      0        0
  MONTH TO DATE    0                         0      0        0
  SINCE DEC 1      0                         0      0        0
  SINCE JAN 1    748                       632    116     1084
..................................................................


WIND (MPH)
  HIGHEST WIND SPEED    30   HIGHEST WIND DIRECTION    SW (210)
  HIGHEST GUST SPEED    39   HIGHEST GUST DIRECTION    SW (210)
  AVERAGE WIND SPEED    14.4


SKY COVER
  POSSIBLE SUNSHINE  MM
  AVERAGE SKY COVER 0.4


WEATHER CONDITIONS
 THE FOLLOWING WEATHER WAS RECORDED YESTERDAY.
  NO SIGNIFICANT WEATHER WAS OBSERVED.


RELATIVE HUMIDITY (PERCENT)
 HIGHEST    69           600 AM
 LOWEST     52          1200 PM
 AVERAGE    61

..........................................................


THE MANSFIELD OH CLIMATE NORMALS FOR TODAY
                         NORMAL    RECORD    YEAR
 MAXIMUM TEMPERATURE (F)   39        67      1998
 MINIMUM TEMPERATURE (F)   25         1      1977


SUNRISE AND SUNSET
DECEMBER  7 2017......SUNRISE   741 AM EST   SUNSET   502 PM EST
DECEMBER  8 2017......SUNRISE   742 AM EST   SUNSET   502 PM EST


-  INDICATES NEGATIVE NUMBERS.
R  INDICATES RECORD WAS SET OR TIED.
MM INDICATES DATA IS MISSING.
T  INDICATES TRACE AMOUNT.




$$
