000
CDUS41 KCLE 092218
CLIMFD


CLIMATE REPORT
NATIONAL WEATHER SERVICE CLEVELAND OH
516 PM EST THU FEB 9 2017


...................................

...THE MANSFIELD OH CLIMATE SUMMARY FOR FEBRUARY 9 2017...
VALID TODAY AS OF 0500 PM LOCAL TIME.

CLIMATE NORMAL PERIOD 1981 TO 2010
CLIMATE RECORD PERIOD 1916 TO 2017


WEATHER ITEM   OBSERVED TIME   RECORD YEAR NORMAL DEPARTURE LAST
                VALUE   (LST)  VALUE       VALUE  FROM      YEAR
                                                  NORMAL
..................................................................
TEMPERATURE (F)
 TODAY
  MAXIMUM         25   1235 AM  61    2001  35    -10       30
  MINIMUM         17    135 PM -21    1948  19     -2       21
  AVERAGE         21                        27     -6       26

PRECIPITATION (IN)
  TODAY            0.05                      0.09  -0.04     0.06
  MONTH TO DATE    1.04                      0.77   0.27     1.10
  SINCE DEC 1     10.09                      6.93   3.16     6.80
  SINCE JAN 1      6.95                      3.64   3.31     2.64

SNOWFALL (IN)
  TODAY            1.0                       0.4    0.6      0.8
  MONTH TO DATE    3.8                       3.7    0.1      2.3
  SINCE DEC 1     21.4                      27.5   -6.1     11.2
  SINCE JUL 1     21.6                      30.2   -8.6     11.2
  SNOW DEPTH       3

DEGREE DAYS
 HEATING
  TODAY           44                        38      6       39
  MONTH TO DATE  298                       346    -48      269
  SINCE DEC 1   2400                      2665   -265     2141
  SINCE JUL 1   3277                      3946   -669     3081

 COOLING
  TODAY            0                         0      0        0
  MONTH TO DATE    0                         0      0        0
  SINCE DEC 1      0                         0      0        0
  SINCE JAN 1      0                         0      0        0
..................................................................


WIND (MPH)
  HIGHEST WIND SPEED    23   HIGHEST WIND DIRECTION     W (290)
  HIGHEST GUST SPEED    30   HIGHEST GUST DIRECTION     W (270)


SKY COVER
  POSSIBLE SUNSHINE  MM
  AVERAGE SKY COVER 0.9


WEATHER CONDITIONS
 THE FOLLOWING WEATHER WAS RECORDED TODAY.
  LIGHT SNOW
  FOG
  HAZE


RELATIVE HUMIDITY (PERCENT)
 HIGHEST    92           600 AM
 LOWEST     56           100 PM
 AVERAGE    74

..........................................................


THE MANSFIELD OH CLIMATE NORMALS FOR TOMORROW
                         NORMAL    RECORD    YEAR
 MAXIMUM TEMPERATURE (F)   35        64      1932
 MINIMUM TEMPERATURE (F)   20       -11      1982


SUNRISE AND SUNSET
FEBRUARY  9 2017......SUNRISE   731 AM EST   SUNSET   558 PM EST
FEBRUARY 10 2017......SUNRISE   730 AM EST   SUNSET   559 PM EST


-  INDICATES NEGATIVE NUMBERS.
R  INDICATES RECORD WAS SET OR TIED.
MM INDICATES DATA IS MISSING.
T  INDICATES TRACE AMOUNT.




$$
