000
CDUS41 KCLE 290528
CLIMFD


CLIMATE REPORT
NATIONAL WEATHER SERVICE CLEVELAND OH
126 AM EDT WED JUL 29 2015


...................................

...THE MANSFIELD OH CLIMATE SUMMARY FOR JULY 28 2015...

CLIMATE NORMAL PERIOD 1981 TO 2010
CLIMATE RECORD PERIOD 1916 TO 2015


WEATHER ITEM   OBSERVED TIME   RECORD YEAR NORMAL DEPARTURE LAST
                VALUE   (LST)  VALUE       VALUE  FROM      YEAR
                                                  NORMAL
..................................................................
TEMPERATURE (F)
 YESTERDAY
  MAXIMUM         90    253 PM 101    1930  81      9       72
  MINIMUM         63    528 AM  46    1946  61      2       58
                                      1937
  AVERAGE         77                        71      6       65

PRECIPITATION (IN)
  YESTERDAY        0.00                      0.13  -0.13     0.00
  MONTH TO DATE    1.49                      3.99  -2.50     2.72
  SINCE JUN 1      8.93                      8.74   0.19     9.20
  SINCE JAN 1     26.72                     26.07   0.65    25.53

SNOWFALL (IN)
  YESTERDAY        0.0                       0.0    0.0      0.0
  MONTH TO DATE    0.0                       0.0    0.0      0.0
  SINCE JUN 1      0.0                       0.0    0.0      0.0
  SINCE JUL 1      0.0                       0.0    0.0      0.0
  SNOW DEPTH       0

DEGREE DAYS
 HEATING
  YESTERDAY        0                         0      0        0
  MONTH TO DATE    3                         0      3       13
  SINCE JUN 1     36                        53    -17       37
  SINCE JUL 1      3                         0      3       13

 COOLING
  YESTERDAY       12                         6      6        0
  MONTH TO DATE  156                       195    -39      132
  SINCE JUN 1    312                       329    -17      301
  SINCE JAN 1    430                       375     55      364
..................................................................


WIND (MPH)
  HIGHEST WIND SPEED    12   HIGHEST WIND DIRECTION    SE (130)
  HIGHEST GUST SPEED    15   HIGHEST GUST DIRECTION     E (110)
  AVERAGE WIND SPEED     3.7


SKY COVER
  POSSIBLE SUNSHINE  MM
  AVERAGE SKY COVER 0.1


WEATHER CONDITIONS
 THE FOLLOWING WEATHER WAS RECORDED YESTERDAY.
  FOG


RELATIVE HUMIDITY (PERCENT)
 HIGHEST    93           600 AM
 LOWEST     38           300 PM
 AVERAGE    66

..........................................................


THE MANSFIELD OH CLIMATE NORMALS FOR TODAY
                         NORMAL    RECORD    YEAR
 MAXIMUM TEMPERATURE (F)   81        95      1941
 MINIMUM TEMPERATURE (F)   61        50      1965
                                             1925


SUNRISE AND SUNSET
JULY 29 2015..........SUNRISE   623 AM EDT   SUNSET   849 PM EDT
JULY 30 2015..........SUNRISE   624 AM EDT   SUNSET   848 PM EDT


-  INDICATES NEGATIVE NUMBERS.
R  INDICATES RECORD WAS SET OR TIED.
MM INDICATES DATA IS MISSING.
T  INDICATES TRACE AMOUNT.




$$
