000
CDUS41 KCLE 140540
CLIMFD


CLIMATE REPORT
NATIONAL WEATHER SERVICE CLEVELAND OH
139 AM EDT TUE MAR 14 2017


...................................

...THE MANSFIELD OH CLIMATE SUMMARY FOR MARCH 13 2017...

CLIMATE NORMAL PERIOD 1981 TO 2010
CLIMATE RECORD PERIOD 1916 TO 2017


WEATHER ITEM   OBSERVED TIME   RECORD YEAR NORMAL DEPARTURE LAST
                VALUE   (LST)  VALUE       VALUE  FROM      YEAR
                                                  NORMAL
..................................................................
TEMPERATURE (F)
 YESTERDAY
  MAXIMUM         30    405 PM  76    1990  45    -15       54
  MINIMUM         19    128 AM   3    2014  27     -8       46
                                      1948
  AVERAGE         25                        36    -11       50

PRECIPITATION (IN)
  YESTERDAY        0.13                      0.10   0.03     0.31
  MONTH TO DATE    1.84                      1.26   0.58     2.09
  SINCE MAR 1      1.84                      1.26   0.58     2.09
  SINCE JAN 1      9.70                      6.52   3.18     6.99

SNOWFALL (IN)
  YESTERDAY        1.3                       0.3    0.0      0.0
  MONTH TO DATE    4.0                       4.2   -0.2      3.0
  SINCE MAR 1      4.0                       4.2   -0.2      3.0
  SINCE JUL 1     25.6                      42.1  -16.5     23.4
  SNOW DEPTH       0

DEGREE DAYS
 HEATING
  YESTERDAY       40                        29     11       15
  MONTH TO DATE  394                       406    -12      302
  SINCE MAR 1    394                       406    -12      302
  SINCE JUL 1   4064                      5031   -967     4074

 COOLING
  YESTERDAY        0                         0      0        0
  MONTH TO DATE    0                         0      0        0
  SINCE MAR 1      0                         0      0        0
  SINCE JAN 1      0                         0      0        0
..................................................................


WIND (MPH)
  HIGHEST WIND SPEED    16   HIGHEST WIND DIRECTION     E (90)
  HIGHEST GUST SPEED    21   HIGHEST GUST DIRECTION     E (100)
  AVERAGE WIND SPEED    10.2


SKY COVER
  POSSIBLE SUNSHINE  MM
  AVERAGE SKY COVER 0.6


WEATHER CONDITIONS
 THE FOLLOWING WEATHER WAS RECORDED YESTERDAY.
  LIGHT SNOW
  FOG
  HAZE


RELATIVE HUMIDITY (PERCENT)
 HIGHEST    88           600 PM
 LOWEST     52          1200 AM
 AVERAGE    70

..........................................................


THE MANSFIELD OH CLIMATE NORMALS FOR TODAY
                         NORMAL    RECORD    YEAR
 MAXIMUM TEMPERATURE (F)   45        77      1990
 MINIMUM TEMPERATURE (F)   27         3      1993


SUNRISE AND SUNSET
MARCH 14 2017.........SUNRISE   743 AM EDT   SUNSET   736 PM EDT
MARCH 15 2017.........SUNRISE   741 AM EDT   SUNSET   737 PM EDT


-  INDICATES NEGATIVE NUMBERS.
R  INDICATES RECORD WAS SET OR TIED.
MM INDICATES DATA IS MISSING.
T  INDICATES TRACE AMOUNT.




$$
