000
CDUS41 KCLE 102115
CLIMFD


CLIMATE REPORT
NATIONAL WEATHER SERVICE CLEVELAND OH
515 PM EDT TUE OCT 10 2017


...................................

...THE MANSFIELD OH CLIMATE SUMMARY FOR OCTOBER 10 2017...
VALID TODAY AS OF 0500 PM LOCAL TIME.

CLIMATE NORMAL PERIOD 1981 TO 2010
CLIMATE RECORD PERIOD 1916 TO 2017


WEATHER ITEM   OBSERVED TIME   RECORD YEAR NORMAL DEPARTURE LAST
                VALUE   (LST)  VALUE       VALUE  FROM      YEAR
                                                  NORMAL
..................................................................
TEMPERATURE (F)
 TODAY
  MAXIMUM         77    218 PM  85    2010  64     13       63
  MINIMUM         54    238 AM  22    1956  44     10       37
  AVERAGE         66                        54     12       50

PRECIPITATION (IN)
  TODAY            0.00                      0.09  -0.09     0.00
  MONTH TO DATE    1.89                      0.96   0.93     0.17
  SINCE SEP 1      3.49                      4.28  -0.79     3.88
  SINCE JAN 1     40.07                     35.11   4.96    27.51

SNOWFALL (IN)
  TODAY            0.0                       0.0    0.0      0.0
  MONTH TO DATE    0.0                       0.0    0.0      0.0
  SINCE SEP 1      0.0                       0.0    0.0      0.0
  SINCE JUL 1      0.0                       0.0    0.0      0.0
  SNOW DEPTH       0

DEGREE DAYS
 HEATING
  TODAY            0                        12    -12       15
  MONTH TO DATE   20                       104    -84       52
  SINCE SEP 1    110                       229   -119       86
  SINCE JUL 1    124                       254   -130       87

 COOLING
  TODAY            1                         0      1        0
  MONTH TO DATE   16                         5     11        8
  SINCE SEP 1    128                        68     60      154
  SINCE JAN 1    745                       630    115     1058
..................................................................


WIND (MPH)
  HIGHEST WIND SPEED     9   HIGHEST WIND DIRECTION    NE (30)
  HIGHEST GUST SPEED    11   HIGHEST GUST DIRECTION    NE (40)


SKY COVER
  POSSIBLE SUNSHINE  MM
  AVERAGE SKY COVER 0.5


WEATHER CONDITIONS
 THE FOLLOWING WEATHER WAS RECORDED TODAY.
  FOG
  FOG W/VISIBILITY <= 1/4 MILE


RELATIVE HUMIDITY (PERCENT)
 HIGHEST   100          1200 AM
 LOWEST     50          1200 PM
 AVERAGE    75

..........................................................


THE MANSFIELD OH CLIMATE NORMALS FOR TOMORROW
                         NORMAL    RECORD    YEAR
 MAXIMUM TEMPERATURE (F)   63        89      1928
 MINIMUM TEMPERATURE (F)   43        23      1964


SUNRISE AND SUNSET
OCTOBER 10 2017.......SUNRISE   736 AM EDT   SUNSET   657 PM EDT
OCTOBER 11 2017.......SUNRISE   737 AM EDT   SUNSET   655 PM EDT


-  INDICATES NEGATIVE NUMBERS.
R  INDICATES RECORD WAS SET OR TIED.
MM INDICATES DATA IS MISSING.
T  INDICATES TRACE AMOUNT.




$$
