000
CDUS41 KCLE 220526
CLIMFD


CLIMATE REPORT
NATIONAL WEATHER SERVICE CLEVELAND OH
1226 AM EST MON DEC 22 2014


...................................

...THE MANSFIELD OH CLIMATE SUMMARY FOR DECEMBER 21 2014...

CLIMATE NORMAL PERIOD 1981 TO 2010
CLIMATE RECORD PERIOD 1916 TO 2014


WEATHER ITEM   OBSERVED TIME   RECORD YEAR NORMAL DEPARTURE LAST
                VALUE   (LST)  VALUE       VALUE  FROM      YEAR
                                                  NORMAL
..................................................................
TEMPERATURE (F)
 YESTERDAY
  MAXIMUM         35    253 PM  63    1967  35      0       62
  MINIMUM         23   1159 PM -12    1989  21      2       38
  AVERAGE         29                        28      1       50

PRECIPITATION (IN)
  YESTERDAY        0.00                      0.10  -0.10     2.09
  MONTH TO DATE    1.32                      2.24  -0.92     3.20
  SINCE DEC 1      1.32                      2.24  -0.92     3.20
  SINCE JAN 1     35.98                     43.14  -7.16    42.04

SNOWFALL (IN)
  YESTERDAY        0.0                       0.4   -0.4      0.0
  MONTH TO DATE    0.2                       6.5   -6.3     13.0
  SINCE DEC 1      0.2                       6.5   -6.3     13.0
  SINCE JUL 1      6.1                       9.2   -3.1     14.6
  SNOW DEPTH       0

DEGREE DAYS
 HEATING
  YESTERDAY       36                        37     -1       15
  MONTH TO DATE  661                       715    -54      718
  SINCE DEC 1    661                       715    -54      718
  SINCE JUL 1   2049                      1996     53     2050

 COOLING
  YESTERDAY        0                         0      0        0
  MONTH TO DATE    0                         0      0        0
  SINCE DEC 1      0                         0      0        0
  SINCE JAN 1    623                       632     -9      741
..................................................................


WIND (MPH)
  HIGHEST WIND SPEED    10   HIGHEST WIND DIRECTION     E (100)
  HIGHEST GUST SPEED    13   HIGHEST GUST DIRECTION     E (110)
  AVERAGE WIND SPEED     3.8


SKY COVER
  POSSIBLE SUNSHINE  MM
  AVERAGE SKY COVER 0.4


WEATHER CONDITIONS
 THE FOLLOWING WEATHER WAS RECORDED YESTERDAY.
  NO SIGNIFICANT WEATHER WAS OBSERVED.


RELATIVE HUMIDITY (PERCENT)
 HIGHEST    88           900 AM
 LOWEST     56           300 PM
 AVERAGE    72

..........................................................


THE MANSFIELD OH CLIMATE NORMALS FOR TODAY
                         NORMAL    RECORD    YEAR
 MAXIMUM TEMPERATURE (F)   35        59      2013
                                             1949
                                             1941
 MINIMUM TEMPERATURE (F)   21       -17      1989


SUNRISE AND SUNSET
DECEMBER 22 2014......SUNRISE   751 AM EST   SUNSET   506 PM EST
DECEMBER 23 2014......SUNRISE   752 AM EST   SUNSET   507 PM EST


-  INDICATES NEGATIVE NUMBERS.
R  INDICATES RECORD WAS SET OR TIED.
MM INDICATES DATA IS MISSING.
T  INDICATES TRACE AMOUNT.




$$
