000
CDUS41 KCLE 290525
CLIMFD


CLIMATE REPORT
NATIONAL WEATHER SERVICE CLEVELAND OH
1225 AM EST TUE NOV 29 2016


...................................

...THE MANSFIELD OH CLIMATE SUMMARY FOR NOVEMBER 28 2016...

CLIMATE NORMAL PERIOD 1981 TO 2010
CLIMATE RECORD PERIOD 1916 TO 2016


WEATHER ITEM   OBSERVED TIME   RECORD YEAR NORMAL DEPARTURE LAST
                VALUE   (LST)  VALUE       VALUE  FROM      YEAR
                                                  NORMAL
..................................................................
TEMPERATURE (F)
 YESTERDAY
  MAXIMUM         55    315 PM  66    2005  43     12       41
                                      1998
                                      1990
  MINIMUM         37    317 AM   1    1930  29      8       36
  AVERAGE         46                        36     10       39

PRECIPITATION (IN)
  YESTERDAY        0.37                      0.13   0.24     0.36
  MONTH TO DATE    1.05                      3.57  -2.52     2.22
  SINCE SEP 1      8.23                      9.83  -1.60     7.36
  SINCE JAN 1     31.86                     40.66  -8.80    35.35

SNOWFALL (IN)
  YESTERDAY        0.0                       0.1   -0.1      0.0
  MONTH TO DATE    0.2                       1.9   -1.7      0.0
  SINCE SEP 1      0.2                       2.4   -2.2      0.0
  SINCE JUL 1      0.2                       2.4   -2.2      0.0
  SNOW DEPTH       0

DEGREE DAYS
 HEATING
  YESTERDAY       19                        29    -10       26
  MONTH TO DATE  541                       654   -113      476
  SINCE SEP 1    849                      1197   -348      866
  SINCE JUL 1    850                      1222   -372      883

 COOLING
  YESTERDAY        0                         0      0        0
  MONTH TO DATE    6                         0      6        4
  SINCE SEP 1    180                        70    110      147
  SINCE JAN 1   1084                       632    452      778
..................................................................


WIND (MPH)
  HIGHEST WIND SPEED    28   HIGHEST WIND DIRECTION    SE (130)
  HIGHEST GUST SPEED    37   HIGHEST GUST DIRECTION    SE (120)
  AVERAGE WIND SPEED    13.7


SKY COVER
  POSSIBLE SUNSHINE  MM
  AVERAGE SKY COVER 0.7


WEATHER CONDITIONS
 THE FOLLOWING WEATHER WAS RECORDED YESTERDAY.
  LIGHT RAIN
  FOG


RELATIVE HUMIDITY (PERCENT)
 HIGHEST    86          1100 PM
 LOWEST     44           200 PM
 AVERAGE    65

..........................................................


THE MANSFIELD OH CLIMATE NORMALS FOR TODAY
                         NORMAL    RECORD    YEAR
 MAXIMUM TEMPERATURE (F)   43        65      1998
                                             1927
 MINIMUM TEMPERATURE (F)   28         3      1976


SUNRISE AND SUNSET
NOVEMBER 29 2016......SUNRISE   733 AM EST   SUNSET   503 PM EST
NOVEMBER 30 2016......SUNRISE   734 AM EST   SUNSET   503 PM EST


-  INDICATES NEGATIVE NUMBERS.
R  INDICATES RECORD WAS SET OR TIED.
MM INDICATES DATA IS MISSING.
T  INDICATES TRACE AMOUNT.




$$
