855
CDUS41 KCLE 180545
CLIMFD


CLIMATE REPORT
NATIONAL WEATHER SERVICE CLEVELAND OH
145 AM EDT SUN SEP 18 2016


...................................

...THE MANSFIELD OH CLIMATE SUMMARY FOR SEPTEMBER 17 2016...

CLIMATE NORMAL PERIOD 1981 TO 2010
CLIMATE RECORD PERIOD 1916 TO 2016


WEATHER ITEM   OBSERVED TIME   RECORD YEAR NORMAL DEPARTURE LAST
                VALUE   (LST)  VALUE       VALUE  FROM      YEAR
                                                  NORMAL
..................................................................
TEMPERATURE (F)
 YESTERDAY
  MAXIMUM         80   1221 PM  91    1955  73      7       82
                                      1931
  MINIMUM         69   1159 PM  29    1959  52     17       53
  AVERAGE         75                        63     12       68

PRECIPITATION (IN)
  YESTERDAY        0.35                      0.11   0.24     0.00
  MONTH TO DATE    2.37                      1.94   0.43     2.11
  SINCE SEP 1      2.37                      1.94   0.43     2.11
  SINCE JAN 1     26.00                     32.77  -6.77    30.10

SNOWFALL (IN)
  YESTERDAY        0.0                       0.0    0.0      0.0
  MONTH TO DATE    0.0                       0.0    0.0      0.0
  SINCE SEP 1      0.0                       0.0    0.0      0.0
  SINCE JUL 1      0.0                       0.0    0.0      0.0
  SNOW DEPTH       0

DEGREE DAYS
 HEATING
  YESTERDAY        0                         4     -4        0
  MONTH TO DATE    2                        41    -39       22
  SINCE SEP 1      2                        41    -39       22
  SINCE JUL 1      3                        66    -63       39

 COOLING
  YESTERDAY       10                         2      8        3
  MONTH TO DATE   97                        48     49      119
  SINCE SEP 1     97                        48     49      119
  SINCE JAN 1   1001                       610    391      750
..................................................................


WIND (MPH)
  HIGHEST WIND SPEED    23   HIGHEST WIND DIRECTION    SW (210)
  HIGHEST GUST SPEED    30   HIGHEST GUST DIRECTION    SW (210)
  AVERAGE WIND SPEED    10.5


SKY COVER
  POSSIBLE SUNSHINE  MM
  AVERAGE SKY COVER 0.7


WEATHER CONDITIONS
 THE FOLLOWING WEATHER WAS RECORDED YESTERDAY.
  HEAVY RAIN
  LIGHT RAIN
  FOG


RELATIVE HUMIDITY (PERCENT)
 HIGHEST   100           700 AM
 LOWEST     67          1200 PM
 AVERAGE    84

..........................................................


THE MANSFIELD OH CLIMATE NORMALS FOR TODAY
                         NORMAL    RECORD    YEAR
 MAXIMUM TEMPERATURE (F)   73        92      1955
 MINIMUM TEMPERATURE (F)   52        28      1959


SUNRISE AND SUNSET
SEPTEMBER 18 2016.....SUNRISE   714 AM EDT   SUNSET   733 PM EDT
SEPTEMBER 19 2016.....SUNRISE   715 AM EDT   SUNSET   731 PM EDT


-  INDICATES NEGATIVE NUMBERS.
R  INDICATES RECORD WAS SET OR TIED.
MM INDICATES DATA IS MISSING.
T  INDICATES TRACE AMOUNT.




$$
