000
CDUS41 KCLE 240527
CLIMFD


CLIMATE REPORT
NATIONAL WEATHER SERVICE CLEVELAND OH
127 AM EDT TUE MAR 24 2015


...................................

...THE MANSFIELD OH CLIMATE SUMMARY FOR MARCH 23 2015...

CLIMATE NORMAL PERIOD 1981 TO 2010
CLIMATE RECORD PERIOD 1916 TO 2015


WEATHER ITEM   OBSERVED TIME   RECORD YEAR NORMAL DEPARTURE LAST
                VALUE   (LST)  VALUE       VALUE  FROM      YEAR
                                                  NORMAL
..................................................................
TEMPERATURE (F)
 YESTERDAY
  MAXIMUM         32    224 PM  77    2012  49    -17       34
  MINIMUM         20   1159 PM   7    1940  30    -10       18
  AVERAGE         26                        40    -14       26

PRECIPITATION (IN)
  YESTERDAY        0.07                      0.11  -0.04     0.00
  MONTH TO DATE    1.88                      2.38  -0.50     1.26
  SINCE MAR 1      1.88                      2.38  -0.50     1.26
  SINCE JAN 1      7.04                      7.64  -0.60     5.59

SNOWFALL (IN)
  YESTERDAY        0.9                       0.2    0.7      0.0
  MONTH TO DATE    6.5                       6.5    0.0      6.5
  SINCE MAR 1      6.5                       6.5    0.0      6.5
  SINCE JUL 1     59.0                      44.4   14.6     60.4
  SNOW DEPTH       0

DEGREE DAYS
 HEATING
  YESTERDAY       39                        25     14       39
  MONTH TO DATE  711                       677     34      773
  SINCE MAR 1    711                       677     34      773
  SINCE JUL 1   5783                      5302    481     5817

 COOLING
  YESTERDAY        0                         0      0        0
  MONTH TO DATE    0                         0      0        0
  SINCE MAR 1      0                         0      0        0
  SINCE JAN 1      0                         0      0        0
..................................................................


WIND (MPH)
  HIGHEST WIND SPEED    15   HIGHEST WIND DIRECTION     E (100)
  HIGHEST GUST SPEED    19   HIGHEST GUST DIRECTION     N (20)
  AVERAGE WIND SPEED     7.6


SKY COVER
  POSSIBLE SUNSHINE  MM
  AVERAGE SKY COVER 0.8


WEATHER CONDITIONS
 THE FOLLOWING WEATHER WAS RECORDED YESTERDAY.
  LIGHT SNOW
  FOG


RELATIVE HUMIDITY (PERCENT)
 HIGHEST    88           600 PM
 LOWEST     49           100 PM
 AVERAGE    69

..........................................................


THE MANSFIELD OH CLIMATE NORMALS FOR TODAY
                         NORMAL    RECORD    YEAR
 MAXIMUM TEMPERATURE (F)   50        80      1939
 MINIMUM TEMPERATURE (F)   31         4      1974


SUNRISE AND SUNSET
MARCH 24 2015.........SUNRISE   727 AM EDT   SUNSET   746 PM EDT
MARCH 25 2015.........SUNRISE   726 AM EDT   SUNSET   747 PM EDT


-  INDICATES NEGATIVE NUMBERS.
R  INDICATES RECORD WAS SET OR TIED.
MM INDICATES DATA IS MISSING.
T  INDICATES TRACE AMOUNT.




$$
