000
CDUS41 KCLE 200545
CLIMFD


CLIMATE REPORT
NATIONAL WEATHER SERVICE CLEVELAND OH
145 AM EDT WED MAY 20 2015


...................................

...THE MANSFIELD OH CLIMATE SUMMARY FOR MAY 19 2015...

CLIMATE NORMAL PERIOD 1981 TO 2010
CLIMATE RECORD PERIOD 1916 TO 2015


WEATHER ITEM   OBSERVED TIME   RECORD YEAR NORMAL DEPARTURE LAST
                VALUE   (LST)  VALUE       VALUE  FROM      YEAR
                                                  NORMAL
..................................................................
TEMPERATURE (F)
 YESTERDAY
  MAXIMUM         68   1221 AM  88    1964  70     -2       68
  MINIMUM         48   1159 PM  32    2002  49     -1       39
  AVERAGE         58                        60     -2       54

PRECIPITATION (IN)
  YESTERDAY        0.00                      0.14  -0.14     0.00
  MONTH TO DATE    1.78                      2.62  -0.84     2.36
  SINCE MAR 1     10.02                     10.15  -0.13    11.36
  SINCE JAN 1     15.18                     15.41  -0.23    15.69

SNOWFALL (IN)
  YESTERDAY        0.0                       0.0    0.0      0.0
  MONTH TO DATE    0.0                       0.0    0.0      0.0
  SINCE MAR 1     10.7                      10.4    0.3     11.5
  SINCE JUL 1     63.2                      48.3   14.9     65.4
  SNOW DEPTH       0

DEGREE DAYS
 HEATING
  YESTERDAY        7                         7      0       11
  MONTH TO DATE   68                       168   -100      167
  SINCE MAR 1   1445                      1528    -83     1636
  SINCE JUL 1   6517                      6153    364     6680

 COOLING
  YESTERDAY        0                         1     -1        0
  MONTH TO DATE   70                        14     56       34
  SINCE MAR 1     70                        22     48       36
  SINCE JAN 1     70                        22     48       36
..................................................................


WIND (MPH)
  HIGHEST WIND SPEED    17   HIGHEST WIND DIRECTION     W (260)
  HIGHEST GUST SPEED    23   HIGHEST GUST DIRECTION     W (270)
  AVERAGE WIND SPEED     9.3


SKY COVER
  POSSIBLE SUNSHINE  MM
  AVERAGE SKY COVER 0.5


WEATHER CONDITIONS
 THE FOLLOWING WEATHER WAS RECORDED YESTERDAY.
  NO SIGNIFICANT WEATHER WAS OBSERVED.


RELATIVE HUMIDITY (PERCENT)
 HIGHEST   100           100 AM
 LOWEST     62          1000 AM
 AVERAGE    81

..........................................................


THE MANSFIELD OH CLIMATE NORMALS FOR TODAY
                         NORMAL    RECORD    YEAR
 MAXIMUM TEMPERATURE (F)   71        89      1962
 MINIMUM TEMPERATURE (F)   49        32      1945


SUNRISE AND SUNSET
MAY 20 2015...........SUNRISE   609 AM EDT   SUNSET   845 PM EDT
MAY 21 2015...........SUNRISE   608 AM EDT   SUNSET   846 PM EDT


-  INDICATES NEGATIVE NUMBERS.
R  INDICATES RECORD WAS SET OR TIED.
MM INDICATES DATA IS MISSING.
T  INDICATES TRACE AMOUNT.




$$
