000
CDUS41 KCLE 150545
CLIMFD


CLIMATE REPORT
NATIONAL WEATHER SERVICE CLEVELAND OH
145 AM EDT WED OCT 15 2014


...................................

...THE MANSFIELD OH CLIMATE SUMMARY FOR OCTOBER 14 2014...

CLIMATE NORMAL PERIOD 1981 TO 2010
CLIMATE RECORD PERIOD 1916 TO 2014


WEATHER ITEM   OBSERVED TIME   RECORD YEAR NORMAL DEPARTURE LAST
                VALUE   (LST)  VALUE       VALUE  FROM      YEAR
                                                  NORMAL
..................................................................
TEMPERATURE (F)
 YESTERDAY
  MAXIMUM         78    111 PM  83    1989  62     16       67
                                      1930
  MINIMUM         57   1159 PM  23    1957  42     15       46
  AVERAGE         68                        52     16       57

PRECIPITATION (IN)
  YESTERDAY        0.63                      0.09   0.54     0.00
  MONTH TO DATE    1.11                      1.33  -0.22     2.51
  SINCE SEP 1      2.58                      4.65  -2.07     5.24
  SINCE JAN 1     31.80                     35.48  -3.68    34.16

SNOWFALL (IN)
  YESTERDAY        0.0                       0.1   -0.1      0.0
  MONTH TO DATE    0.0                       0.1   -0.1      0.0
  SINCE SEP 1      0.0                       0.1   -0.1      0.0
  SINCE JUL 1      0.0                       0.1   -0.1      0.0
  SNOW DEPTH       0

DEGREE DAYS
 HEATING
  YESTERDAY        0                        13    -13        8
  MONTH TO DATE  149                       154     -5       67
  SINCE SEP 1    261                       279    -18      185
  SINCE JUL 1    288                       304    -16      213

 COOLING
  YESTERDAY        3                         0      3        0
  MONTH TO DATE    4                         5     -1       24
  SINCE SEP 1     69                        68      1       99
  SINCE JAN 1    623                       630     -7      741
..................................................................


WIND (MPH)
  HIGHEST WIND SPEED    32   HIGHEST WIND DIRECTION     S (160)
  HIGHEST GUST SPEED    47   HIGHEST GUST DIRECTION    SE (130)
  AVERAGE WIND SPEED    16.7


SKY COVER
  POSSIBLE SUNSHINE  MM
  AVERAGE SKY COVER 0.6


WEATHER CONDITIONS
 THE FOLLOWING WEATHER WAS RECORDED YESTERDAY.
  RAIN
  LIGHT RAIN
  FOG


RELATIVE HUMIDITY (PERCENT)
 HIGHEST   100           600 PM
 LOWEST     54           100 PM
 AVERAGE    77

..........................................................


THE MANSFIELD OH CLIMATE NORMALS FOR TODAY
                         NORMAL    RECORD    YEAR
 MAXIMUM TEMPERATURE (F)   62        86      1928
 MINIMUM TEMPERATURE (F)   42        19      1939


SUNRISE AND SUNSET
OCTOBER 15 2014.......SUNRISE   741 AM EDT   SUNSET   650 PM EDT
OCTOBER 16 2014.......SUNRISE   742 AM EDT   SUNSET   648 PM EDT


-  INDICATES NEGATIVE NUMBERS.
R  INDICATES RECORD WAS SET OR TIED.
MM INDICATES DATA IS MISSING.
T  INDICATES TRACE AMOUNT.




$$
