000
CDUS41 KCLE 210527
CLIMFD


CLIMATE REPORT
NATIONAL WEATHER SERVICE CLEVELAND OH
126 AM EDT TUE MAR 21 2017


...................................

...THE MANSFIELD OH CLIMATE SUMMARY FOR MARCH 20 2017...

CLIMATE NORMAL PERIOD 1981 TO 2010
CLIMATE RECORD PERIOD 1916 TO 2017


WEATHER ITEM   OBSERVED TIME   RECORD YEAR NORMAL DEPARTURE LAST
                VALUE   (LST)  VALUE       VALUE  FROM      YEAR
                                                  NORMAL
..................................................................
TEMPERATURE (F)
 YESTERDAY
  MAXIMUM         48    305 PM  81    2012  48      0       34
  MINIMUM         30    511 AM  10    1956  29      1       27
  AVERAGE         39                        38      1       31

PRECIPITATION (IN)
  YESTERDAY        0.05                      0.11  -0.06      T
  MONTH TO DATE    2.38                      2.03   0.35     2.44
  SINCE MAR 1      2.38                      2.03   0.35     2.44
  SINCE JAN 1     10.24                      7.29   2.95     7.34

SNOWFALL (IN)
  YESTERDAY        0.0                       0.3   -0.3       T
  MONTH TO DATE   10.7                       5.9    4.8      3.0
  SINCE MAR 1     10.7                       5.9    4.8      3.0
  SINCE JUL 1     32.3                      43.8  -11.5     23.4
  SNOW DEPTH       0

DEGREE DAYS
 HEATING
  YESTERDAY       26                        27     -1       34
  MONTH TO DATE  644                       600     44      434
  SINCE MAR 1    644                       600     44      434
  SINCE JUL 1   4314                      5225   -911     4206

 COOLING
  YESTERDAY        0                         0      0        0
  MONTH TO DATE    0                         0      0        0
  SINCE MAR 1      0                         0      0        0
  SINCE JAN 1      0                         0      0        0
..................................................................


WIND (MPH)
  HIGHEST WIND SPEED    24   HIGHEST WIND DIRECTION     S (180)
  HIGHEST GUST SPEED    29   HIGHEST GUST DIRECTION     S (170)
  AVERAGE WIND SPEED     7.0


SKY COVER
  POSSIBLE SUNSHINE  MM
  AVERAGE SKY COVER 0.8


WEATHER CONDITIONS
 THE FOLLOWING WEATHER WAS RECORDED YESTERDAY.
  LIGHT RAIN
  FOG
  FOG W/VISIBILITY <= 1/4 MILE


RELATIVE HUMIDITY (PERCENT)
 HIGHEST   100          1000 PM
 LOWEST     65           100 PM
 AVERAGE    83

..........................................................


THE MANSFIELD OH CLIMATE NORMALS FOR TODAY
                         NORMAL    RECORD    YEAR
 MAXIMUM TEMPERATURE (F)   48        82      2012
 MINIMUM TEMPERATURE (F)   30        12      1986
                                             1940


SUNRISE AND SUNSET
MARCH 21 2017.........SUNRISE   731 AM EDT   SUNSET   744 PM EDT
MARCH 22 2017.........SUNRISE   730 AM EDT   SUNSET   745 PM EDT


-  INDICATES NEGATIVE NUMBERS.
R  INDICATES RECORD WAS SET OR TIED.
MM INDICATES DATA IS MISSING.
T  INDICATES TRACE AMOUNT.




$$
