801
CDUS41 KCLE 112213
CLIMFD


CLIMATE REPORT
NATIONAL WEATHER SERVICE CLEVELAND OH
512 PM EST SUN FEB 11 2018


...................................

...THE MANSFIELD OH CLIMATE SUMMARY FOR FEBRUARY 11 2018...
VALID TODAY AS OF 0500 PM LOCAL TIME.

CLIMATE NORMAL PERIOD 1981 TO 2010
CLIMATE RECORD PERIOD 1916 TO 2018


WEATHER ITEM   OBSERVED TIME   RECORD YEAR NORMAL DEPARTURE LAST
                VALUE   (LST)  VALUE       VALUE  FROM      YEAR
                                                  NORMAL
..................................................................
TEMPERATURE (F)
 TODAY
  MAXIMUM         42   1112 AM  68    1999  35      7       52
                                      1932
  MINIMUM         25    250 AM  -5    2014  20      5       43
                                      1979
  AVERAGE         34                        28      6       48

PRECIPITATION (IN)
  TODAY            0.05                      0.08  -0.03      T
  MONTH TO DATE    0.65                      0.93  -0.28     1.04
  SINCE DEC 1      5.01                      7.09  -2.08    10.09
  SINCE JAN 1      3.16                      3.80  -0.64     6.95

SNOWFALL (IN)
  TODAY            0.0                       0.3   -0.3      0.0
  MONTH TO DATE    7.6                       4.4    3.2      3.8
  SINCE DEC 1     29.4                      28.2    1.2     21.4
  SINCE JUL 1     29.5                      30.9   -1.4     21.6
  SNOW DEPTH       2

DEGREE DAYS
 HEATING
  TODAY           31                        38     -7       17
  MONTH TO DATE  462                       422     40      354
  SINCE DEC 1   2863                      2741    122     2456
  SINCE JUL 1   3945                      4022    -77     3333

 COOLING
  TODAY            0                         0      0        0
  MONTH TO DATE    0                         0      0        0
  SINCE DEC 1      0                         0      0        0
  SINCE JAN 1      0                         0      0        0
..................................................................


WIND (MPH)
  HIGHEST WIND SPEED    17   HIGHEST WIND DIRECTION     W (270)
  HIGHEST GUST SPEED    23   HIGHEST GUST DIRECTION     W (270)


SKY COVER
  POSSIBLE SUNSHINE  MM
  AVERAGE SKY COVER 1.0


WEATHER CONDITIONS
 THE FOLLOWING WEATHER WAS RECORDED TODAY.
  LIGHT RAIN
  LT FREEZING RAIN
  FOG
  FOG W/VISIBILITY <= 1/4 MILE


RELATIVE HUMIDITY (PERCENT)
 HIGHEST   100           100 AM
 LOWEST     89           300 PM
 AVERAGE    95

..........................................................


THE MANSFIELD OH CLIMATE NORMALS FOR TOMORROW
                         NORMAL    RECORD    YEAR
 MAXIMUM TEMPERATURE (F)   36        64      1999
 MINIMUM TEMPERATURE (F)   20       -16      1917


SUNRISE AND SUNSET
FEBRUARY 11 2018......SUNRISE   729 AM EST   SUNSET   600 PM EST
FEBRUARY 12 2018......SUNRISE   728 AM EST   SUNSET   601 PM EST


-  INDICATES NEGATIVE NUMBERS.
R  INDICATES RECORD WAS SET OR TIED.
MM INDICATES DATA IS MISSING.
T  INDICATES TRACE AMOUNT.




$$
