000
CDUS41 KCLE 092211
CLIMFD


CLIMATE REPORT
NATIONAL WEATHER SERVICE CLEVELAND OH
511 PM EST THU NOV 9 2017


...................................

...THE MANSFIELD OH CLIMATE SUMMARY FOR NOVEMBER 9 2017...
VALID TODAY AS OF 0500 PM LOCAL TIME.

CLIMATE NORMAL PERIOD 1981 TO 2010
CLIMATE RECORD PERIOD 1916 TO 2017


WEATHER ITEM   OBSERVED TIME   RECORD YEAR NORMAL DEPARTURE LAST
                VALUE   (LST)  VALUE       VALUE  FROM      YEAR
                                                  NORMAL
..................................................................
TEMPERATURE (F)
 TODAY
  MAXIMUM         51    342 PM  72    1999  53     -2       49
  MINIMUM         27    704 AM  12    1991  35     -8       33
  AVERAGE         39                        44     -5       41

PRECIPITATION (IN)
  TODAY            0.00                      0.12  -0.12     0.05
  MONTH TO DATE    2.70                      1.10   1.60     0.34
  SINCE SEP 1      7.23                      7.36  -0.13     7.52
  SINCE JAN 1     43.81                     38.19   5.62    31.15

SNOWFALL (IN)
  TODAY            0.0                       0.0    0.0      0.0
  MONTH TO DATE    0.1                       0.3   -0.2      0.0
  SINCE SEP 1      0.1                       0.8   -0.7      0.0
  SINCE JUL 1      0.1                       0.8   -0.7      0.0
  SNOW DEPTH       0

DEGREE DAYS
 HEATING
  TODAY           26                        21      5       24
  MONTH TO DATE  151                       177    -26      100
  SINCE SEP 1    514                       720   -206      408
  SINCE JUL 1    528                       745   -217      409

 COOLING
  TODAY            0                         0      0        0
  MONTH TO DATE    0                         0      0        6
  SINCE SEP 1    131                        70     61      180
  SINCE JAN 1    748                       632    116     1084
..................................................................


WIND (MPH)
  HIGHEST WIND SPEED    20   HIGHEST WIND DIRECTION    SW (230)
  HIGHEST GUST SPEED    26   HIGHEST GUST DIRECTION    SW (210)


SKY COVER
  POSSIBLE SUNSHINE  MM
  AVERAGE SKY COVER 0.1


WEATHER CONDITIONS
 THE FOLLOWING WEATHER WAS RECORDED TODAY.
  FOG


RELATIVE HUMIDITY (PERCENT)
 HIGHEST   100           100 AM
 LOWEST     50           300 PM
 AVERAGE    75

..........................................................


THE MANSFIELD OH CLIMATE NORMALS FOR TOMORROW
                         NORMAL    RECORD    YEAR
 MAXIMUM TEMPERATURE (F)   52        68      1977
                                             1949
 MINIMUM TEMPERATURE (F)   35        16      1957


SUNRISE AND SUNSET
NOVEMBER  9 2017......SUNRISE   710 AM EST   SUNSET   517 PM EST
NOVEMBER 10 2017......SUNRISE   711 AM EST   SUNSET   516 PM EST


-  INDICATES NEGATIVE NUMBERS.
R  INDICATES RECORD WAS SET OR TIED.
MM INDICATES DATA IS MISSING.
T  INDICATES TRACE AMOUNT.




$$
