000
CDUS41 KCLE 202110
CLIMFD


CLIMATE REPORT
NATIONAL WEATHER SERVICE CLEVELAND OH
510 PM EDT SAT MAY 20 2017


...................................

...THE MANSFIELD OH CLIMATE SUMMARY FOR MAY 20 2017...
VALID TODAY AS OF 0500 PM LOCAL TIME.

CLIMATE NORMAL PERIOD 1981 TO 2010
CLIMATE RECORD PERIOD 1916 TO 2017


WEATHER ITEM   OBSERVED TIME   RECORD YEAR NORMAL DEPARTURE LAST
                VALUE   (LST)  VALUE       VALUE  FROM      YEAR
                                                  NORMAL
..................................................................
TEMPERATURE (F)
 TODAY
  MAXIMUM         70    323 PM  89    1962  71     -1       71
  MINIMUM         50    407 AM  32    1945  49      1       45
  AVERAGE         60                        60      0       58

PRECIPITATION (IN)
  TODAY            0.01                      0.16  -0.15     0.05
  MONTH TO DATE    3.86                      2.78   1.08     2.93
  SINCE MAR 1     11.62                     10.31   1.31    10.60
  SINCE JAN 1     19.48                     15.57   3.91    15.50

SNOWFALL (IN)
  TODAY            0.0                       0.0    0.0      0.0
  MONTH TO DATE    0.0                       0.0    0.0      0.0
  SINCE MAR 1     15.0                      10.4    4.6      7.2
  SINCE JUL 1     36.6                      48.3  -11.7     27.6
  SNOW DEPTH       0

DEGREE DAYS
 HEATING
  TODAY            5                         7     -2        7
  MONTH TO DATE  201                       175     26      218
  SINCE MAR 1   1306                      1535   -229     1369
  SINCE JUL 1   4976                      6160  -1184     5141

 COOLING
  TODAY            0                         1     -1        0
  MONTH TO DATE   26                        15     11        3
  SINCE MAR 1     44                        23     21        3
  SINCE JAN 1     44                        23     21        3
..................................................................


WIND (MPH)
  HIGHEST WIND SPEED    15   HIGHEST WIND DIRECTION     E (90)
  HIGHEST GUST SPEED    19   HIGHEST GUST DIRECTION     E (90)


SKY COVER
  POSSIBLE SUNSHINE  MM
  AVERAGE SKY COVER 0.8


WEATHER CONDITIONS
 THE FOLLOWING WEATHER WAS RECORDED TODAY.
  THUNDERSTORM
  LIGHT RAIN
  FOG
  HAZE


RELATIVE HUMIDITY (PERCENT)
 HIGHEST    96           200 AM
 LOWEST     73           200 PM
 AVERAGE    85

..........................................................


THE MANSFIELD OH CLIMATE NORMALS FOR TOMORROW
                         NORMAL    RECORD    YEAR
 MAXIMUM TEMPERATURE (F)   71        89      1941
                                             1934
 MINIMUM TEMPERATURE (F)   50        31      1958


SUNRISE AND SUNSET
MAY 20 2017...........SUNRISE   608 AM EDT   SUNSET   846 PM EDT
MAY 21 2017...........SUNRISE   607 AM EDT   SUNSET   847 PM EDT


-  INDICATES NEGATIVE NUMBERS.
R  INDICATES RECORD WAS SET OR TIED.
MM INDICATES DATA IS MISSING.
T  INDICATES TRACE AMOUNT.




$$
