000
CDUS41 KCLE 102113
CLIMFD


CLIMATE REPORT
NATIONAL WEATHER SERVICE CLEVELAND OH
511 PM EDT SUN SEP 10 2017


...................................

...THE MANSFIELD OH CLIMATE SUMMARY FOR SEPTEMBER 10 2017...
VALID TODAY AS OF 0500 PM LOCAL TIME.

CLIMATE NORMAL PERIOD 1981 TO 2010
CLIMATE RECORD PERIOD 1916 TO 2017


WEATHER ITEM   OBSERVED TIME   RECORD YEAR NORMAL DEPARTURE LAST
                VALUE   (LST)  VALUE       VALUE  FROM      YEAR
                                                  NORMAL
..................................................................
TEMPERATURE (F)
 TODAY
  MAXIMUM         68    330 PM  95    2013  76     -8       88
  MINIMUM         44    629 AM  38    1956  55    -11       61
  AVERAGE         56                        65     -9       75

PRECIPITATION (IN)
  TODAY            0.00                      0.11  -0.11     0.91
  MONTH TO DATE    1.45                      1.17   0.28     1.65
  SINCE SEP 1      1.45                      1.17   0.28     1.65
  SINCE JAN 1     38.03                     32.00   6.03    25.28

SNOWFALL (IN)
  TODAY            0.0                       0.0    0.0      0.0
  MONTH TO DATE    0.0                       0.0    0.0      0.0
  SINCE SEP 1      0.0                       0.0    0.0      0.0
  SINCE JUL 1      0.0                       0.0    0.0      0.0
  SNOW DEPTH       0

DEGREE DAYS
 HEATING
  TODAY            9                         2      7        0
  MONTH TO DATE   58                        17     41        0
  SINCE SEP 1     58                        17     41        0
  SINCE JUL 1     72                        42     30        1

 COOLING
  TODAY            0                         3     -3       10
  MONTH TO DATE    6                        34    -28       82
  SINCE SEP 1      6                        34    -28       82
  SINCE JAN 1    623                       596     27      986
..................................................................


WIND (MPH)
  HIGHEST WIND SPEED    14   HIGHEST WIND DIRECTION    NE (60)
  HIGHEST GUST SPEED    19   HIGHEST GUST DIRECTION     E (70)


SKY COVER
  POSSIBLE SUNSHINE  MM
  AVERAGE SKY COVER 0.0


WEATHER CONDITIONS
 THE FOLLOWING WEATHER WAS RECORDED TODAY.
  NO SIGNIFICANT WEATHER WAS OBSERVED.


RELATIVE HUMIDITY (PERCENT)
 HIGHEST    86          1200 AM
 LOWEST     48           100 PM
 AVERAGE    67

..........................................................


THE MANSFIELD OH CLIMATE NORMALS FOR TOMORROW
                         NORMAL    RECORD    YEAR
 MAXIMUM TEMPERATURE (F)   75        94      1931
 MINIMUM TEMPERATURE (F)   55        34      1917


SUNRISE AND SUNSET
SEPTEMBER 10 2017.....SUNRISE   706 AM EDT   SUNSET   747 PM EDT
SEPTEMBER 11 2017.....SUNRISE   707 AM EDT   SUNSET   745 PM EDT


-  INDICATES NEGATIVE NUMBERS.
R  INDICATES RECORD WAS SET OR TIED.
MM INDICATES DATA IS MISSING.
T  INDICATES TRACE AMOUNT.




$$
