000
CDUS41 KCLE 200531
CLIMFD


CLIMATE REPORT
NATIONAL WEATHER SERVICE CLEVELAND OH
1230 AM EST FRI FEB 20 2015


...................................

...THE MANSFIELD OH CLIMATE SUMMARY FOR FEBRUARY 19 2015...

CLIMATE NORMAL PERIOD 1981 TO 2010
CLIMATE RECORD PERIOD 1916 TO 2015


WEATHER ITEM   OBSERVED TIME   RECORD YEAR NORMAL DEPARTURE LAST
                VALUE   (LST)  VALUE       VALUE  FROM      YEAR
                                                  NORMAL
..................................................................
TEMPERATURE (F)
 YESTERDAY
  MAXIMUM          4    157 PM  65    1939  37    -33       48
  MINIMUM         -1    949 PM -12    1936  21    -22       27
  AVERAGE          2                        29    -27       38

PRECIPITATION (IN)
  YESTERDAY        0.05                      0.08  -0.03     0.00
  MONTH TO DATE    1.29                      1.60  -0.31     1.55
  SINCE DEC 1      6.61                      7.76  -1.15     7.75
  SINCE JAN 1      4.75                      4.47   0.28     3.57

SNOWFALL (IN)
  YESTERDAY        1.0                       0.4    0.6      0.0
  MONTH TO DATE   15.9                       7.7    8.2     15.2
  SINCE DEC 1     41.1                      31.5    9.6     51.2
  SINCE JUL 1     47.0                      34.2   12.8     52.8
  SNOW DEPTH       4

DEGREE DAYS
 HEATING
  YESTERDAY       63                        36     27       27
  MONTH TO DATE  909                       715    194      872
  SINCE DEC 1   3192                      3034    158     3362
  SINCE JUL 1   4580                      4315    265     4694

 COOLING
  YESTERDAY        0                         0      0        0
  MONTH TO DATE    0                         0      0        0
  SINCE DEC 1      0                         0      0        0
  SINCE JAN 1      0                         0      0        0
..................................................................


WIND (MPH)
  HIGHEST WIND SPEED    16   HIGHEST WIND DIRECTION     W (270)
  HIGHEST GUST SPEED    23   HIGHEST GUST DIRECTION     W (270)
  AVERAGE WIND SPEED     8.9


SKY COVER
  POSSIBLE SUNSHINE  MM
  AVERAGE SKY COVER 0.9


WEATHER CONDITIONS
 THE FOLLOWING WEATHER WAS RECORDED YESTERDAY.
  LIGHT SNOW
  FOG
  HAZE


RELATIVE HUMIDITY (PERCENT)
 HIGHEST    87           200 AM
 LOWEST     56           200 PM
 AVERAGE    72

..........................................................


THE MANSFIELD OH CLIMATE NORMALS FOR TODAY
                         NORMAL    RECORD    YEAR
 MAXIMUM TEMPERATURE (F)   37        66      1930
 MINIMUM TEMPERATURE (F)   21       -12      1936


SUNRISE AND SUNSET
FEBRUARY 20 2015......SUNRISE   718 AM EST   SUNSET   610 PM EST
FEBRUARY 21 2015......SUNRISE   716 AM EST   SUNSET   612 PM EST


-  INDICATES NEGATIVE NUMBERS.
R  INDICATES RECORD WAS SET OR TIED.
MM INDICATES DATA IS MISSING.
T  INDICATES TRACE AMOUNT.




$$
