239
CDUS41 KCLE 040537
CLIMFD


CLIMATE REPORT
NATIONAL WEATHER SERVICE CLEVELAND OH
1237 AM EST THU FEB 4 2016


...................................

...THE MANSFIELD OH CLIMATE SUMMARY FOR FEBRUARY 3 2016...

CLIMATE NORMAL PERIOD 1981 TO 2010
CLIMATE RECORD PERIOD 1916 TO 2016


WEATHER ITEM   OBSERVED TIME   RECORD YEAR NORMAL DEPARTURE LAST
                VALUE   (LST)  VALUE       VALUE  FROM      YEAR
                                                  NORMAL
..................................................................
TEMPERATURE (F)
 YESTERDAY
  MAXIMUM         59R   111 PM  53    1991  34     25       28
                                      1927
  MINIMUM         35   1159 PM -10    1945  19     16        8
  AVERAGE         47                        26     21       18

PRECIPITATION (IN)
  YESTERDAY        0.29                      0.08   0.21     0.03
  MONTH TO DATE    0.71                      0.25   0.46     0.59
  SINCE DEC 1      6.41                      6.41   0.00     5.91
  SINCE JAN 1      2.25                      3.12  -0.87     4.05

SNOWFALL (IN)
  YESTERDAY        0.0                       0.5   -0.5      0.3
  MONTH TO DATE    0.0                       1.3   -1.3      4.0
  SINCE DEC 1      8.9                      25.1  -16.2     29.2
  SINCE JUL 1      8.9                      27.8  -18.9     35.1
  SNOW DEPTH       0

DEGREE DAYS
 HEATING
  YESTERDAY       18                        39    -21       47
  MONTH TO DATE   70                       117    -47      121
  SINCE DEC 1   1942                      2436   -494     2404
  SINCE JUL 1   2882                      3717   -835     3792

 COOLING
  YESTERDAY        0                         0      0        0
  MONTH TO DATE    0                         0      0        0
  SINCE DEC 1      0                         0      0        0
  SINCE JAN 1      0                         0      0        0
..................................................................


WIND (MPH)
  HIGHEST WIND SPEED    33   HIGHEST WIND DIRECTION    SW (210)
  HIGHEST GUST SPEED    44   HIGHEST GUST DIRECTION    SW (210)
  AVERAGE WIND SPEED    18.5


SKY COVER
  POSSIBLE SUNSHINE  MM
  AVERAGE SKY COVER 0.7


WEATHER CONDITIONS
 THE FOLLOWING WEATHER WAS RECORDED YESTERDAY.
  RAIN
  LIGHT RAIN
  FOG


RELATIVE HUMIDITY (PERCENT)
 HIGHEST    96           200 AM
 LOWEST     43           300 PM
 AVERAGE    70

..........................................................


THE MANSFIELD OH CLIMATE NORMALS FOR TODAY
                         NORMAL    RECORD    YEAR
 MAXIMUM TEMPERATURE (F)   34        58      1991
                                             1924
 MINIMUM TEMPERATURE (F)   19        -7      1996


SUNRISE AND SUNSET
FEBRUARY  4 2016......SUNRISE   738 AM EST   SUNSET   551 PM EST
FEBRUARY  5 2016......SUNRISE   737 AM EST   SUNSET   552 PM EST


-  INDICATES NEGATIVE NUMBERS.
R  INDICATES RECORD WAS SET OR TIED.
MM INDICATES DATA IS MISSING.
T  INDICATES TRACE AMOUNT.




$$
