000
CDUS41 KCLE 062220
CLIMFD


CLIMATE REPORT
NATIONAL WEATHER SERVICE CLEVELAND OH
519 PM EST MON NOV 6 2017


...................................

...THE MANSFIELD OH CLIMATE SUMMARY FOR NOVEMBER 6 2017...
VALID TODAY AS OF 0500 PM LOCAL TIME.

CLIMATE NORMAL PERIOD 1981 TO 2010
CLIMATE RECORD PERIOD 1916 TO 2017


WEATHER ITEM   OBSERVED TIME   RECORD YEAR NORMAL DEPARTURE LAST
                VALUE   (LST)  VALUE       VALUE  FROM      YEAR
                                                  NORMAL
..................................................................
TEMPERATURE (F)
 TODAY
  MAXIMUM         59    128 AM  72    1975  54      5       68
                                      1938
  MINIMUM         42    459 PM  16    1944  36      6       40
  AVERAGE         51                        45      6       54

PRECIPITATION (IN)
  TODAY            0.14                      0.12   0.02     0.00
  MONTH TO DATE    2.70                      0.74   1.96     0.04
  SINCE SEP 1      7.23                      7.00   0.23     7.22
  SINCE JAN 1     43.81                     37.83   5.98    30.85

SNOWFALL (IN)
  TODAY            0.0                       0.0    0.0      0.0
  MONTH TO DATE    0.1                       0.2   -0.1      0.0
  SINCE SEP 1      0.1                       0.7   -0.6      0.0
  SINCE JUL 1      0.1                       0.7   -0.6      0.0
  SNOW DEPTH       0

DEGREE DAYS
 HEATING
  TODAY           14                        20     -6       11
  MONTH TO DATE   74                       115    -41       54
  SINCE SEP 1    437                       658   -221      362
  SINCE JUL 1    451                       683   -232      363

 COOLING
  TODAY            0                         0      0        0
  MONTH TO DATE    0                         0      0        6
  SINCE SEP 1    131                        70     61      180
  SINCE JAN 1    748                       632    116     1084
..................................................................


WIND (MPH)
  HIGHEST WIND SPEED    18   HIGHEST WIND DIRECTION     N (340)
  HIGHEST GUST SPEED    22   HIGHEST GUST DIRECTION    NW (330)


SKY COVER
  POSSIBLE SUNSHINE  MM
  AVERAGE SKY COVER 1.0


WEATHER CONDITIONS
 THE FOLLOWING WEATHER WAS RECORDED TODAY.
  RAIN
  LIGHT RAIN
  FOG


RELATIVE HUMIDITY (PERCENT)
 HIGHEST   100          1200 AM
 LOWEST     76           400 PM
 AVERAGE    88

..........................................................


THE MANSFIELD OH CLIMATE NORMALS FOR TOMORROW
                         NORMAL    RECORD    YEAR
 MAXIMUM TEMPERATURE (F)   54        76      1938
 MINIMUM TEMPERATURE (F)   36        15      1930


SUNRISE AND SUNSET
NOVEMBER  6 2017......SUNRISE   707 AM EST   SUNSET   520 PM EST
NOVEMBER  7 2017......SUNRISE   708 AM EST   SUNSET   519 PM EST


-  INDICATES NEGATIVE NUMBERS.
R  INDICATES RECORD WAS SET OR TIED.
MM INDICATES DATA IS MISSING.
T  INDICATES TRACE AMOUNT.




$$
