000
CDUS41 KCLE 170545
CLIMFD


CLIMATE REPORT
NATIONAL WEATHER SERVICE CLEVELAND OH
145 AM EDT FRI MAR 17 2017


...................................

...THE MANSFIELD OH CLIMATE SUMMARY FOR MARCH 16 2017...

CLIMATE NORMAL PERIOD 1981 TO 2010
CLIMATE RECORD PERIOD 1916 TO 2017


WEATHER ITEM   OBSERVED TIME   RECORD YEAR NORMAL DEPARTURE LAST
                VALUE   (LST)  VALUE       VALUE  FROM      YEAR
                                                  NORMAL
..................................................................
TEMPERATURE (F)
 YESTERDAY
  MAXIMUM         39    436 PM  75    1945  46     -7       61
  MINIMUM         19    532 AM   8    1992  28     -9       45
  AVERAGE         29                        37     -8       53

PRECIPITATION (IN)
  YESTERDAY        0.00                      0.11  -0.11     0.00
  MONTH TO DATE    2.02                      1.58   0.44     2.44
  SINCE MAR 1      2.02                      1.58   0.44     2.44
  SINCE JAN 1      9.88                      6.84   3.04     7.34

SNOWFALL (IN)
  YESTERDAY        0.0                       0.2   -0.2      0.0
  MONTH TO DATE    8.1                       4.9    3.2      3.0
  SINCE MAR 1      8.1                       4.9    3.2      3.0
  SINCE JUL 1     29.7                      42.8  -13.1     23.4
  SNOW DEPTH       0

DEGREE DAYS
 HEATING
  YESTERDAY       36                        28      8       12
  MONTH TO DATE  522                       491     31      331
  SINCE MAR 1    522                       491     31      331
  SINCE JUL 1   4192                      5116   -924     4103

 COOLING
  YESTERDAY        0                         0      0        0
  MONTH TO DATE    0                         0      0        0
  SINCE MAR 1      0                         0      0        0
  SINCE JAN 1      0                         0      0        0
..................................................................


WIND (MPH)
  HIGHEST WIND SPEED    17   HIGHEST WIND DIRECTION     W (280)
  HIGHEST GUST SPEED    25   HIGHEST GUST DIRECTION    NW (300)
  AVERAGE WIND SPEED     9.5


SKY COVER
  POSSIBLE SUNSHINE  MM
  AVERAGE SKY COVER 0.4


WEATHER CONDITIONS
 THE FOLLOWING WEATHER WAS RECORDED YESTERDAY.
  NO SIGNIFICANT WEATHER WAS OBSERVED.


RELATIVE HUMIDITY (PERCENT)
 HIGHEST    77           200 AM
 LOWEST     37           600 PM
 AVERAGE    57

..........................................................


THE MANSFIELD OH CLIMATE NORMALS FOR TODAY
                         NORMAL    RECORD    YEAR
 MAXIMUM TEMPERATURE (F)   47        75      2012
 MINIMUM TEMPERATURE (F)   28         4      1941


SUNRISE AND SUNSET
MARCH 17 2017.........SUNRISE   738 AM EDT   SUNSET   739 PM EDT
MARCH 18 2017.........SUNRISE   736 AM EDT   SUNSET   740 PM EDT


-  INDICATES NEGATIVE NUMBERS.
R  INDICATES RECORD WAS SET OR TIED.
MM INDICATES DATA IS MISSING.
T  INDICATES TRACE AMOUNT.




$$
