000
CDUS41 KCLE 300526
CLIMFD


CLIMATE REPORT
NATIONAL WEATHER SERVICE CLEVELAND OH
125 AM EDT TUE JUN 30 2015


...................................

...THE MANSFIELD OH CLIMATE SUMMARY FOR JUNE 29 2015...

CLIMATE NORMAL PERIOD 1981 TO 2010
CLIMATE RECORD PERIOD 1916 TO 2015


WEATHER ITEM   OBSERVED TIME   RECORD YEAR NORMAL DEPARTURE LAST
                VALUE   (LST)  VALUE       VALUE  FROM      YEAR
                                                  NORMAL
..................................................................
TEMPERATURE (F)
 YESTERDAY
  MAXIMUM         64    207 PM  96    1934  81    -17       86
                                      1933
  MINIMUM         56    500 AM  45    1958  60     -4       70
                                      1938
                                      1923
  AVERAGE         60                        71    -11       78

PRECIPITATION (IN)
  YESTERDAY        0.18                      0.15   0.03     0.34
  MONTH TO DATE    6.53                      4.60   1.93     6.48
  SINCE JUN 1      6.53                      4.60   1.93     6.48
  SINCE JAN 1     24.32                     21.93   2.39    22.81

SNOWFALL (IN)
  YESTERDAY        0.0                       0.0    0.0      0.0
  MONTH TO DATE    0.0                       0.0    0.0      0.0
  SINCE JUN 1      0.0                       0.0    0.0      0.0
  SINCE JUL 1     63.2                      48.3   14.9     65.4
  SNOW DEPTH       0

DEGREE DAYS
 HEATING
  YESTERDAY        5                         1      4        0
  MONTH TO DATE   33                        54    -21       24
  SINCE JUN 1     33                        54    -21       24
  SINCE JUL 1   6602                      6271    331     6715

 COOLING
  YESTERDAY        0                         6     -6       13
  MONTH TO DATE  154                       129     25      156
  SINCE JUN 1    154                       129     25      156
  SINCE JAN 1    272                       175     97      219
..................................................................


WIND (MPH)
  HIGHEST WIND SPEED    18   HIGHEST WIND DIRECTION    SE (130)
  HIGHEST GUST SPEED    25   HIGHEST GUST DIRECTION    SE (140)
  AVERAGE WIND SPEED     7.3


SKY COVER
  POSSIBLE SUNSHINE  MM
  AVERAGE SKY COVER 0.7


WEATHER CONDITIONS
 THE FOLLOWING WEATHER WAS RECORDED YESTERDAY.
  LIGHT RAIN
  FOG


RELATIVE HUMIDITY (PERCENT)
 HIGHEST   100           500 PM
 LOWEST     84           700 AM
 AVERAGE    92

..........................................................


THE MANSFIELD OH CLIMATE NORMALS FOR TODAY
                         NORMAL    RECORD    YEAR
 MAXIMUM TEMPERATURE (F)   81        94      1970
 MINIMUM TEMPERATURE (F)   61        43      1943


SUNRISE AND SUNSET
JUNE 30 2015..........SUNRISE   602 AM EDT   SUNSET   906 PM EDT
JULY  1 2015..........SUNRISE   602 AM EDT   SUNSET   905 PM EDT


-  INDICATES NEGATIVE NUMBERS.
R  INDICATES RECORD WAS SET OR TIED.
MM INDICATES DATA IS MISSING.
T  INDICATES TRACE AMOUNT.




$$
