000
CDUS41 KCLE 302110
CLIMFD


CLIMATE REPORT
NATIONAL WEATHER SERVICE CLEVELAND OH
510 PM EDT FRI SEP 30 2016


...................................

...THE MANSFIELD OH CLIMATE SUMMARY FOR SEPTEMBER 30 2016...
VALID TODAY AS OF 0500 PM LOCAL TIME.

CLIMATE NORMAL PERIOD 1981 TO 2010
CLIMATE RECORD PERIOD 1916 TO 2016


WEATHER ITEM   OBSERVED TIME   RECORD YEAR NORMAL DEPARTURE LAST
                VALUE   (LST)  VALUE       VALUE  FROM      YEAR
                                                  NORMAL
..................................................................
TEMPERATURE (F)
 TODAY
  MAXIMUM         61    359 PM  85    1953  68     -7       64
  MINIMUM         58    327 AM  31    1935  47     11       51
  AVERAGE         60                        57      3       58

PRECIPITATION (IN)
  TODAY            0.02                      0.10  -0.08     0.03
  MONTH TO DATE    3.67                      3.32   0.35     2.53
  SINCE SEP 1      3.67                      3.32   0.35     2.53
  SINCE JAN 1     27.30                     34.15  -6.85    30.52

SNOWFALL (IN)
  TODAY            0.0                       0.0    0.0      0.0
  MONTH TO DATE    0.0                       0.0    0.0      0.0
  SINCE SEP 1      0.0                       0.0    0.0      0.0
  SINCE JUL 1      0.0                       0.0    0.0      0.0
  SNOW DEPTH       0

DEGREE DAYS
 HEATING
  TODAY            5                         9     -4        7
  MONTH TO DATE   34                       124    -90       41
  SINCE SEP 1     34                       125    -91       41
  SINCE JUL 1     35                       150   -115       58

 COOLING
  TODAY            0                         1     -1        0
  MONTH TO DATE  146                        63     83      143
  SINCE SEP 1    146                        63     83      143
  SINCE JAN 1   1050                       625    425      774
..................................................................


WIND (MPH)
  HIGHEST WIND SPEED    21   HIGHEST WIND DIRECTION     E (110)
  HIGHEST GUST SPEED    27   HIGHEST GUST DIRECTION    NE (60)


SKY COVER
  POSSIBLE SUNSHINE  MM
  AVERAGE SKY COVER 1.0


WEATHER CONDITIONS
 THE FOLLOWING WEATHER WAS RECORDED TODAY.
  LIGHT RAIN


RELATIVE HUMIDITY (PERCENT)
 HIGHEST    93          1200 AM
 LOWEST     90           900 AM
 AVERAGE    92

..........................................................


THE MANSFIELD OH CLIMATE NORMALS FOR TOMORROW
                         NORMAL    RECORD    YEAR
 MAXIMUM TEMPERATURE (F)   67        87      1937
                                             1927
 MINIMUM TEMPERATURE (F)   47        29      1956


SUNRISE AND SUNSET
SEPTEMBER 30 2016.....SUNRISE   726 AM EDT   SUNSET   713 PM EDT
OCTOBER  1 2016.......SUNRISE   727 AM EDT   SUNSET   711 PM EDT


-  INDICATES NEGATIVE NUMBERS.
R  INDICATES RECORD WAS SET OR TIED.
MM INDICATES DATA IS MISSING.
T  INDICATES TRACE AMOUNT.




$$
