000
CDUS41 KCLE 072111
CLIMFD


CLIMATE REPORT
NATIONAL WEATHER SERVICE CLEVELAND OH
510 PM EDT TUE JUL 7 2015


...................................

...THE MANSFIELD OH CLIMATE SUMMARY FOR JULY 7 2015...
VALID TODAY AS OF 0500 PM LOCAL TIME.

CLIMATE NORMAL PERIOD 1981 TO 2010
CLIMATE RECORD PERIOD 1916 TO 2015


WEATHER ITEM   OBSERVED TIME   RECORD YEAR NORMAL DEPARTURE LAST
                VALUE   (LST)  VALUE       VALUE  FROM      YEAR
                                                  NORMAL
..................................................................
TEMPERATURE (F)
 TODAY
  MAXIMUM         82   1136 AM 100    1988  82      0       81
  MINIMUM         67    500 AM  45    1959  61      6       69
                                      1945
  AVERAGE         75                        72      3       75

PRECIPITATION (IN)
  TODAY            0.32                      0.15   0.17     0.09
  MONTH TO DATE    0.32                      1.03  -0.71     1.07
  SINCE JUN 1      7.76                      5.78   1.98     7.55
  SINCE JAN 1     25.55                     23.11   2.44    23.88

SNOWFALL (IN)
  TODAY            0.0                       0.0    0.0      0.0
  MONTH TO DATE    0.0                       0.0    0.0      0.0
  SINCE JUN 1      0.0                       0.0    0.0      0.0
  SINCE JUL 1      0.0                       0.0    0.0      0.0
  SNOW DEPTH       0

DEGREE DAYS
 HEATING
  TODAY            0                         0      0        0
  MONTH TO DATE    0                         0      0        4
  SINCE JUN 1     33                        53    -20       28
  SINCE JUL 1      0                         0      0        4

 COOLING
  TODAY           10                         7      3       10
  MONTH TO DATE   26                        49    -23       35
  SINCE JUN 1    182                       183     -1      204
  SINCE JAN 1    300                       229     71      267
..................................................................


WIND (MPH)
  HIGHEST WIND SPEED    21   HIGHEST WIND DIRECTION     S (190)
  HIGHEST GUST SPEED    27   HIGHEST GUST DIRECTION     S (190)


SKY COVER
  POSSIBLE SUNSHINE  MM
  AVERAGE SKY COVER 0.4


WEATHER CONDITIONS
 THE FOLLOWING WEATHER WAS RECORDED TODAY.
  THUNDERSTORM
  RAIN
  LIGHT RAIN
  FOG
  HAZE


RELATIVE HUMIDITY (PERCENT)
 HIGHEST   100           400 PM
 LOWEST     69          1100 AM
 AVERAGE    85

..........................................................


THE MANSFIELD OH CLIMATE NORMALS FOR TOMORROW
                         NORMAL    RECORD    YEAR
 MAXIMUM TEMPERATURE (F)   82        98      1988
 MINIMUM TEMPERATURE (F)   61        45      1959


SUNRISE AND SUNSET
JULY  7 2015..........SUNRISE   606 AM EDT   SUNSET   904 PM EDT
JULY  8 2015..........SUNRISE   606 AM EDT   SUNSET   904 PM EDT


-  INDICATES NEGATIVE NUMBERS.
R  INDICATES RECORD WAS SET OR TIED.
MM INDICATES DATA IS MISSING.
T  INDICATES TRACE AMOUNT.




$$
