000
CDUS41 KCLE 272124
CLIMFD


CLIMATE REPORT
NATIONAL WEATHER SERVICE CLEVELAND OH
524 PM EDT SAT MAY 27 2017


...................................

...THE MANSFIELD OH CLIMATE SUMMARY FOR MAY 27 2017...
VALID TODAY AS OF 0500 PM LOCAL TIME.

CLIMATE NORMAL PERIOD 1981 TO 2010
CLIMATE RECORD PERIOD 1916 TO 2017


WEATHER ITEM   OBSERVED TIME   RECORD YEAR NORMAL DEPARTURE LAST
                VALUE   (LST)  VALUE       VALUE  FROM      YEAR
                                                  NORMAL
..................................................................
TEMPERATURE (F)
 TODAY
  MAXIMUM         75    207 PM  90    2012  73      2       86
                                      1918
  MINIMUM         58    747 AM  33    1947  52      6       63
  AVERAGE         67                        62      5       75

PRECIPITATION (IN)
  TODAY            0.40                      0.16   0.24     0.00
  MONTH TO DATE    5.14                      3.89   1.25     3.14
  SINCE MAR 1     12.90                     11.42   1.48    10.81
  SINCE JAN 1     20.76                     16.68   4.08    15.71

SNOWFALL (IN)
  TODAY            0.0                       0.0    0.0      0.0
  MONTH TO DATE    0.0                       0.0    0.0      0.0
  SINCE MAR 1     15.0                      10.4    4.6      7.2
  SINCE JUL 1     36.6                      48.3  -11.7     27.6
  SNOW DEPTH       0

DEGREE DAYS
 HEATING
  TODAY            0                         5     -5        0
  MONTH TO DATE  219                       214      5      239
  SINCE MAR 1   1324                      1574   -250     1390
  SINCE JUL 1   4994                      6199  -1205     5162

 COOLING
  TODAY            2                         2      0       10
  MONTH TO DATE   31                        28      3       28
  SINCE MAR 1     49                        36     13       28
  SINCE JAN 1     49                        36     13       28
..................................................................


WIND (MPH)
  HIGHEST WIND SPEED    12   HIGHEST WIND DIRECTION    SE (120)
  HIGHEST GUST SPEED    14   HIGHEST GUST DIRECTION    SE (120)


SKY COVER
  POSSIBLE SUNSHINE  MM
  AVERAGE SKY COVER 1.0


WEATHER CONDITIONS
 THE FOLLOWING WEATHER WAS RECORDED TODAY.
  THUNDERSTORM
  RAIN
  LIGHT RAIN
  FOG


RELATIVE HUMIDITY (PERCENT)
 HIGHEST   100           300 AM
 LOWEST     64           200 PM
 AVERAGE    82

..........................................................


THE MANSFIELD OH CLIMATE NORMALS FOR TOMORROW
                         NORMAL    RECORD    YEAR
 MAXIMUM TEMPERATURE (F)   73        91      2012
 MINIMUM TEMPERATURE (F)   52        35      1949


SUNRISE AND SUNSET
MAY 27 2017...........SUNRISE   603 AM EDT   SUNSET   852 PM EDT
MAY 28 2017...........SUNRISE   603 AM EDT   SUNSET   853 PM EDT


-  INDICATES NEGATIVE NUMBERS.
R  INDICATES RECORD WAS SET OR TIED.
MM INDICATES DATA IS MISSING.
T  INDICATES TRACE AMOUNT.




$$
