000
CDUS41 KCLE 290537
CLIMFD


CLIMATE REPORT
NATIONAL WEATHER SERVICE CLEVELAND OH
136 AM EDT FRI MAY 29 2015


...................................

...THE MANSFIELD OH CLIMATE SUMMARY FOR MAY 28 2015...

CLIMATE NORMAL PERIOD 1981 TO 2010
CLIMATE RECORD PERIOD 1916 TO 2015


WEATHER ITEM   OBSERVED TIME   RECORD YEAR NORMAL DEPARTURE LAST
                VALUE   (LST)  VALUE       VALUE  FROM      YEAR
                                                  NORMAL
..................................................................
TEMPERATURE (F)
 YESTERDAY
  MAXIMUM         79    417 PM  91    2012  73      6       79
  MINIMUM         60    519 AM  35    1949  52      8       61
  AVERAGE         70                        62      8       70

PRECIPITATION (IN)
  YESTERDAY        0.00                      0.16  -0.16     0.15
  MONTH TO DATE    2.61                      4.05  -1.44     3.00
  SINCE MAR 1     10.85                     11.58  -0.73    12.00
  SINCE JAN 1     16.01                     16.84  -0.83    16.33

SNOWFALL (IN)
  YESTERDAY        0.0                       0.0    0.0      0.0
  MONTH TO DATE    0.0                       0.0    0.0      0.0
  SINCE MAR 1     10.7                      10.4    0.3     11.5
  SINCE JUL 1     63.2                      48.3   14.9     65.4
  SNOW DEPTH       0

DEGREE DAYS
 HEATING
  YESTERDAY        0                         5     -5        0
  MONTH TO DATE  115                       219   -104      178
  SINCE MAR 1   1492                      1579    -87     1647
  SINCE JUL 1   6564                      6204    360     6691

 COOLING
  YESTERDAY        5                         2      3        5
  MONTH TO DATE  101                        30     71       58
  SINCE MAR 1    101                        38     63       60
  SINCE JAN 1    101                        38     63       60
..................................................................


WIND (MPH)
  HIGHEST WIND SPEED    13   HIGHEST WIND DIRECTION     E (110)
  HIGHEST GUST SPEED    17   HIGHEST GUST DIRECTION     E (90)
  AVERAGE WIND SPEED     6.7


SKY COVER
  POSSIBLE SUNSHINE  MM
  AVERAGE SKY COVER 0.3


WEATHER CONDITIONS
 THE FOLLOWING WEATHER WAS RECORDED YESTERDAY.
  FOG
  FOG W/VISIBILITY <= 1/4 MILE


RELATIVE HUMIDITY (PERCENT)
 HIGHEST   100          1200 AM
 LOWEST     48           300 PM
 AVERAGE    74

..........................................................


THE MANSFIELD OH CLIMATE NORMALS FOR TODAY
                         NORMAL    RECORD    YEAR
 MAXIMUM TEMPERATURE (F)   73        89      1991
                                             1969
                                             1941
 MINIMUM TEMPERATURE (F)   52        33      1958


SUNRISE AND SUNSET
MAY 29 2015...........SUNRISE   602 AM EDT   SUNSET   853 PM EDT
MAY 30 2015...........SUNRISE   602 AM EDT   SUNSET   854 PM EDT


-  INDICATES NEGATIVE NUMBERS.
R  INDICATES RECORD WAS SET OR TIED.
MM INDICATES DATA IS MISSING.
T  INDICATES TRACE AMOUNT.




$$
