000
CDUS41 KCLE 242111
CLIMFD


CLIMATE REPORT
NATIONAL WEATHER SERVICE CLEVELAND OH
511 PM EDT WED SEP 24 2014


...................................

...THE MANSFIELD OH CLIMATE SUMMARY FOR SEPTEMBER 24 2014...
VALID TODAY AS OF 0500 PM LOCAL TIME.

CLIMATE NORMAL PERIOD 1981 TO 2010
CLIMATE RECORD PERIOD 1916 TO 2014


WEATHER ITEM   OBSERVED TIME   RECORD YEAR NORMAL DEPARTURE LAST
                VALUE   (LST)  VALUE       VALUE  FROM      YEAR
                                                  NORMAL
..................................................................
TEMPERATURE (F)
 TODAY
  MAXIMUM         75    343 PM  89    2010  70      5       67
                                      1934
  MINIMUM         47    542 AM  31    1944  49     -2       41
  AVERAGE         61                        60      1       54

PRECIPITATION (IN)
  TODAY            0.00                      0.11  -0.11     0.00
  MONTH TO DATE    1.06                      2.70  -1.64     2.71
  SINCE SEP 1      1.06                      2.70  -1.64     2.71
  SINCE JAN 1     30.28                     33.53  -3.25    31.63

SNOWFALL (IN)
  TODAY            0.0                       0.0    0.0      0.0
  MONTH TO DATE    0.0                       0.0    0.0      0.0
  SINCE SEP 1      0.0                       0.0    0.0      0.0
  SINCE JUL 1      0.0                       0.0    0.0      0.0
  SNOW DEPTH       0

DEGREE DAYS
 HEATING
  TODAY            4                         6     -2       11
  MONTH TO DATE   98                        78     20       98
  SINCE SEP 1     98                        78     20       98
  SINCE JUL 1    125                       103     22      126

 COOLING
  TODAY            0                         1     -1        0
  MONTH TO DATE   63                        58      5       75
  SINCE SEP 1     63                        58      5       75
  SINCE JAN 1    617                       620     -3      717
..................................................................


WIND (MPH)
  HIGHEST WIND SPEED    14   HIGHEST WIND DIRECTION     E (110)
  HIGHEST GUST SPEED    17   HIGHEST GUST DIRECTION    SE (120)


SKY COVER
  POSSIBLE SUNSHINE  MM
  AVERAGE SKY COVER 0.0


WEATHER CONDITIONS
 THE FOLLOWING WEATHER WAS RECORDED TODAY.
  NO SIGNIFICANT WEATHER WAS OBSERVED.


RELATIVE HUMIDITY (PERCENT)
 HIGHEST    93           300 AM
 LOWEST     33           200 PM
 AVERAGE    63

..........................................................


THE MANSFIELD OH CLIMATE NORMALS FOR TOMORROW
                         NORMAL    RECORD    YEAR
 MAXIMUM TEMPERATURE (F)   70        88      2007
                                             1934
 MINIMUM TEMPERATURE (F)   49        30      1942


SUNRISE AND SUNSET
SEPTEMBER 24 2014.....SUNRISE   720 AM EDT   SUNSET   724 PM EDT
SEPTEMBER 25 2014.....SUNRISE   721 AM EDT   SUNSET   722 PM EDT


-  INDICATES NEGATIVE NUMBERS.
R  INDICATES RECORD WAS SET OR TIED.
MM INDICATES DATA IS MISSING.
T  INDICATES TRACE AMOUNT.




$$
