000
CDUS41 KCLE 200528
CLIMFD


CLIMATE REPORT
NATIONAL WEATHER SERVICE CLEVELAND OH
127 AM EDT FRI MAR 20 2015


...................................

...THE MANSFIELD OH CLIMATE SUMMARY FOR MARCH 19 2015...

CLIMATE NORMAL PERIOD 1981 TO 2010
CLIMATE RECORD PERIOD 1916 TO 2015


WEATHER ITEM   OBSERVED TIME   RECORD YEAR NORMAL DEPARTURE LAST
                VALUE   (LST)  VALUE       VALUE  FROM      YEAR
                                                  NORMAL
..................................................................
TEMPERATURE (F)
 YESTERDAY
  MAXIMUM         48    350 PM  78    2012  47      1       50
  MINIMUM         29    648 AM   4    1934  29      0       36
  AVERAGE         39                        38      1       43

PRECIPITATION (IN)
  YESTERDAY        0.00                      0.12  -0.12     0.24
  MONTH TO DATE    1.80                      1.92  -0.12     1.24
  SINCE MAR 1      1.80                      1.92  -0.12     1.24
  SINCE JAN 1      6.96                      7.18  -0.22     5.57

SNOWFALL (IN)
  YESTERDAY        0.0                       0.2   -0.2      0.0
  MONTH TO DATE    5.5                       5.6   -0.1      6.3
  SINCE MAR 1      5.5                       5.6   -0.1      6.3
  SINCE JUL 1     58.0                      43.5   14.5     60.2
  SNOW DEPTH       0

DEGREE DAYS
 HEATING
  YESTERDAY       26                        27     -1       22
  MONTH TO DATE  591                       573     18      657
  SINCE MAR 1    591                       573     18      657
  SINCE JUL 1   5663                      5198    465     5701

 COOLING
  YESTERDAY        0                         0      0        0
  MONTH TO DATE    0                         0      0        0
  SINCE MAR 1      0                         0      0        0
  SINCE JAN 1      0                         0      0        0
..................................................................


WIND (MPH)
  HIGHEST WIND SPEED    14   HIGHEST WIND DIRECTION     E (70)
  HIGHEST GUST SPEED    17   HIGHEST GUST DIRECTION     E (80)
  AVERAGE WIND SPEED     7.3


SKY COVER
  POSSIBLE SUNSHINE  MM
  AVERAGE SKY COVER 0.1


WEATHER CONDITIONS
 THE FOLLOWING WEATHER WAS RECORDED YESTERDAY.
  NO SIGNIFICANT WEATHER WAS OBSERVED.


RELATIVE HUMIDITY (PERCENT)
 HIGHEST    64           400 AM
 LOWEST     25           200 PM
 AVERAGE    45

..........................................................


THE MANSFIELD OH CLIMATE NORMALS FOR TODAY
                         NORMAL    RECORD    YEAR
 MAXIMUM TEMPERATURE (F)   48        81      2012
 MINIMUM TEMPERATURE (F)   29        10      1956


SUNRISE AND SUNSET
MARCH 20 2015.........SUNRISE   734 AM EDT   SUNSET   742 PM EDT
MARCH 21 2015.........SUNRISE   732 AM EDT   SUNSET   743 PM EDT


-  INDICATES NEGATIVE NUMBERS.
R  INDICATES RECORD WAS SET OR TIED.
MM INDICATES DATA IS MISSING.
T  INDICATES TRACE AMOUNT.




$$
