050
CDUS41 KCLE 160701
CLIMFD


CLIMATE REPORT
NATIONAL WEATHER SERVICE CLEVELAND OH
301 AM EDT THU MAR 16 2017


...................................

...THE MANSFIELD OH CLIMATE SUMMARY FOR MARCH 15 2017...

CLIMATE NORMAL PERIOD 1981 TO 2010
CLIMATE RECORD PERIOD 1916 TO 2017


WEATHER ITEM   OBSERVED TIME   RECORD YEAR NORMAL DEPARTURE LAST
                VALUE   (LST)  VALUE       VALUE  FROM      YEAR
                                                  NORMAL
..................................................................
TEMPERATURE (F)
 YESTERDAY
  MAXIMUM         28    527 PM  78    1990  46    -18       55
  MINIMUM         11    739 AM  -1    1993  28    -17       48
  AVERAGE         20                        37    -17       52

PRECIPITATION (IN)
  YESTERDAY        0.02                      0.11  -0.09     0.04
  MONTH TO DATE    2.02                      1.47   0.55     2.44
  SINCE MAR 1      2.02                      1.47   0.55     2.44
  SINCE JAN 1      9.88                      6.73   3.15     7.34

SNOWFALL (IN)
  YESTERDAY        0.3                       0.3    0.0      0.0
  MONTH TO DATE    8.1                       4.7    3.4      3.0
  SINCE MAR 1      8.1                       4.7    3.4      3.0
  SINCE JUL 1     29.7                      42.6  -12.9     23.4
  SNOW DEPTH       4

DEGREE DAYS
 HEATING
  YESTERDAY       45                        28     17       13
  MONTH TO DATE  486                       463     23      319
  SINCE MAR 1    486                       463     23      319
  SINCE JUL 1   4156                      5088   -932     4091

 COOLING
  YESTERDAY        0                         0      0        0
  MONTH TO DATE    0                         0      0        0
  SINCE MAR 1      0                         0      0        0
  SINCE JAN 1      0                         0      0        0
..................................................................


WIND (MPH)
  HIGHEST WIND SPEED    24   HIGHEST WIND DIRECTION    NW (310)
  HIGHEST GUST SPEED    31   HIGHEST GUST DIRECTION    NW (310)
  AVERAGE WIND SPEED    12.2


SKY COVER
  POSSIBLE SUNSHINE  MM
  AVERAGE SKY COVER 0.3


WEATHER CONDITIONS
 THE FOLLOWING WEATHER WAS RECORDED YESTERDAY.
  LIGHT SNOW
  FOG
  HAZE


RELATIVE HUMIDITY (PERCENT)
 HIGHEST    73           700 AM
 LOWEST     46           200 PM
 AVERAGE    60

..........................................................


THE MANSFIELD OH CLIMATE NORMALS FOR TODAY
                         NORMAL    RECORD    YEAR
 MAXIMUM TEMPERATURE (F)   46        75      1945
 MINIMUM TEMPERATURE (F)   28         8      1992


SUNRISE AND SUNSET
MARCH 16 2017.........SUNRISE   740 AM EDT   SUNSET   738 PM EDT
MARCH 17 2017.........SUNRISE   738 AM EDT   SUNSET   739 PM EDT


-  INDICATES NEGATIVE NUMBERS.
R  INDICATES RECORD WAS SET OR TIED.
MM INDICATES DATA IS MISSING.
T  INDICATES TRACE AMOUNT.




$$
