000
CDUS41 KCLE 190531
CLIMFD


CLIMATE REPORT
NATIONAL WEATHER SERVICE CLEVELAND OH
1230 AM EST WED NOV 19 2014


...................................

...THE MANSFIELD OH CLIMATE SUMMARY FOR NOVEMBER 18 2014...

CLIMATE NORMAL PERIOD 1981 TO 2010
CLIMATE RECORD PERIOD 1916 TO 2014


WEATHER ITEM   OBSERVED TIME   RECORD YEAR NORMAL DEPARTURE LAST
                VALUE   (LST)  VALUE       VALUE  FROM      YEAR
                                                  NORMAL
..................................................................
TEMPERATURE (F)
 YESTERDAY
  MAXIMUM         17    237 PM  71    1971  48    -31       48
  MINIMUM          8    904 AM   7    1959  32    -24       34
  AVERAGE         13                        40    -27       41

PRECIPITATION (IN)
  YESTERDAY        T                         0.14  -0.14     0.00
  MONTH TO DATE    1.15                      2.28  -1.13     1.91
  SINCE SEP 1      4.45                      8.54  -4.09     9.58
  SINCE JAN 1     33.67                     39.37  -5.70    38.50

SNOWFALL (IN)
  YESTERDAY        T                         0.1   -0.1      0.0
  MONTH TO DATE    4.4                       0.9    3.5      0.5
  SINCE SEP 1      4.4                       1.4    3.0      0.5
  SINCE JUL 1      4.4                       1.4    3.0      0.5
  SNOW DEPTH       2

DEGREE DAYS
 HEATING
  YESTERDAY       52                        25     27       24
  MONTH TO DATE  497                       384    113      396
  SINCE SEP 1    995                       927     68      884
  SINCE JUL 1   1022                       952     70      912

 COOLING
  YESTERDAY        0                         0      0        0
  MONTH TO DATE    0                         0      0        0
  SINCE SEP 1     69                        70     -1       99
  SINCE JAN 1    623                       632     -9      741
..................................................................


WIND (MPH)
  HIGHEST WIND SPEED    28   HIGHEST WIND DIRECTION    SW (240)
  HIGHEST GUST SPEED    35   HIGHEST GUST DIRECTION    SW (210)
  AVERAGE WIND SPEED    16.7


SKY COVER
  POSSIBLE SUNSHINE  MM
  AVERAGE SKY COVER 0.3


WEATHER CONDITIONS
 THE FOLLOWING WEATHER WAS RECORDED YESTERDAY.
  LIGHT SNOW
  FOG
  HAZE


RELATIVE HUMIDITY (PERCENT)
 HIGHEST    80           600 PM
 LOWEST     61           100 PM
 AVERAGE    71

..........................................................


THE MANSFIELD OH CLIMATE NORMALS FOR TODAY
                         NORMAL    RECORD    YEAR
 MAXIMUM TEMPERATURE (F)   48        69      1985
 MINIMUM TEMPERATURE (F)   32        14      1951


SUNRISE AND SUNSET
NOVEMBER 19 2014......SUNRISE   722 AM EST   SUNSET   509 PM EST
NOVEMBER 20 2014......SUNRISE   723 AM EST   SUNSET   508 PM EST


-  INDICATES NEGATIVE NUMBERS.
R  INDICATES RECORD WAS SET OR TIED.
MM INDICATES DATA IS MISSING.
T  INDICATES TRACE AMOUNT.




$$
