000
CDUS41 KCLE 120531
CLIMFD


CLIMATE REPORT
NATIONAL WEATHER SERVICE CLEVELAND OH
130 AM EDT THU MAY 12 2016


...................................

...THE MANSFIELD OH CLIMATE SUMMARY FOR MAY 11 2016...

CLIMATE NORMAL PERIOD 1981 TO 2010
CLIMATE RECORD PERIOD 1916 TO 2016


WEATHER ITEM   OBSERVED TIME   RECORD YEAR NORMAL DEPARTURE LAST
                VALUE   (LST)  VALUE       VALUE  FROM      YEAR
                                                  NORMAL
..................................................................
TEMPERATURE (F)
 YESTERDAY
  MAXIMUM         70    605 PM  88    1936  68      2       86
  MINIMUM         57    630 AM  26    1947  47     10       62
  AVERAGE         64                        57      7       74

PRECIPITATION (IN)
  YESTERDAY        0.08                      0.13  -0.05     0.27
  MONTH TO DATE    1.78                      1.47   0.31     0.93
  SINCE MAR 1      9.45                      9.00   0.45     9.17
  SINCE JAN 1     14.35                     14.26   0.09    14.33

SNOWFALL (IN)
  YESTERDAY        0.0                       0.0    0.0      0.0
  MONTH TO DATE    0.0                       0.0    0.0      0.0
  SINCE MAR 1      7.2                      10.4   -3.2     10.7
  SINCE JUL 1     27.6                      48.3  -20.7     63.2
  SNOW DEPTH       0

DEGREE DAYS
 HEATING
  YESTERDAY        1                         9     -8        0
  MONTH TO DATE  119                       108     11       20
  SINCE MAR 1   1270                      1468   -198     1397
  SINCE JUL 1   5042                      6093  -1051     6469

 COOLING
  YESTERDAY        0                         1     -1        9
  MONTH TO DATE    0                         6     -6       48
  SINCE MAR 1      0                        14    -14       48
  SINCE JAN 1      0                        14    -14       48
..................................................................


WIND (MPH)
  HIGHEST WIND SPEED    10   HIGHEST WIND DIRECTION    SE (150)
  HIGHEST GUST SPEED    12   HIGHEST GUST DIRECTION     S (190)
  AVERAGE WIND SPEED     4.5


SKY COVER
  POSSIBLE SUNSHINE  MM
  AVERAGE SKY COVER 0.7


WEATHER CONDITIONS
 THE FOLLOWING WEATHER WAS RECORDED YESTERDAY.
  LIGHT RAIN
  FOG


RELATIVE HUMIDITY (PERCENT)
 HIGHEST   100          1200 AM
 LOWEST     73           400 PM
 AVERAGE    87

..........................................................


THE MANSFIELD OH CLIMATE NORMALS FOR TODAY
                         NORMAL    RECORD    YEAR
 MAXIMUM TEMPERATURE (F)   68        87      1991
 MINIMUM TEMPERATURE (F)   47        27      1938


SUNRISE AND SUNSET
MAY 12 2016...........SUNRISE   615 AM EDT   SUNSET   838 PM EDT
MAY 13 2016...........SUNRISE   614 AM EDT   SUNSET   839 PM EDT


-  INDICATES NEGATIVE NUMBERS.
R  INDICATES RECORD WAS SET OR TIED.
MM INDICATES DATA IS MISSING.
T  INDICATES TRACE AMOUNT.




$$
