000
CDUS41 KCLE 120545
CLIMFD


CLIMATE REPORT
NATIONAL WEATHER SERVICE CLEVELAND OH
145 AM EDT TUE AUG 12 2014


...................................

...THE MANSFIELD OH CLIMATE SUMMARY FOR AUGUST 11 2014...

CLIMATE NORMAL PERIOD 1981 TO 2010
CLIMATE RECORD PERIOD 1916 TO 2014


WEATHER ITEM   OBSERVED TIME   RECORD YEAR NORMAL DEPARTURE LAST
                VALUE   (LST)  VALUE       VALUE  FROM      YEAR
                                                  NORMAL
..................................................................
TEMPERATURE (F)
 YESTERDAY
  MAXIMUM         77    218 PM  94    1944  81     -4       81
  MINIMUM         67    839 AM  46    1967  61      6       61
  AVERAGE         72                        71      1       71

PRECIPITATION (IN)
  YESTERDAY        1.35                      0.14   1.21     0.00
  MONTH TO DATE    2.00                      1.54   0.46     1.42
  SINCE JUN 1     11.22                     10.67   0.55    14.59
  SINCE JAN 1     27.55                     28.00  -0.45    28.46

SNOWFALL (IN)
  YESTERDAY        0.0                       0.0    0.0      0.0
  MONTH TO DATE    0.0                       0.0    0.0      0.0
  SINCE JUN 1      0.0                       0.0    0.0      0.0
  SINCE JUL 1      0.0                       0.0    0.0      0.0
  SNOW DEPTH       0

DEGREE DAYS
 HEATING
  YESTERDAY        0                         0      0        0
  MONTH TO DATE    0                         0      0        3
  SINCE JUN 1     41                        61    -20       52
  SINCE JUL 1     17                         8      9       13

 COOLING
  YESTERDAY        7                         6      1        6
  MONTH TO DATE   52                        66    -14       52
  SINCE JUN 1    358                       410    -52      438
  SINCE JAN 1    421                       456    -35      533
..................................................................


WIND (MPH)
  HIGHEST WIND SPEED    16   HIGHEST WIND DIRECTION     S (180)
  HIGHEST GUST SPEED    23   HIGHEST GUST DIRECTION     W (260)
  AVERAGE WIND SPEED     9.3


SKY COVER
  POSSIBLE SUNSHINE  MM
  AVERAGE SKY COVER 0.7


WEATHER CONDITIONS
 THE FOLLOWING WEATHER WAS RECORDED YESTERDAY.
  THUNDERSTORM
  HEAVY RAIN
  RAIN
  LIGHT RAIN
  FOG
  FOG W/VISIBILITY <= 1/4 MILE
  HAZE


RELATIVE HUMIDITY (PERCENT)
 HIGHEST   100          1000 AM
 LOWEST     84          1200 AM
 AVERAGE    92

..........................................................


THE MANSFIELD OH CLIMATE NORMALS FOR TODAY
                         NORMAL    RECORD    YEAR
 MAXIMUM TEMPERATURE (F)   80        92      1936
                                             1918
 MINIMUM TEMPERATURE (F)   61        39      1946


SUNRISE AND SUNSET
AUGUST 12 2014........SUNRISE   637 AM EDT   SUNSET   832 PM EDT
AUGUST 13 2014........SUNRISE   638 AM EDT   SUNSET   831 PM EDT


-  INDICATES NEGATIVE NUMBERS.
R  INDICATES RECORD WAS SET OR TIED.
MM INDICATES DATA IS MISSING.
T  INDICATES TRACE AMOUNT.




$$
