935
CDUS41 KCLE 190525
CLIMFD


CLIMATE REPORT
NATIONAL WEATHER SERVICE CLEVELAND OH
1225 AM EST SUN FEB 19 2017


...................................

...THE MANSFIELD OH CLIMATE SUMMARY FOR FEBRUARY 18 2017...

CLIMATE NORMAL PERIOD 1981 TO 2010
CLIMATE RECORD PERIOD 1916 TO 2017


WEATHER ITEM   OBSERVED TIME   RECORD YEAR NORMAL DEPARTURE LAST
                VALUE   (LST)  VALUE       VALUE  FROM      YEAR
                                                  NORMAL
..................................................................
TEMPERATURE (F)
 YESTERDAY
  MAXIMUM         67R   342 PM  60    1961  37     30       33
                                      1948
  MINIMUM         45    750 AM  -9    1936  21     24       14
  AVERAGE         56                        29     27       24

PRECIPITATION (IN)
  YESTERDAY        0.00                      0.09  -0.09     0.00
  MONTH TO DATE    1.24                      1.52  -0.28     1.48
  SINCE DEC 1     10.29                      7.68   2.61     7.18
  SINCE JAN 1      7.15                      4.39   2.76     3.02

SNOWFALL (IN)
  YESTERDAY        0.0                       0.4   -0.4      0.0
  MONTH TO DATE    3.8                       7.3   -3.5      8.9
  SINCE DEC 1     21.4                      31.1   -9.7     17.8
  SINCE JUL 1     21.6                      33.8  -12.2     17.8
  SNOW DEPTH       0

DEGREE DAYS
 HEATING
  YESTERDAY        9                        36    -27       41
  MONTH TO DATE  541                       679   -138      690
  SINCE DEC 1   2643                      2998   -355     2562
  SINCE JUL 1   3520                      4279   -759     3502

 COOLING
  YESTERDAY        0                         0      0        0
  MONTH TO DATE    0                         0      0        0
  SINCE DEC 1      0                         0      0        0
  SINCE JAN 1      0                         0      0        0
..................................................................


WIND (MPH)
  HIGHEST WIND SPEED    21   HIGHEST WIND DIRECTION     S (200)
  HIGHEST GUST SPEED    27   HIGHEST GUST DIRECTION     S (200)
  AVERAGE WIND SPEED    12.6


SKY COVER
  POSSIBLE SUNSHINE  MM
  AVERAGE SKY COVER 0.0


WEATHER CONDITIONS
 THE FOLLOWING WEATHER WAS RECORDED YESTERDAY.
  NO SIGNIFICANT WEATHER WAS OBSERVED.


RELATIVE HUMIDITY (PERCENT)
 HIGHEST    77          1100 PM
 LOWEST     40           300 PM
 AVERAGE    59

..........................................................


THE MANSFIELD OH CLIMATE NORMALS FOR TODAY
                         NORMAL    RECORD    YEAR
 MAXIMUM TEMPERATURE (F)   37        65      1939
 MINIMUM TEMPERATURE (F)   21       -12      1936


SUNRISE AND SUNSET
FEBRUARY 19 2017......SUNRISE   718 AM EST   SUNSET   610 PM EST
FEBRUARY 20 2017......SUNRISE   717 AM EST   SUNSET   611 PM EST


-  INDICATES NEGATIVE NUMBERS.
R  INDICATES RECORD WAS SET OR TIED.
MM INDICATES DATA IS MISSING.
T  INDICATES TRACE AMOUNT.




$$
