000
CDUS41 KCLE 190526
CLIMFD


CLIMATE REPORT
NATIONAL WEATHER SERVICE CLEVELAND OH
126 AM EDT THU MAR 19 2015


...................................

...THE MANSFIELD OH CLIMATE SUMMARY FOR MARCH 18 2015...

CLIMATE NORMAL PERIOD 1981 TO 2010
CLIMATE RECORD PERIOD 1916 TO 2015


WEATHER ITEM   OBSERVED TIME   RECORD YEAR NORMAL DEPARTURE LAST
                VALUE   (LST)  VALUE       VALUE  FROM      YEAR
                                                  NORMAL
..................................................................
TEMPERATURE (F)
 YESTERDAY
  MAXIMUM         45    411 PM  73    2012  47     -2       54
  MINIMUM         23    352 AM   5    1941  29     -6       24
  AVERAGE         34                        38     -4       39

PRECIPITATION (IN)
  YESTERDAY        0.00                      0.11  -0.11     0.00
  MONTH TO DATE    1.80                      1.80   0.00     1.00
  SINCE MAR 1      1.80                      1.80   0.00     1.00
  SINCE JAN 1      6.96                      7.06  -0.10     5.33

SNOWFALL (IN)
  YESTERDAY        0.0                       0.2   -0.2      0.0
  MONTH TO DATE    5.5                       5.4    0.1      6.3
  SINCE MAR 1      5.5                       5.4    0.1      6.3
  SINCE JUL 1     58.0                      43.3   14.7     60.2
  SNOW DEPTH       0

DEGREE DAYS
 HEATING
  YESTERDAY       31                        27      4       26
  MONTH TO DATE  565                       546     19      635
  SINCE MAR 1    565                       546     19      635
  SINCE JUL 1   5637                      5171    466     5679

 COOLING
  YESTERDAY        0                         0      0        0
  MONTH TO DATE    0                         0      0        0
  SINCE MAR 1      0                         0      0        0
  SINCE JAN 1      0                         0      0        0
..................................................................


WIND (MPH)
  HIGHEST WIND SPEED    16   HIGHEST WIND DIRECTION     W (260)
  HIGHEST GUST SPEED    22   HIGHEST GUST DIRECTION     W (250)
  AVERAGE WIND SPEED     7.5


SKY COVER
  POSSIBLE SUNSHINE  MM
  AVERAGE SKY COVER 0.0


WEATHER CONDITIONS
 THE FOLLOWING WEATHER WAS RECORDED YESTERDAY.
  NO SIGNIFICANT WEATHER WAS OBSERVED.


RELATIVE HUMIDITY (PERCENT)
 HIGHEST    65           400 AM
 LOWEST     34           100 PM
 AVERAGE    50

..........................................................


THE MANSFIELD OH CLIMATE NORMALS FOR TODAY
                         NORMAL    RECORD    YEAR
 MAXIMUM TEMPERATURE (F)   47        78      2012
 MINIMUM TEMPERATURE (F)   29         4      1934


SUNRISE AND SUNSET
MARCH 19 2015.........SUNRISE   736 AM EDT   SUNSET   741 PM EDT
MARCH 20 2015.........SUNRISE   734 AM EDT   SUNSET   742 PM EDT


-  INDICATES NEGATIVE NUMBERS.
R  INDICATES RECORD WAS SET OR TIED.
MM INDICATES DATA IS MISSING.
T  INDICATES TRACE AMOUNT.




$$
