000
CDUS41 KCLE 210536
CLIMFD


CLIMATE REPORT
NATIONAL WEATHER SERVICE CLEVELAND OH
135 AM EDT SAT MAR 21 2015


...................................

...THE MANSFIELD OH CLIMATE SUMMARY FOR MARCH 20 2015...

CLIMATE NORMAL PERIOD 1981 TO 2010
CLIMATE RECORD PERIOD 1916 TO 2015


WEATHER ITEM   OBSERVED TIME   RECORD YEAR NORMAL DEPARTURE LAST
                VALUE   (LST)  VALUE       VALUE  FROM      YEAR
                                                  NORMAL
..................................................................
TEMPERATURE (F)
 YESTERDAY
  MAXIMUM         48    420 PM  81    2012  48      0       41
  MINIMUM         33    813 AM  10    1956  29      4       28
  AVERAGE         41                        38      3       35

PRECIPITATION (IN)
  YESTERDAY        0.01                      0.11  -0.10     0.00
  MONTH TO DATE    1.81                      2.03  -0.22     1.24
  SINCE MAR 1      1.81                      2.03  -0.22     1.24
  SINCE JAN 1      6.97                      7.29  -0.32     5.57

SNOWFALL (IN)
  YESTERDAY        0.1                       0.3   -0.2      0.0
  MONTH TO DATE    5.6                       5.9   -0.3      6.3
  SINCE MAR 1      5.6                       5.9   -0.3      6.3
  SINCE JUL 1     58.1                      43.8   14.3     60.2
  SNOW DEPTH       0

DEGREE DAYS
 HEATING
  YESTERDAY       24                        27     -3       30
  MONTH TO DATE  615                       600     15      687
  SINCE MAR 1    615                       600     15      687
  SINCE JUL 1   5687                      5225    462     5731

 COOLING
  YESTERDAY        0                         0      0        0
  MONTH TO DATE    0                         0      0        0
  SINCE MAR 1      0                         0      0        0
  SINCE JAN 1      0                         0      0        0
..................................................................


WIND (MPH)
  HIGHEST WIND SPEED    13   HIGHEST WIND DIRECTION    SW (230)
  HIGHEST GUST SPEED    16   HIGHEST GUST DIRECTION    SW (220)
  AVERAGE WIND SPEED     5.2


SKY COVER
  POSSIBLE SUNSHINE  MM
  AVERAGE SKY COVER 1.0


WEATHER CONDITIONS
 THE FOLLOWING WEATHER WAS RECORDED YESTERDAY.
  LIGHT SNOW


RELATIVE HUMIDITY (PERCENT)
 HIGHEST    82           900 AM
 LOWEST     52           300 AM
 AVERAGE    67

..........................................................


THE MANSFIELD OH CLIMATE NORMALS FOR TODAY
                         NORMAL    RECORD    YEAR
 MAXIMUM TEMPERATURE (F)   48        82      2012
 MINIMUM TEMPERATURE (F)   30        12      1986
                                             1940


SUNRISE AND SUNSET
MARCH 21 2015.........SUNRISE   732 AM EDT   SUNSET   743 PM EDT
MARCH 22 2015.........SUNRISE   731 AM EDT   SUNSET   744 PM EDT


-  INDICATES NEGATIVE NUMBERS.
R  INDICATES RECORD WAS SET OR TIED.
MM INDICATES DATA IS MISSING.
T  INDICATES TRACE AMOUNT.




$$
