000
CDUS41 KCLE 180546
CLIMFD


CLIMATE REPORT
NATIONAL WEATHER SERVICE CLEVELAND OH
145 AM EDT WED MAY 18 2016


...................................

...THE MANSFIELD OH CLIMATE SUMMARY FOR MAY 17 2016...

CLIMATE NORMAL PERIOD 1981 TO 2010
CLIMATE RECORD PERIOD 1916 TO 2016


WEATHER ITEM   OBSERVED TIME   RECORD YEAR NORMAL DEPARTURE LAST
                VALUE   (LST)  VALUE       VALUE  FROM      YEAR
                                                  NORMAL
..................................................................
TEMPERATURE (F)
 YESTERDAY
  MAXIMUM         60   1234 PM  91    1962  70    -10       79
  MINIMUM         50    600 AM  31    1935  48      2       65
  AVERAGE         55                        59     -4       72

PRECIPITATION (IN)
  YESTERDAY        0.11                      0.15  -0.04     0.19
  MONTH TO DATE    2.86                      2.34   0.52     1.78
  SINCE MAR 1     10.53                      9.87   0.66    10.02
  SINCE JAN 1     15.43                     15.13   0.30    15.18

SNOWFALL (IN)
  YESTERDAY        0.0                       0.0    0.0      0.0
  MONTH TO DATE    0.0                       0.0    0.0      0.0
  SINCE MAR 1      7.2                      10.4   -3.2     10.7
  SINCE JUL 1     27.6                      48.3  -20.7     63.2
  SNOW DEPTH       0

DEGREE DAYS
 HEATING
  YESTERDAY       10                         7      3        0
  MONTH TO DATE  191                       154     37       61
  SINCE MAR 1   1342                      1514   -172     1438
  SINCE JUL 1   5114                      6139  -1025     6510

 COOLING
  YESTERDAY        0                         1     -1        7
  MONTH TO DATE    3                        12     -9       62
  SINCE MAR 1      3                        20    -17       62
  SINCE JAN 1      3                        20    -17       62
..................................................................


WIND (MPH)
  HIGHEST WIND SPEED    14   HIGHEST WIND DIRECTION     N (360)
  HIGHEST GUST SPEED    17   HIGHEST GUST DIRECTION     N (360)
  AVERAGE WIND SPEED     4.7


SKY COVER
  POSSIBLE SUNSHINE  MM
  AVERAGE SKY COVER 0.8


WEATHER CONDITIONS
 THE FOLLOWING WEATHER WAS RECORDED YESTERDAY.
  LIGHT RAIN
  FOG


RELATIVE HUMIDITY (PERCENT)
 HIGHEST   100           900 PM
 LOWEST     50          1200 AM
 AVERAGE    75

..........................................................


THE MANSFIELD OH CLIMATE NORMALS FOR TODAY
                         NORMAL    RECORD    YEAR
 MAXIMUM TEMPERATURE (F)   70        92      1962
 MINIMUM TEMPERATURE (F)   49        30      1941


SUNRISE AND SUNSET
MAY 18 2016...........SUNRISE   610 AM EDT   SUNSET   844 PM EDT
MAY 19 2016...........SUNRISE   609 AM EDT   SUNSET   845 PM EDT


-  INDICATES NEGATIVE NUMBERS.
R  INDICATES RECORD WAS SET OR TIED.
MM INDICATES DATA IS MISSING.
T  INDICATES TRACE AMOUNT.




$$
