000
CDUS41 KCLE 150527
CLIMFD


CLIMATE REPORT
NATIONAL WEATHER SERVICE CLEVELAND OH
127 AM EDT FRI MAY 15 2015


...................................

...THE MANSFIELD OH CLIMATE SUMMARY FOR MAY 14 2015...

CLIMATE NORMAL PERIOD 1981 TO 2010
CLIMATE RECORD PERIOD 1916 TO 2015


WEATHER ITEM   OBSERVED TIME   RECORD YEAR NORMAL DEPARTURE LAST
                VALUE   (LST)  VALUE       VALUE  FROM      YEAR
                                                  NORMAL
..................................................................
TEMPERATURE (F)
 YESTERDAY
  MAXIMUM         63    304 PM  89    1962  69     -6       70
  MINIMUM         36    524 AM  31    1996  48    -12       61
  AVERAGE         50                        58     -8       66

PRECIPITATION (IN)
  YESTERDAY        0.00                      0.14  -0.14     0.90
  MONTH TO DATE    0.93                      1.90  -0.97     1.80
  SINCE MAR 1      9.17                      9.43  -0.26    10.80
  SINCE JAN 1     14.33                     14.69  -0.36    15.13

SNOWFALL (IN)
  YESTERDAY        0.0                       0.0    0.0      0.0
  MONTH TO DATE    0.0                       0.0    0.0      0.0
  SINCE MAR 1     10.7                      10.4    0.3     11.5
  SINCE JUL 1     63.2                      48.3   14.9     65.4
  SNOW DEPTH       0

DEGREE DAYS
 HEATING
  YESTERDAY       15                         8      7        0
  MONTH TO DATE   61                       132    -71       94
  SINCE MAR 1   1438                      1492    -54     1563
  SINCE JUL 1   6510                      6117    393     6607

 COOLING
  YESTERDAY        0                         1     -1        1
  MONTH TO DATE   48                         9     39       34
  SINCE MAR 1     48                        17     31       36
  SINCE JAN 1     48                        17     31       36
..................................................................


WIND (MPH)
  HIGHEST WIND SPEED    15   HIGHEST WIND DIRECTION     E (110)
  HIGHEST GUST SPEED    19   HIGHEST GUST DIRECTION     E (110)
  AVERAGE WIND SPEED     6.3


SKY COVER
  POSSIBLE SUNSHINE  MM
  AVERAGE SKY COVER 0.0


WEATHER CONDITIONS
 THE FOLLOWING WEATHER WAS RECORDED YESTERDAY.
  NO SIGNIFICANT WEATHER WAS OBSERVED.


RELATIVE HUMIDITY (PERCENT)
 HIGHEST    92          1200 AM
 LOWEST     39           300 PM
 AVERAGE    66

..........................................................


THE MANSFIELD OH CLIMATE NORMALS FOR TODAY
                         NORMAL    RECORD    YEAR
 MAXIMUM TEMPERATURE (F)   69        89      1991
                                             1962
 MINIMUM TEMPERATURE (F)   48        32      1936


SUNRISE AND SUNSET
MAY 15 2015...........SUNRISE   613 AM EDT   SUNSET   840 PM EDT
MAY 16 2015...........SUNRISE   612 AM EDT   SUNSET   841 PM EDT


-  INDICATES NEGATIVE NUMBERS.
R  INDICATES RECORD WAS SET OR TIED.
MM INDICATES DATA IS MISSING.
T  INDICATES TRACE AMOUNT.




$$
