000
CDUS41 KCLE 140532
CLIMFD


CLIMATE REPORT
NATIONAL WEATHER SERVICE CLEVELAND OH
1230 AM EST TUE FEB 14 2017


...................................

...THE MANSFIELD OH CLIMATE SUMMARY FOR FEBRUARY 13 2017...

CLIMATE NORMAL PERIOD 1981 TO 2010
CLIMATE RECORD PERIOD 1916 TO 2017


WEATHER ITEM   OBSERVED TIME   RECORD YEAR NORMAL DEPARTURE LAST
                VALUE   (LST)  VALUE       VALUE  FROM      YEAR
                                                  NORMAL
..................................................................
TEMPERATURE (F)
 YESTERDAY
  MAXIMUM         41    348 PM  67    1938  36      5       14
  MINIMUM         27   1159 PM -10    1917  20      7        1
  AVERAGE         34                        28      6        8

PRECIPITATION (IN)
  YESTERDAY        0.00                      0.08  -0.08     0.03
  MONTH TO DATE    1.24                      1.10   0.14     1.33
  SINCE DEC 1     10.29                      7.26   3.03     7.03
  SINCE JAN 1      7.15                      3.97   3.18     2.87

SNOWFALL (IN)
  YESTERDAY        0.0                       0.4   -0.4      1.1
  MONTH TO DATE    3.8                       5.2   -1.4      7.4
  SINCE DEC 1     21.4                      29.0   -7.6     16.3
  SINCE JUL 1     21.6                      31.7  -10.1     16.3
  SNOW DEPTH       0

DEGREE DAYS
 HEATING
  YESTERDAY       31                        37     -6       57
  MONTH TO DATE  411                       496    -85      477
  SINCE DEC 1   2513                      2815   -302     2349
  SINCE JUL 1   3390                      4096   -706     3289

 COOLING
  YESTERDAY        0                         0      0        0
  MONTH TO DATE    0                         0      0        0
  SINCE DEC 1      0                         0      0        0
  SINCE JAN 1      0                         0      0        0
..................................................................


WIND (MPH)
  HIGHEST WIND SPEED    17   HIGHEST WIND DIRECTION     W (280)
  HIGHEST GUST SPEED    27   HIGHEST GUST DIRECTION     W (270)
  AVERAGE WIND SPEED     8.5


SKY COVER
  POSSIBLE SUNSHINE  MM
  AVERAGE SKY COVER 0.3


WEATHER CONDITIONS
 THE FOLLOWING WEATHER WAS RECORDED YESTERDAY.
  NO SIGNIFICANT WEATHER WAS OBSERVED.


RELATIVE HUMIDITY (PERCENT)
 HIGHEST    75          1000 PM
 LOWEST     50           400 PM
 AVERAGE    63

..........................................................


THE MANSFIELD OH CLIMATE NORMALS FOR TODAY
                         NORMAL    RECORD    YEAR
 MAXIMUM TEMPERATURE (F)   36        62      1950
                                             1938
 MINIMUM TEMPERATURE (F)   20        -6      2016


SUNRISE AND SUNSET
FEBRUARY 14 2017......SUNRISE   725 AM EST   SUNSET   604 PM EST
FEBRUARY 15 2017......SUNRISE   724 AM EST   SUNSET   605 PM EST


-  INDICATES NEGATIVE NUMBERS.
R  INDICATES RECORD WAS SET OR TIED.
MM INDICATES DATA IS MISSING.
T  INDICATES TRACE AMOUNT.




$$
