000
CDUS41 KCLE 150533
CLIMFD


CLIMATE REPORT
NATIONAL WEATHER SERVICE CLEVELAND OH
1232 AM EST THU JAN 15 2015


...................................

...THE MANSFIELD OH CLIMATE SUMMARY FOR JANUARY 14 2015...

CLIMATE NORMAL PERIOD 1981 TO 2010
CLIMATE RECORD PERIOD 1916 TO 2015


WEATHER ITEM   OBSERVED TIME   RECORD YEAR NORMAL DEPARTURE LAST
                VALUE   (LST)  VALUE       VALUE  FROM      YEAR
                                                  NORMAL
..................................................................
TEMPERATURE (F)
 YESTERDAY
  MAXIMUM         16    349 PM  68    1932  33    -17       43
  MINIMUM         -3    801 AM -10    1957  18    -21       31
  AVERAGE          7                        25    -18       37

PRECIPITATION (IN)
  YESTERDAY        0.00                      0.09  -0.09      T
  MONTH TO DATE    2.23                      1.38   0.85     1.54
  SINCE DEC 1      4.09                      4.67  -0.58     5.72
  SINCE JAN 1      2.23                      1.38   0.85     1.54

SNOWFALL (IN)
  YESTERDAY        0.0                       0.4   -0.4      0.0
  MONTH TO DATE   10.4                       6.0    4.4     10.9
  SINCE DEC 1     10.6                      16.5   -5.9     27.3
  SINCE JUL 1     16.5                      19.2   -2.7     28.9
  SNOW DEPTH       3

DEGREE DAYS
 HEATING
  YESTERDAY       58                        40     18       28
  MONTH TO DATE  649                       552     97      583
  SINCE DEC 1   1612                      1648    -36     1650
  SINCE JUL 1   3000                      2929     71     2982

 COOLING
  YESTERDAY        0                         0      0        0
  MONTH TO DATE    0                         0      0        0
  SINCE DEC 1      0                         0      0        0
  SINCE JAN 1      0                         0      0        0
..................................................................


WIND (MPH)
  HIGHEST WIND SPEED     9   HIGHEST WIND DIRECTION    NW (320)
  HIGHEST GUST SPEED    13   HIGHEST GUST DIRECTION     W (260)
  AVERAGE WIND SPEED     4.0


SKY COVER
  POSSIBLE SUNSHINE  MM
  AVERAGE SKY COVER 0.1


WEATHER CONDITIONS
 THE FOLLOWING WEATHER WAS RECORDED YESTERDAY.
  FOG
  HAZE


RELATIVE HUMIDITY (PERCENT)
 HIGHEST    95           500 AM
 LOWEST     61           300 PM
 AVERAGE    78

..........................................................


THE MANSFIELD OH CLIMATE NORMALS FOR TODAY
                         NORMAL    RECORD    YEAR
 MAXIMUM TEMPERATURE (F)   33        60      1932
 MINIMUM TEMPERATURE (F)   18       -26      1929


SUNRISE AND SUNSET
JANUARY 15 2015.......SUNRISE   752 AM EST   SUNSET   527 PM EST
JANUARY 16 2015.......SUNRISE   752 AM EST   SUNSET   528 PM EST


-  INDICATES NEGATIVE NUMBERS.
R  INDICATES RECORD WAS SET OR TIED.
MM INDICATES DATA IS MISSING.
T  INDICATES TRACE AMOUNT.




$$
