000
CDUS41 KCLE 242126
CLIMFD


CLIMATE REPORT
NATIONAL WEATHER SERVICE CLEVELAND OH
525 PM EDT WED JUN 24 2015


...................................

...THE MANSFIELD OH CLIMATE SUMMARY FOR JUNE 24 2015...
VALID TODAY AS OF 0500 PM LOCAL TIME.

CLIMATE NORMAL PERIOD 1981 TO 2010
CLIMATE RECORD PERIOD 1916 TO 2015


WEATHER ITEM   OBSERVED TIME   RECORD YEAR NORMAL DEPARTURE LAST
                VALUE   (LST)  VALUE       VALUE  FROM      YEAR
                                                  NORMAL
..................................................................
TEMPERATURE (F)
 TODAY
  MAXIMUM         80    232 PM  93    1933  80      0       84
  MINIMUM         58    527 AM  44    1932  60     -2       67
                                      1918
  AVERAGE         69                        70     -1       76

PRECIPITATION (IN)
  TODAY            0.00                      0.15  -0.15     0.27
  MONTH TO DATE    4.81                      3.85   0.96     5.71
  SINCE JUN 1      4.81                      3.85   0.96     5.71
  SINCE JAN 1     22.60                     21.18   1.42    22.04

SNOWFALL (IN)
  TODAY            0.0                       0.0    0.0      0.0
  MONTH TO DATE    0.0                       0.0    0.0      0.0
  SINCE JUN 1      0.0                       0.0    0.0      0.0
  SINCE JUL 1     63.2                      48.3   14.9     65.4
  SNOW DEPTH       0

DEGREE DAYS
 HEATING
  TODAY            0                         1     -1        0
  MONTH TO DATE   28                        49    -21       24
  SINCE JUN 1     28                        49    -21       24
  SINCE JUL 1   6597                      6266    331     6715

 COOLING
  TODAY            4                         6     -2       11
  MONTH TO DATE  144                        99     45      108
  SINCE JUN 1    144                        99     45      108
  SINCE JAN 1    262                       145    117      171
..................................................................


WIND (MPH)
  HIGHEST WIND SPEED    10   HIGHEST WIND DIRECTION    NW (310)
  HIGHEST GUST SPEED    13   HIGHEST GUST DIRECTION    NW (310)


SKY COVER
  POSSIBLE SUNSHINE  MM
  AVERAGE SKY COVER 0.2


WEATHER CONDITIONS
 THE FOLLOWING WEATHER WAS RECORDED TODAY.
  NO SIGNIFICANT WEATHER WAS OBSERVED.


RELATIVE HUMIDITY (PERCENT)
 HIGHEST   100          1200 AM
 LOWEST     45           200 PM
 AVERAGE    73

..........................................................


THE MANSFIELD OH CLIMATE NORMALS FOR TOMORROW
                         NORMAL    RECORD    YEAR
 MAXIMUM TEMPERATURE (F)   81       101      1988
 MINIMUM TEMPERATURE (F)   60        42      1979


SUNRISE AND SUNSET
JUNE 24 2015..........SUNRISE   559 AM EDT   SUNSET   905 PM EDT
JUNE 25 2015..........SUNRISE   600 AM EDT   SUNSET   906 PM EDT


-  INDICATES NEGATIVE NUMBERS.
R  INDICATES RECORD WAS SET OR TIED.
MM INDICATES DATA IS MISSING.
T  INDICATES TRACE AMOUNT.




$$
