000
CDUS41 KCLE 260527
CLIMFD


CLIMATE REPORT
NATIONAL WEATHER SERVICE CLEVELAND OH
1226 AM EST THU FEB 26 2015


...................................

...THE MANSFIELD OH CLIMATE SUMMARY FOR FEBRUARY 25 2015...

CLIMATE NORMAL PERIOD 1981 TO 2010
CLIMATE RECORD PERIOD 1916 TO 2015


WEATHER ITEM   OBSERVED TIME   RECORD YEAR NORMAL DEPARTURE LAST
                VALUE   (LST)  VALUE       VALUE  FROM      YEAR
                                                  NORMAL
..................................................................
TEMPERATURE (F)
 YESTERDAY
  MAXIMUM         25    328 PM  69    2000  39    -14       23
  MINIMUM         12   1159 PM  -3    1963  23    -11       18
  AVERAGE         19                        31    -12       21

PRECIPITATION (IN)
  YESTERDAY        T                         0.09  -0.09     0.03
  MONTH TO DATE    1.63                      2.12  -0.49     2.29
  SINCE DEC 1      6.95                      8.28  -1.33     8.49
  SINCE JAN 1      5.09                      4.99   0.10     4.31

SNOWFALL (IN)
  YESTERDAY        T                         0.4   -0.4      0.4
  MONTH TO DATE   19.8                      10.2    9.6     15.9
  SINCE DEC 1     45.0                      34.0   11.0     51.9
  SINCE JUL 1     50.9                      36.7   14.2     53.5
  SNOW DEPTH       4

DEGREE DAYS
 HEATING
  YESTERDAY       46                        34     12       44
  MONTH TO DATE 1231                       925    306     1062
  SINCE DEC 1   3514                      3244    270     3552
  SINCE JUL 1   4902                      4525    377     4884

 COOLING
  YESTERDAY        0                         0      0        0
  MONTH TO DATE    0                         0      0        0
  SINCE DEC 1      0                         0      0        0
  SINCE JAN 1      0                         0      0        0
..................................................................


WIND (MPH)
  HIGHEST WIND SPEED    20   HIGHEST WIND DIRECTION    SW (230)
  HIGHEST GUST SPEED    26   HIGHEST GUST DIRECTION     W (250)
  AVERAGE WIND SPEED     8.1


SKY COVER
  POSSIBLE SUNSHINE  MM
  AVERAGE SKY COVER 0.2


WEATHER CONDITIONS
 THE FOLLOWING WEATHER WAS RECORDED YESTERDAY.
  LIGHT SNOW
  HAZE


RELATIVE HUMIDITY (PERCENT)
 HIGHEST    80           600 AM
 LOWEST     55           300 PM
 AVERAGE    68

..........................................................


THE MANSFIELD OH CLIMATE NORMALS FOR TODAY
                         NORMAL    RECORD    YEAR
 MAXIMUM TEMPERATURE (F)   39        71      2000
                                             1944
 MINIMUM TEMPERATURE (F)   23        -8      1963


SUNRISE AND SUNSET
FEBRUARY 26 2015......SUNRISE   709 AM EST   SUNSET   618 PM EST
FEBRUARY 27 2015......SUNRISE   707 AM EST   SUNSET   619 PM EST


-  INDICATES NEGATIVE NUMBERS.
R  INDICATES RECORD WAS SET OR TIED.
MM INDICATES DATA IS MISSING.
T  INDICATES TRACE AMOUNT.




$$
