000
CDUS41 KCLE 160528
CLIMFD


CLIMATE REPORT
NATIONAL WEATHER SERVICE CLEVELAND OH
1228 AM EST SUN NOV 16 2014


...................................

...THE MANSFIELD OH CLIMATE SUMMARY FOR NOVEMBER 15 2014...

CLIMATE NORMAL PERIOD 1981 TO 2010
CLIMATE RECORD PERIOD 1916 TO 2014


WEATHER ITEM   OBSERVED TIME   RECORD YEAR NORMAL DEPARTURE LAST
                VALUE   (LST)  VALUE       VALUE  FROM      YEAR
                                                  NORMAL
..................................................................
TEMPERATURE (F)
 YESTERDAY
  MAXIMUM         33    358 PM  71    1971  50    -17       51
  MINIMUM         18    725 AM  12    1933  34    -16       38
  AVERAGE         26                        42    -16       45

PRECIPITATION (IN)
  YESTERDAY        0.00                      0.14  -0.14     0.00
  MONTH TO DATE    0.76                      1.88  -1.12     1.13
  SINCE SEP 1      4.06                      8.14  -4.08     8.80
  SINCE JAN 1     33.28                     38.97  -5.69    37.72

SNOWFALL (IN)
  YESTERDAY        0.0                       0.1   -0.1      0.0
  MONTH TO DATE    0.2                       0.7   -0.5      0.5
  SINCE SEP 1      0.2                       1.2   -1.0      0.5
  SINCE JUL 1      0.2                       1.2   -1.0      0.5
  SNOW DEPTH       T

DEGREE DAYS
 HEATING
  YESTERDAY       39                        23     16       20
  MONTH TO DATE  369                       311     58      346
  SINCE SEP 1    867                       854     13      834
  SINCE JUL 1    894                       879     15      862

 COOLING
  YESTERDAY        0                         0      0        0
  MONTH TO DATE    0                         0      0        0
  SINCE SEP 1     69                        70     -1       99
  SINCE JAN 1    623                       632     -9      741
..................................................................


WIND (MPH)
  HIGHEST WIND SPEED    17   HIGHEST WIND DIRECTION    SW (210)
  HIGHEST GUST SPEED    23   HIGHEST GUST DIRECTION     S (200)
  AVERAGE WIND SPEED     6.7


SKY COVER
  POSSIBLE SUNSHINE  MM
  AVERAGE SKY COVER 0.3


WEATHER CONDITIONS
 THE FOLLOWING WEATHER WAS RECORDED YESTERDAY.
  NO SIGNIFICANT WEATHER WAS OBSERVED.


RELATIVE HUMIDITY (PERCENT)
 HIGHEST    91           700 AM
 LOWEST     47           300 PM
 AVERAGE    69

..........................................................


THE MANSFIELD OH CLIMATE NORMALS FOR TODAY
                         NORMAL    RECORD    YEAR
 MAXIMUM TEMPERATURE (F)   49        70      1931
 MINIMUM TEMPERATURE (F)   33         3      1933


SUNRISE AND SUNSET
NOVEMBER 16 2014......SUNRISE   718 AM EST   SUNSET   511 PM EST
NOVEMBER 17 2014......SUNRISE   719 AM EST   SUNSET   510 PM EST


-  INDICATES NEGATIVE NUMBERS.
R  INDICATES RECORD WAS SET OR TIED.
MM INDICATES DATA IS MISSING.
T  INDICATES TRACE AMOUNT.




$$
