000
CDUS41 KCLE 100545
CLIMFD


CLIMATE REPORT
NATIONAL WEATHER SERVICE CLEVELAND OH
145 AM EDT WED MAY 10 2017


...................................

...THE MANSFIELD OH CLIMATE SUMMARY FOR MAY 9 2017...

CLIMATE NORMAL PERIOD 1981 TO 2010
CLIMATE RECORD PERIOD 1916 TO 2017


WEATHER ITEM   OBSERVED TIME   RECORD YEAR NORMAL DEPARTURE LAST
                VALUE   (LST)  VALUE       VALUE  FROM      YEAR
                                                  NORMAL
..................................................................
TEMPERATURE (F)
 YESTERDAY
  MAXIMUM         64    228 PM  88    1936  68     -4       54
                                      1930
  MINIMUM         33    525 AM  27    1966  46    -13       45
  AVERAGE         49                        57     -8       50

PRECIPITATION (IN)
  YESTERDAY        0.00                      0.14  -0.14     0.09
  MONTH TO DATE    2.06                      1.21   0.85     1.50
  SINCE MAR 1      9.82                      8.74   1.08     9.17
  SINCE JAN 1     17.68                     14.00   3.68    14.07

SNOWFALL (IN)
  YESTERDAY        0.0                       0.0    0.0      0.0
  MONTH TO DATE    0.0                       0.0    0.0      0.0
  SINCE MAR 1     15.0                      10.4    4.6      7.2
  SINCE JUL 1     36.6                      48.3  -11.7     27.6
  SNOW DEPTH       0

DEGREE DAYS
 HEATING
  YESTERDAY       16                         9      7       15
  MONTH TO DATE  143                        90     53      111
  SINCE MAR 1   1248                      1450   -202     1262
  SINCE JUL 1   4918                      6075  -1157     5034

 COOLING
  YESTERDAY        0                         1     -1        0
  MONTH TO DATE    0                         4     -4        0
  SINCE MAR 1     18                        12      6        0
  SINCE JAN 1     18                        12      6        0
..................................................................


WIND (MPH)
  HIGHEST WIND SPEED    12   HIGHEST WIND DIRECTION     W (260)
  HIGHEST GUST SPEED    15   HIGHEST GUST DIRECTION     W (260)
  AVERAGE WIND SPEED     4.5


SKY COVER
  POSSIBLE SUNSHINE  MM
  AVERAGE SKY COVER 0.2


WEATHER CONDITIONS
 THE FOLLOWING WEATHER WAS RECORDED YESTERDAY.
  NO SIGNIFICANT WEATHER WAS OBSERVED.


RELATIVE HUMIDITY (PERCENT)
 HIGHEST    82           100 AM
 LOWEST     25           100 PM
 AVERAGE    54

..........................................................


THE MANSFIELD OH CLIMATE NORMALS FOR TODAY
                         NORMAL    RECORD    YEAR
 MAXIMUM TEMPERATURE (F)   68        89      1930
 MINIMUM TEMPERATURE (F)   46        20      1947


SUNRISE AND SUNSET
MAY 10 2017...........SUNRISE   618 AM EDT   SUNSET   836 PM EDT
MAY 11 2017...........SUNRISE   616 AM EDT   SUNSET   837 PM EDT


-  INDICATES NEGATIVE NUMBERS.
R  INDICATES RECORD WAS SET OR TIED.
MM INDICATES DATA IS MISSING.
T  INDICATES TRACE AMOUNT.




$$
