000
CDUS41 KCLE 012219
CLIMFD


CLIMATE REPORT
NATIONAL WEATHER SERVICE CLEVELAND OH
519 PM EST MON JAN 1 2018


...................................

...THE MANSFIELD OH CLIMATE SUMMARY FOR JANUARY 1 2018...
VALID TODAY AS OF 0500 PM LOCAL TIME.

CLIMATE NORMAL PERIOD 1981 TO 2010
CLIMATE RECORD PERIOD 1916 TO 2017


WEATHER ITEM   OBSERVED TIME   RECORD YEAR NORMAL DEPARTURE LAST
                VALUE   (LST)  VALUE       VALUE  FROM      YEAR
                                                  NORMAL
..................................................................
TEMPERATURE (F)
 TODAY
  MAXIMUM          9    257 PM  62    1985  33    -24       43
  MINIMUM         -1    538 AM  -7    1968  19    -20       21
  AVERAGE          4                        26    -22       32

PRECIPITATION (IN)
  TODAY            T                         0.11  -0.11     0.00
  MONTH TO DATE    T                         0.11  -0.11     0.00
  SINCE DEC 1      1.85                      3.40  -1.55     3.14
  SINCE JAN 1      T                         0.11  -0.11     0.00

SNOWFALL (IN)
  TODAY            T                         0.4   -0.4      0.0
  MONTH TO DATE    T                         0.4   -0.4      0.0
  SINCE DEC 1     12.9                      10.9    2.0     11.0
  SINCE JUL 1     13.0                      13.6   -0.6     11.2
  SNOW DEPTH       3

DEGREE DAYS
 HEATING
  TODAY           61                        39     22       33
  MONTH TO DATE   61                        39     22       33
  SINCE DEC 1   1224                      1135     89     1141
  SINCE JUL 1   2306                      2416   -110     2018

 COOLING
  TODAY            0                         0      0        0
  MONTH TO DATE    0                         0      0        0
  SINCE DEC 1      0                         0      0        0
  SINCE JAN 1      0                         0      0        0
..................................................................


WIND (MPH)
  HIGHEST WIND SPEED    15   HIGHEST WIND DIRECTION     W (270)
  HIGHEST GUST SPEED    20   HIGHEST GUST DIRECTION     W (260)


SKY COVER
  POSSIBLE SUNSHINE  MM
  AVERAGE SKY COVER 0.7


WEATHER CONDITIONS
 THE FOLLOWING WEATHER WAS RECORDED TODAY.
  LIGHT SNOW
  FOG
  HAZE


RELATIVE HUMIDITY (PERCENT)
 HIGHEST    95           300 AM
 LOWEST     69           300 PM
 AVERAGE    82

..........................................................


THE MANSFIELD OH CLIMATE NORMALS FOR TOMORROW
                         NORMAL    RECORD    YEAR
 MAXIMUM TEMPERATURE (F)   33        60      2000
 MINIMUM TEMPERATURE (F)   19        -5      1979
                                             1945


SUNRISE AND SUNSET
JANUARY  1 2018.......SUNRISE   754 AM EST   SUNSET   513 PM EST
JANUARY  2 2018.......SUNRISE   754 AM EST   SUNSET   514 PM EST


-  INDICATES NEGATIVE NUMBERS.
R  INDICATES RECORD WAS SET OR TIED.
MM INDICATES DATA IS MISSING.
T  INDICATES TRACE AMOUNT.




$$
