000
CDUS41 KCLE 250526
CLIMFD


CLIMATE REPORT
NATIONAL WEATHER SERVICE CLEVELAND OH
1226 AM EST WED FEB 25 2015


...................................

...THE MANSFIELD OH CLIMATE SUMMARY FOR FEBRUARY 24 2015...

CLIMATE NORMAL PERIOD 1981 TO 2010
CLIMATE RECORD PERIOD 1916 TO 2015


WEATHER ITEM   OBSERVED TIME   RECORD YEAR NORMAL DEPARTURE LAST
                VALUE   (LST)  VALUE       VALUE  FROM      YEAR
                                                  NORMAL
..................................................................
TEMPERATURE (F)
 YESTERDAY
  MAXIMUM         22   1159 PM  67    1961  39    -17       28
  MINIMUM         -8R   539 AM  -2    1934  22    -30       18
  AVERAGE          7                        30    -23       23

PRECIPITATION (IN)
  YESTERDAY        T                         0.09  -0.09      T
  MONTH TO DATE    1.63                      2.03  -0.40     2.26
  SINCE DEC 1      6.95                      8.19  -1.24     8.46
  SINCE JAN 1      5.09                      4.90   0.19     4.28

SNOWFALL (IN)
  YESTERDAY        T                         0.4   -0.4       T
  MONTH TO DATE   19.8                       9.8    RRR     15.5
  SINCE DEC 1     45.0                      33.6   11.4     51.5
  SINCE JUL 1     50.9                      36.3   14.6     53.1
  SNOW DEPTH       4

DEGREE DAYS
 HEATING
  YESTERDAY       58                        35     23       42
  MONTH TO DATE 1185                       891    294     1018
  SINCE DEC 1   3468                      3210    258     3508
  SINCE JUL 1   4856                      4491    365     4840

 COOLING
  YESTERDAY        0                         0      0        0
  MONTH TO DATE    0                         0      0        0
  SINCE DEC 1      0                         0      0        0
  SINCE JAN 1      0                         0      0        0
..................................................................


WIND (MPH)
  HIGHEST WIND SPEED    30   HIGHEST WIND DIRECTION     S (200)
  HIGHEST GUST SPEED    37   HIGHEST GUST DIRECTION     S (200)
  AVERAGE WIND SPEED    15.7


SKY COVER
  POSSIBLE SUNSHINE  MM
  AVERAGE SKY COVER 0.4


WEATHER CONDITIONS
 THE FOLLOWING WEATHER WAS RECORDED YESTERDAY.
  LIGHT SNOW


RELATIVE HUMIDITY (PERCENT)
 HIGHEST    83           600 AM
 LOWEST     45           400 PM
 AVERAGE    64

..........................................................


THE MANSFIELD OH CLIMATE NORMALS FOR TODAY
                         NORMAL    RECORD    YEAR
 MAXIMUM TEMPERATURE (F)   39        69      2000
 MINIMUM TEMPERATURE (F)   23        -3      1963


SUNRISE AND SUNSET
FEBRUARY 25 2015......SUNRISE   710 AM EST   SUNSET   616 PM EST
FEBRUARY 26 2015......SUNRISE   709 AM EST   SUNSET   618 PM EST


-  INDICATES NEGATIVE NUMBERS.
R  INDICATES RECORD WAS SET OR TIED.
MM INDICATES DATA IS MISSING.
T  INDICATES TRACE AMOUNT.




$$
