000
CDUS41 KCLE 170539
CLIMFD


CLIMATE REPORT
NATIONAL WEATHER SERVICE CLEVELAND OH
1238 AM EST MON NOV 17 2014


...................................

...THE MANSFIELD OH CLIMATE SUMMARY FOR NOVEMBER 16 2014...

CLIMATE NORMAL PERIOD 1981 TO 2010
CLIMATE RECORD PERIOD 1916 TO 2014


WEATHER ITEM   OBSERVED TIME   RECORD YEAR NORMAL DEPARTURE LAST
                VALUE   (LST)  VALUE       VALUE  FROM      YEAR
                                                  NORMAL
..................................................................
TEMPERATURE (F)
 YESTERDAY
  MAXIMUM         34    359 PM  70    1931  49    -15       58
  MINIMUM         27    758 AM   3    1933  33     -6       40
  AVERAGE         31                        41    -10       49

PRECIPITATION (IN)
  YESTERDAY        0.07                      0.13  -0.06     0.00
  MONTH TO DATE    0.83                      2.01  -1.18     1.13
  SINCE SEP 1      4.13                      8.27  -4.14     8.80
  SINCE JAN 1     33.35                     39.10  -5.75    37.72

SNOWFALL (IN)
  YESTERDAY        0.8                       0.0    0.8      0.0
  MONTH TO DATE    1.0                       0.7    0.3      0.5
  SINCE SEP 1      1.0                       1.2   -0.2      0.5
  SINCE JUL 1      1.0                       1.2   -0.2      0.5
  SNOW DEPTH       0

DEGREE DAYS
 HEATING
  YESTERDAY       34                        24     10       16
  MONTH TO DATE  403                       335     68      362
  SINCE SEP 1    901                       878     23      850
  SINCE JUL 1    928                       903     25      878

 COOLING
  YESTERDAY        0                         0      0        0
  MONTH TO DATE    0                         0      0        0
  SINCE SEP 1     69                        70     -1       99
  SINCE JAN 1    623                       632     -9      741
..................................................................


WIND (MPH)
  HIGHEST WIND SPEED    13   HIGHEST WIND DIRECTION     S (190)
  HIGHEST GUST SPEED    16   HIGHEST GUST DIRECTION    SW (220)
  AVERAGE WIND SPEED     5.8


SKY COVER
  POSSIBLE SUNSHINE  MM
  AVERAGE SKY COVER 1.0


WEATHER CONDITIONS
 THE FOLLOWING WEATHER WAS RECORDED YESTERDAY.
  SNOW
  LIGHT SNOW
  FOG
  HAZE


RELATIVE HUMIDITY (PERCENT)
 HIGHEST   100           800 PM
 LOWEST     58           300 AM
 AVERAGE    79

..........................................................


THE MANSFIELD OH CLIMATE NORMALS FOR TODAY
                         NORMAL    RECORD    YEAR
 MAXIMUM TEMPERATURE (F)   49        71      1931
 MINIMUM TEMPERATURE (F)   33         6      1933


SUNRISE AND SUNSET
NOVEMBER 17 2014......SUNRISE   719 AM EST   SUNSET   510 PM EST
NOVEMBER 18 2014......SUNRISE   721 AM EST   SUNSET   510 PM EST


-  INDICATES NEGATIVE NUMBERS.
R  INDICATES RECORD WAS SET OR TIED.
MM INDICATES DATA IS MISSING.
T  INDICATES TRACE AMOUNT.




$$
