000
CDUS41 KCLE 110529
CLIMFD


CLIMATE REPORT
NATIONAL WEATHER SERVICE CLEVELAND OH
1228 AM EST SAT FEB 11 2017


...................................

...THE MANSFIELD OH CLIMATE SUMMARY FOR FEBRUARY 10 2017...

CLIMATE NORMAL PERIOD 1981 TO 2010
CLIMATE RECORD PERIOD 1916 TO 2017


WEATHER ITEM   OBSERVED TIME   RECORD YEAR NORMAL DEPARTURE LAST
                VALUE   (LST)  VALUE       VALUE  FROM      YEAR
                                                  NORMAL
..................................................................
TEMPERATURE (F)
 YESTERDAY
  MAXIMUM         44   1158 PM  64    1932  35      9       22
  MINIMUM         11    118 AM -11    1982  20     -9       14
  AVERAGE         28                        27      1       18

PRECIPITATION (IN)
  YESTERDAY        0.00                      0.08  -0.08     0.19
  MONTH TO DATE    1.04                      0.85   0.19     1.29
  SINCE DEC 1     10.09                      7.01   3.08     6.99
  SINCE JAN 1      6.95                      3.72   3.23     2.83

SNOWFALL (IN)
  YESTERDAY        0.0                       0.4   -0.4      3.7
  MONTH TO DATE    3.8                       4.1   -0.3      6.0
  SINCE DEC 1     21.4                      27.9   -6.5     14.9
  SINCE JUL 1     21.6                      30.6   -9.0     14.9
  SNOW DEPTH       2

DEGREE DAYS
 HEATING
  YESTERDAY       37                        38     -1       47
  MONTH TO DATE  337                       384    -47      316
  SINCE DEC 1   2439                      2703   -264     2188
  SINCE JUL 1   3316                      3984   -668     3128

 COOLING
  YESTERDAY        0                         0      0        0
  MONTH TO DATE    0                         0      0        0
  SINCE DEC 1      0                         0      0        0
  SINCE JAN 1      0                         0      0        0
..................................................................


WIND (MPH)
  HIGHEST WIND SPEED    26   HIGHEST WIND DIRECTION     S (170)
  HIGHEST GUST SPEED    34   HIGHEST GUST DIRECTION     S (170)
  AVERAGE WIND SPEED    13.2


SKY COVER
  POSSIBLE SUNSHINE  MM
  AVERAGE SKY COVER 0.5


WEATHER CONDITIONS
 THE FOLLOWING WEATHER WAS RECORDED YESTERDAY.
  NO SIGNIFICANT WEATHER WAS OBSERVED.


RELATIVE HUMIDITY (PERCENT)
 HIGHEST    83           100 AM
 LOWEST     50           400 PM
 AVERAGE    67

..........................................................


THE MANSFIELD OH CLIMATE NORMALS FOR TODAY
                         NORMAL    RECORD    YEAR
 MAXIMUM TEMPERATURE (F)   35        68      1999
                                             1932
 MINIMUM TEMPERATURE (F)   20        -5      2014
                                             1979


SUNRISE AND SUNSET
FEBRUARY 11 2017......SUNRISE   729 AM EST   SUNSET   600 PM EST
FEBRUARY 12 2017......SUNRISE   728 AM EST   SUNSET   601 PM EST


-  INDICATES NEGATIVE NUMBERS.
R  INDICATES RECORD WAS SET OR TIED.
MM INDICATES DATA IS MISSING.
T  INDICATES TRACE AMOUNT.




$$
