000
CDUS41 KCLE 170527
CLIMFD


CLIMATE REPORT
NATIONAL WEATHER SERVICE CLEVELAND OH
127 AM EDT MON APR 17 2017


...................................

...THE MANSFIELD OH CLIMATE SUMMARY FOR APRIL 16 2017...

CLIMATE NORMAL PERIOD 1981 TO 2010
CLIMATE RECORD PERIOD 1916 TO 2017


WEATHER ITEM   OBSERVED TIME   RECORD YEAR NORMAL DEPARTURE LAST
                VALUE   (LST)  VALUE       VALUE  FROM      YEAR
                                                  NORMAL
..................................................................
TEMPERATURE (F)
 YESTERDAY
  MAXIMUM         78    359 PM  84    2002  60     18       73
  MINIMUM         58   1159 PM  16    1935  38     20       44
  AVERAGE         68                        49     19       59

PRECIPITATION (IN)
  YESTERDAY        0.01                      0.14  -0.13     0.00
  MONTH TO DATE    2.18                      2.24  -0.06     1.92
  SINCE MAR 1      5.94                      5.63   0.31     6.07
  SINCE JAN 1     13.80                     10.89   2.91    10.97

SNOWFALL (IN)
  YESTERDAY        0.0                       0.1   -0.1      0.0
  MONTH TO DATE    4.3                       2.0    2.3      4.2
  SINCE MAR 1     15.0                       9.8    5.2      7.2
  SINCE JUL 1     36.6                      47.7  -11.1     27.6
  SNOW DEPTH       0

DEGREE DAYS
 HEATING
  YESTERDAY        0                        16    -16        6
  MONTH TO DATE  191                       304   -113      384
  SINCE MAR 1   1013                      1169   -156     1003
  SINCE JUL 1   4683                      5794  -1111     4775

 COOLING
  YESTERDAY        3                         0      3        0
  MONTH TO DATE    8                         0      8        0
  SINCE MAR 1      8                         1      7        0
  SINCE JAN 1      8                         1      7        0
..................................................................


WIND (MPH)
  HIGHEST WIND SPEED    30   HIGHEST WIND DIRECTION    SW (220)
  HIGHEST GUST SPEED    39   HIGHEST GUST DIRECTION     S (200)
  AVERAGE WIND SPEED    14.7


SKY COVER
  POSSIBLE SUNSHINE  MM
  AVERAGE SKY COVER 0.5


WEATHER CONDITIONS
 THE FOLLOWING WEATHER WAS RECORDED YESTERDAY.
  THUNDERSTORM
  LIGHT RAIN
  FOG


RELATIVE HUMIDITY (PERCENT)
 HIGHEST    90          1000 PM
 LOWEST     43           200 PM
 AVERAGE    67

..........................................................


THE MANSFIELD OH CLIMATE NORMALS FOR TODAY
                         NORMAL    RECORD    YEAR
 MAXIMUM TEMPERATURE (F)   60        83      1969
 MINIMUM TEMPERATURE (F)   39        21      1946


SUNRISE AND SUNSET
APRIL 17 2017.........SUNRISE   648 AM EDT   SUNSET   812 PM EDT
APRIL 18 2017.........SUNRISE   646 AM EDT   SUNSET   813 PM EDT


-  INDICATES NEGATIVE NUMBERS.
R  INDICATES RECORD WAS SET OR TIED.
MM INDICATES DATA IS MISSING.
T  INDICATES TRACE AMOUNT.




$$
