000
CDUS41 KCLE 052220
CLIMFD


CLIMATE REPORT
NATIONAL WEATHER SERVICE CLEVELAND OH
520 PM EST TUE DEC 5 2017


...................................

...THE MANSFIELD OH CLIMATE SUMMARY FOR DECEMBER 5 2017...
VALID TODAY AS OF 0500 PM LOCAL TIME.

CLIMATE NORMAL PERIOD 1981 TO 2010
CLIMATE RECORD PERIOD 1916 TO 2017


WEATHER ITEM   OBSERVED TIME   RECORD YEAR NORMAL DEPARTURE LAST
                VALUE   (LST)  VALUE       VALUE  FROM      YEAR
                                                  NORMAL
..................................................................
TEMPERATURE (F)
 TODAY
  MAXIMUM         53    901 AM  68    2001  40     13       38
  MINIMUM         35    459 PM   1    1957  26      9       27
  AVERAGE         44                        33     11       33

PRECIPITATION (IN)
  TODAY            0.45                      0.11   0.34     0.00
  MONTH TO DATE    0.49                      0.55  -0.06     0.09
  SINCE DEC 1      0.49                      0.55  -0.06     0.09
  SINCE JAN 1     47.91                     41.45   6.46    32.19

SNOWFALL (IN)
  TODAY            0.0                       0.3   -0.3      0.0
  MONTH TO DATE    0.0                       1.2   -1.2      0.3
  SINCE DEC 1      0.0                       1.2   -1.2      0.3
  SINCE JUL 1      0.1                       3.9   -3.8      0.5
  SNOW DEPTH       0

DEGREE DAYS
 HEATING
  TODAY           21                        32    -11       32
  MONTH TO DATE  117                       156    -39      152
  SINCE DEC 1    117                       156    -39      152
  SINCE JUL 1   1199                      1437   -238     1029

 COOLING
  TODAY            0                         0      0        0
  MONTH TO DATE    0                         0      0        0
  SINCE DEC 1      0                         0      0        0
  SINCE JAN 1    748                       632    116     1084
..................................................................


WIND (MPH)
  HIGHEST WIND SPEED    35   HIGHEST WIND DIRECTION     S (190)
  HIGHEST GUST SPEED    42   HIGHEST GUST DIRECTION     S (200)


SKY COVER
  POSSIBLE SUNSHINE  MM
  AVERAGE SKY COVER 0.7


WEATHER CONDITIONS
 THE FOLLOWING WEATHER WAS RECORDED TODAY.
  HEAVY RAIN
  LIGHT RAIN
  FOG


RELATIVE HUMIDITY (PERCENT)
 HIGHEST    92          1100 AM
 LOWEST     64           300 PM
 AVERAGE    78

..........................................................


THE MANSFIELD OH CLIMATE NORMALS FOR TOMORROW
                         NORMAL    RECORD    YEAR
 MAXIMUM TEMPERATURE (F)   40        67      1998
                                             1956
 MINIMUM TEMPERATURE (F)   26         0      1977


SUNRISE AND SUNSET
DECEMBER  5 2017......SUNRISE   739 AM EST   SUNSET   502 PM EST
DECEMBER  6 2017......SUNRISE   740 AM EST   SUNSET   502 PM EST


-  INDICATES NEGATIVE NUMBERS.
R  INDICATES RECORD WAS SET OR TIED.
MM INDICATES DATA IS MISSING.
T  INDICATES TRACE AMOUNT.




$$
