000
CDUS41 KCLE 180528
CLIMFD


CLIMATE REPORT
NATIONAL WEATHER SERVICE CLEVELAND OH
127 AM EDT SAT MAR 18 2017


...................................

...THE MANSFIELD OH CLIMATE SUMMARY FOR MARCH 17 2017...

CLIMATE NORMAL PERIOD 1981 TO 2010
CLIMATE RECORD PERIOD 1916 TO 2017


WEATHER ITEM   OBSERVED TIME   RECORD YEAR NORMAL DEPARTURE LAST
                VALUE   (LST)  VALUE       VALUE  FROM      YEAR
                                                  NORMAL
..................................................................
TEMPERATURE (F)
 YESTERDAY
  MAXIMUM         35   1057 AM  75    2012  47    -12       57
  MINIMUM         20    415 AM   4    1941  28     -8       40
  AVERAGE         28                        37     -9       49

PRECIPITATION (IN)
  YESTERDAY        0.26                      0.11   0.15      T
  MONTH TO DATE    2.28                      1.69   0.59     2.44
  SINCE MAR 1      2.28                      1.69   0.59     2.44
  SINCE JAN 1     10.14                      6.95   3.19     7.34

SNOWFALL (IN)
  YESTERDAY        2.6                       0.3    2.3      0.0
  MONTH TO DATE   10.7                       5.2    5.5      3.0
  SINCE MAR 1     10.7                       5.2    5.5      3.0
  SINCE JUL 1     32.3                      43.1  -10.8     23.4
  SNOW DEPTH       T

DEGREE DAYS
 HEATING
  YESTERDAY       37                        28      9       16
  MONTH TO DATE  559                       519     40      347
  SINCE MAR 1    559                       519     40      347
  SINCE JUL 1   4229                      5144   -915     4119

 COOLING
  YESTERDAY        0                         0      0        0
  MONTH TO DATE    0                         0      0        0
  SINCE MAR 1      0                         0      0        0
  SINCE JAN 1      0                         0      0        0
..................................................................


WIND (MPH)
  HIGHEST WIND SPEED    22   HIGHEST WIND DIRECTION     S (200)
  HIGHEST GUST SPEED    25   HIGHEST GUST DIRECTION     S (200)
  AVERAGE WIND SPEED    10.1


SKY COVER
  POSSIBLE SUNSHINE  MM
  AVERAGE SKY COVER 0.6


WEATHER CONDITIONS
 THE FOLLOWING WEATHER WAS RECORDED YESTERDAY.
  LT FREEZING RAIN
  LIGHT SNOW
  FOG
  HAZE


RELATIVE HUMIDITY (PERCENT)
 HIGHEST   100          1000 PM
 LOWEST     44          1000 AM
 AVERAGE    72

..........................................................


THE MANSFIELD OH CLIMATE NORMALS FOR TODAY
                         NORMAL    RECORD    YEAR
 MAXIMUM TEMPERATURE (F)   47        73      2012
 MINIMUM TEMPERATURE (F)   29         5      1941


SUNRISE AND SUNSET
MARCH 18 2017.........SUNRISE   736 AM EDT   SUNSET   740 PM EDT
MARCH 19 2017.........SUNRISE   735 AM EDT   SUNSET   741 PM EDT


-  INDICATES NEGATIVE NUMBERS.
R  INDICATES RECORD WAS SET OR TIED.
MM INDICATES DATA IS MISSING.
T  INDICATES TRACE AMOUNT.




$$
