000
CDUS41 KCLE 090527
CLIMFD


CLIMATE REPORT
NATIONAL WEATHER SERVICE CLEVELAND OH
1227 AM EST THU MAR 9 2017


...................................

...THE MANSFIELD OH CLIMATE SUMMARY FOR MARCH 8 2017...

CLIMATE NORMAL PERIOD 1981 TO 2010
CLIMATE RECORD PERIOD 1916 TO 2017


WEATHER ITEM   OBSERVED TIME   RECORD YEAR NORMAL DEPARTURE LAST
                VALUE   (LST)  VALUE       VALUE  FROM      YEAR
                                                  NORMAL
..................................................................
TEMPERATURE (F)
 YESTERDAY
  MAXIMUM         54    419 PM  78    2000  43     11       71
  MINIMUM         37    316 AM  -2    1986  26     11       47
                                      1960
  AVERAGE         46                        34     12       59

PRECIPITATION (IN)
  YESTERDAY        0.00                      0.09  -0.09     0.00
  MONTH TO DATE    1.50                      0.75   0.75     0.84
  SINCE MAR 1      1.50                      0.75   0.75     0.84
  SINCE JAN 1      9.36                      6.01   3.35     5.74

SNOWFALL (IN)
  YESTERDAY        0.0                       0.3   -0.3      0.0
  MONTH TO DATE    0.5                       2.6   -2.1      3.0
  SINCE MAR 1      0.5                       2.6   -2.1      3.0
  SINCE JUL 1     22.1                      40.5  -18.4     23.4
  SNOW DEPTH       0

DEGREE DAYS
 HEATING
  YESTERDAY       19                        31    -12        6
  MONTH TO DATE  206                       257    -51      227
  SINCE MAR 1    206                       257    -51      227
  SINCE JUL 1   3876                      4882  -1006     3999

 COOLING
  YESTERDAY        0                         0      0        0
  MONTH TO DATE    0                         0      0        0
  SINCE MAR 1      0                         0      0        0
  SINCE JAN 1      0                         0      0        0
..................................................................


WIND (MPH)
  HIGHEST WIND SPEED    39   HIGHEST WIND DIRECTION    SW (230)
  HIGHEST GUST SPEED    54   HIGHEST GUST DIRECTION    SW (230)
  AVERAGE WIND SPEED    20.7


SKY COVER
  POSSIBLE SUNSHINE  MM
  AVERAGE SKY COVER 0.1


WEATHER CONDITIONS
 THE FOLLOWING WEATHER WAS RECORDED YESTERDAY.
  NO SIGNIFICANT WEATHER WAS OBSERVED.


RELATIVE HUMIDITY (PERCENT)
 HIGHEST    70           200 AM
 LOWEST     28           400 PM
 AVERAGE    49

..........................................................


THE MANSFIELD OH CLIMATE NORMALS FOR TODAY
                         NORMAL    RECORD    YEAR
 MAXIMUM TEMPERATURE (F)   43        71      2016
 MINIMUM TEMPERATURE (F)   26        -3      1984


SUNRISE AND SUNSET
MARCH  9 2017.........SUNRISE   651 AM EST   SUNSET   631 PM EST
MARCH 10 2017.........SUNRISE   649 AM EST   SUNSET   632 PM EST


-  INDICATES NEGATIVE NUMBERS.
R  INDICATES RECORD WAS SET OR TIED.
MM INDICATES DATA IS MISSING.
T  INDICATES TRACE AMOUNT.




$$
