006
CDUS41 KCLE 150528
CLIMFD


CLIMATE REPORT
NATIONAL WEATHER SERVICE CLEVELAND OH
1228 AM EST WED FEB 15 2017


...................................

...THE MANSFIELD OH CLIMATE SUMMARY FOR FEBRUARY 14 2017...

CLIMATE NORMAL PERIOD 1981 TO 2010
CLIMATE RECORD PERIOD 1916 TO 2017


WEATHER ITEM   OBSERVED TIME   RECORD YEAR NORMAL DEPARTURE LAST
                VALUE   (LST)  VALUE       VALUE  FROM      YEAR
                                                  NORMAL
..................................................................
TEMPERATURE (F)
 YESTERDAY
  MAXIMUM         49    422 PM  62    1950  36     13       17
                                      1938
  MINIMUM         27   1243 AM  -6    2016  20      7       -6
  AVERAGE         38                        28     10        6

PRECIPITATION (IN)
  YESTERDAY        0.00                      0.08  -0.08     0.02
  MONTH TO DATE    1.24                      1.18   0.06     1.35
  SINCE DEC 1     10.29                      7.34   2.95     7.05
  SINCE JAN 1      7.15                      4.05   3.10     2.89

SNOWFALL (IN)
  YESTERDAY        0.0                       0.4   -0.4      0.2
  MONTH TO DATE    3.8                       5.6   -1.8      7.6
  SINCE DEC 1     21.4                      29.4   -8.0     16.5
  SINCE JUL 1     21.6                      32.1  -10.5     16.5
  SNOW DEPTH       0

DEGREE DAYS
 HEATING
  YESTERDAY       27                        37    -10       59
  MONTH TO DATE  438                       533    -95      536
  SINCE DEC 1   2540                      2852   -312     2408
  SINCE JUL 1   3417                      4133   -716     3348

 COOLING
  YESTERDAY        0                         0      0        0
  MONTH TO DATE    0                         0      0        0
  SINCE DEC 1      0                         0      0        0
  SINCE JAN 1      0                         0      0        0
..................................................................


WIND (MPH)
  HIGHEST WIND SPEED    24   HIGHEST WIND DIRECTION    SW (220)
  HIGHEST GUST SPEED    33   HIGHEST GUST DIRECTION    SW (220)
  AVERAGE WIND SPEED    12.4


SKY COVER
  POSSIBLE SUNSHINE  MM
  AVERAGE SKY COVER 0.1


WEATHER CONDITIONS
 THE FOLLOWING WEATHER WAS RECORDED YESTERDAY.
  NO SIGNIFICANT WEATHER WAS OBSERVED.


RELATIVE HUMIDITY (PERCENT)
 HIGHEST    81          1200 AM
 LOWEST     45          1200 PM
 AVERAGE    63

..........................................................


THE MANSFIELD OH CLIMATE NORMALS FOR TODAY
                         NORMAL    RECORD    YEAR
 MAXIMUM TEMPERATURE (F)   36        65      1954
 MINIMUM TEMPERATURE (F)   20       -11      2015


SUNRISE AND SUNSET
FEBRUARY 15 2017......SUNRISE   724 AM EST   SUNSET   605 PM EST
FEBRUARY 16 2017......SUNRISE   722 AM EST   SUNSET   606 PM EST


-  INDICATES NEGATIVE NUMBERS.
R  INDICATES RECORD WAS SET OR TIED.
MM INDICATES DATA IS MISSING.
T  INDICATES TRACE AMOUNT.




$$
