000
CDUS41 KCLE 202219
CLIMFD


CLIMATE REPORT
NATIONAL WEATHER SERVICE CLEVELAND OH
513 PM EST SUN NOV 20 2016


...................................

...THE MANSFIELD OH CLIMATE SUMMARY FOR NOVEMBER 20 2016...
VALID TODAY AS OF 0500 PM LOCAL TIME.

CLIMATE NORMAL PERIOD 1981 TO 2010
CLIMATE RECORD PERIOD 1916 TO 2016


WEATHER ITEM   OBSERVED TIME   RECORD YEAR NORMAL DEPARTURE LAST
                VALUE   (LST)  VALUE       VALUE  FROM      YEAR
                                                  NORMAL
..................................................................
TEMPERATURE (F)
 TODAY
  MAXIMUM         31    300 AM  72    1931  47    -16       45
  MINIMUM         29   1246 PM  10    1951  32     -3       30
  AVERAGE         30                        40    -10       38

PRECIPITATION (IN)
  TODAY            T                         0.13  -0.13     0.00
  MONTH TO DATE    0.52                      2.54  -2.02     1.30
  SINCE SEP 1      7.70                      8.80  -1.10     6.44
  SINCE JAN 1     31.33                     39.63  -8.30    34.43

SNOWFALL (IN)
  TODAY            T                         0.1   -0.1      0.0
  MONTH TO DATE    0.2                       1.0   -0.8      0.0
  SINCE SEP 1      0.2                       1.5   -1.3      0.0
  SINCE JUL 1      0.2                       1.5   -1.3      0.0
  SNOW DEPTH       T

DEGREE DAYS
 HEATING
  TODAY           35                        25     10       27
  MONTH TO DATE  314                       434   -120      279
  SINCE SEP 1    622                       977   -355      669
  SINCE JUL 1    623                      1002   -379      686

 COOLING
  TODAY            0                         0      0        0
  MONTH TO DATE    6                         0      6        4
  SINCE SEP 1    180                        70    110      147
  SINCE JAN 1   1084                       632    452      778
..................................................................


WIND (MPH)
  HIGHEST WIND SPEED    23   HIGHEST WIND DIRECTION    NW (300)
  HIGHEST GUST SPEED    36   HIGHEST GUST DIRECTION    NW (320)


SKY COVER
  POSSIBLE SUNSHINE  MM
  AVERAGE SKY COVER 1.0


WEATHER CONDITIONS
 THE FOLLOWING WEATHER WAS RECORDED TODAY.
  SNOW
  FOG


RELATIVE HUMIDITY (PERCENT)
 HIGHEST    92          1200 AM
 LOWEST     63           500 AM
 AVERAGE    78

..........................................................


THE MANSFIELD OH CLIMATE NORMALS FOR TOMORROW
                         NORMAL    RECORD    YEAR
 MAXIMUM TEMPERATURE (F)   47        69      1934
 MINIMUM TEMPERATURE (F)   31        12      2014


SUNRISE AND SUNSET
NOVEMBER 20 2016......SUNRISE   723 AM EST   SUNSET   508 PM EST
NOVEMBER 21 2016......SUNRISE   725 AM EST   SUNSET   507 PM EST


-  INDICATES NEGATIVE NUMBERS.
R  INDICATES RECORD WAS SET OR TIED.
MM INDICATES DATA IS MISSING.
T  INDICATES TRACE AMOUNT.




$$
