000
CDUS41 KCLE 100545
CLIMFD


CLIMATE REPORT
NATIONAL WEATHER SERVICE CLEVELAND OH
145 AM EDT TUE MAY 10 2016


...................................

...THE MANSFIELD OH CLIMATE SUMMARY FOR MAY 9 2016...

CLIMATE NORMAL PERIOD 1981 TO 2010
CLIMATE RECORD PERIOD 1916 TO 2016


WEATHER ITEM   OBSERVED TIME   RECORD YEAR NORMAL DEPARTURE LAST
                VALUE   (LST)  VALUE       VALUE  FROM      YEAR
                                                  NORMAL
..................................................................
TEMPERATURE (F)
 YESTERDAY
  MAXIMUM         54    531 PM  88    1936  68    -14       86
                                      1930
  MINIMUM         45    529 AM  27    1966  46     -1       62
  AVERAGE         50                        57     -7       74

PRECIPITATION (IN)
  YESTERDAY        0.09                      0.14  -0.05     0.00
  MONTH TO DATE    1.50                      1.21   0.29     0.66
  SINCE MAR 1      9.17                      8.74   0.43     8.90
  SINCE JAN 1     14.07                     14.00   0.07    14.06

SNOWFALL (IN)
  YESTERDAY       MM                         0.0   MM        0.0
  MONTH TO DATE    0.0                       0.0    0.0      0.0
  SINCE MAR 1      7.2                      10.4   -3.2     10.7
  SINCE JUL 1     27.6                      48.3  -20.7     63.2
  SNOW DEPTH       0

DEGREE DAYS
 HEATING
  YESTERDAY       15                         9      6        0
  MONTH TO DATE  111                        90     21       20
  SINCE MAR 1   1262                      1450   -188     1397
  SINCE JUL 1   5034                      6075  -1041     6469

 COOLING
  YESTERDAY        0                         1     -1        9
  MONTH TO DATE    0                         4     -4       30
  SINCE MAR 1      0                        12    -12       30
  SINCE JAN 1      0                        12    -12       30
..................................................................


WIND (MPH)
  HIGHEST WIND SPEED    12   HIGHEST WIND DIRECTION     S (160)
  HIGHEST GUST SPEED    20   HIGHEST GUST DIRECTION    SE (130)
  AVERAGE WIND SPEED     4.8


SKY COVER
  POSSIBLE SUNSHINE  MM
  AVERAGE SKY COVER 0.7


WEATHER CONDITIONS
 THE FOLLOWING WEATHER WAS RECORDED YESTERDAY.
  LIGHT RAIN


RELATIVE HUMIDITY (PERCENT)
 HIGHEST    86          1100 PM
 LOWEST     61           100 AM
 AVERAGE    74

..........................................................


THE MANSFIELD OH CLIMATE NORMALS FOR TODAY
                         NORMAL    RECORD    YEAR
 MAXIMUM TEMPERATURE (F)   68        89      1930
 MINIMUM TEMPERATURE (F)   46        20      1947


SUNRISE AND SUNSET
MAY 10 2016...........SUNRISE   617 AM EDT   SUNSET   836 PM EDT
MAY 11 2016...........SUNRISE   616 AM EDT   SUNSET   837 PM EDT


-  INDICATES NEGATIVE NUMBERS.
R  INDICATES RECORD WAS SET OR TIED.
MM INDICATES DATA IS MISSING.
T  INDICATES TRACE AMOUNT.




$$
