000
CDUS41 KCLE 160527
CLIMFD


CLIMATE REPORT
NATIONAL WEATHER SERVICE CLEVELAND OH
125 AM EDT SAT MAY 16 2015


...................................

...THE MANSFIELD OH CLIMATE SUMMARY FOR MAY 15 2015...

CLIMATE NORMAL PERIOD 1981 TO 2010
CLIMATE RECORD PERIOD 1916 TO 2015


WEATHER ITEM   OBSERVED TIME   RECORD YEAR NORMAL DEPARTURE LAST
                VALUE   (LST)  VALUE       VALUE  FROM      YEAR
                                                  NORMAL
..................................................................
TEMPERATURE (F)
 YESTERDAY
  MAXIMUM         81    419 PM  89    1991  69     12       65
                                      1962
  MINIMUM         54    140 AM  32    1936  48      6       43
  AVERAGE         68                        58     10       54

PRECIPITATION (IN)
  YESTERDAY        T                         0.15  -0.15     0.51
  MONTH TO DATE    0.93                      2.05  -1.12     2.31
  SINCE MAR 1      9.17                      9.58  -0.41    11.31
  SINCE JAN 1     14.33                     14.84  -0.51    15.64

SNOWFALL (IN)
  YESTERDAY        0.0                       0.0    0.0      0.0
  MONTH TO DATE    0.0                       0.0    0.0      0.0
  SINCE MAR 1     10.7                      10.4    0.3     11.5
  SINCE JUL 1     63.2                      48.3   14.9     65.4
  SNOW DEPTH       0

DEGREE DAYS
 HEATING
  YESTERDAY        0                         8     -8       11
  MONTH TO DATE   61                       140    -79      105
  SINCE MAR 1   1438                      1500    -62     1574
  SINCE JUL 1   6510                      6125    385     6618

 COOLING
  YESTERDAY        3                         1      2        0
  MONTH TO DATE   51                        10     41       34
  SINCE MAR 1     51                        18     33       36
  SINCE JAN 1     51                        18     33       36
..................................................................


WIND (MPH)
  HIGHEST WIND SPEED    21   HIGHEST WIND DIRECTION    SW (210)
  HIGHEST GUST SPEED    27   HIGHEST GUST DIRECTION    SW (210)
  AVERAGE WIND SPEED    10.3


SKY COVER
  POSSIBLE SUNSHINE  MM
  AVERAGE SKY COVER 0.6


WEATHER CONDITIONS
 THE FOLLOWING WEATHER WAS RECORDED YESTERDAY.
  LIGHT RAIN


RELATIVE HUMIDITY (PERCENT)
 HIGHEST    78           900 PM
 LOWEST     48           300 PM
 AVERAGE    63

..........................................................


THE MANSFIELD OH CLIMATE NORMALS FOR TODAY
                         NORMAL    RECORD    YEAR
 MAXIMUM TEMPERATURE (F)   69        89      1962
 MINIMUM TEMPERATURE (F)   48        25      1959


SUNRISE AND SUNSET
MAY 16 2015...........SUNRISE   612 AM EDT   SUNSET   841 PM EDT
MAY 17 2015...........SUNRISE   611 AM EDT   SUNSET   842 PM EDT


-  INDICATES NEGATIVE NUMBERS.
R  INDICATES RECORD WAS SET OR TIED.
MM INDICATES DATA IS MISSING.
T  INDICATES TRACE AMOUNT.




$$
