000
CDUS41 KCLE 300533
CLIMFD


CLIMATE REPORT
NATIONAL WEATHER SERVICE CLEVELAND OH
1233 AM EST FRI JAN 30 2015


...................................

...THE MANSFIELD OH CLIMATE SUMMARY FOR JANUARY 29 2015...

CLIMATE NORMAL PERIOD 1981 TO 2010
CLIMATE RECORD PERIOD 1916 TO 2015


WEATHER ITEM   OBSERVED TIME   RECORD YEAR NORMAL DEPARTURE LAST
                VALUE   (LST)  VALUE       VALUE  FROM      YEAR
                                                  NORMAL
..................................................................
TEMPERATURE (F)
 YESTERDAY
  MAXIMUM         40    317 PM  60    2013  33      7       14
                                      2002
                                      1975
  MINIMUM         24    118 AM -14    1977  18      6       -3
  AVERAGE         32                        26      6        6

PRECIPITATION (IN)
  YESTERDAY        0.22                      0.08   0.14     0.00
  MONTH TO DATE    3.35                      2.70   0.65     2.00
  SINCE DEC 1      5.21                      5.99  -0.78     6.18
  SINCE JAN 1      3.35                      2.70   0.65     2.00

SNOWFALL (IN)
  YESTERDAY        2.0                       0.4    1.6      0.0
  MONTH TO DATE   23.2                      12.4   10.8     19.4
  SINCE DEC 1     23.4                      22.9    0.5     35.8
  SINCE JUL 1     29.3                      25.6    3.7     37.4
  SNOW DEPTH       7

DEGREE DAYS
 HEATING
  YESTERDAY       33                        39     -6       59
  MONTH TO DATE 1226                      1147     79     1343
  SINCE DEC 1   2189                      2243    -54     2410
  SINCE JUL 1   3577                      3524     53     3742

 COOLING
  YESTERDAY        0                         0      0        0
  MONTH TO DATE    0                         0      0        0
  SINCE DEC 1      0                         0      0        0
  SINCE JAN 1      0                         0      0        0
..................................................................


WIND (MPH)
  HIGHEST WIND SPEED    28   HIGHEST WIND DIRECTION     S (190)
  HIGHEST GUST SPEED    33   HIGHEST GUST DIRECTION     S (200)
  AVERAGE WIND SPEED    17.2


SKY COVER
  POSSIBLE SUNSHINE  MM
  AVERAGE SKY COVER 0.8


WEATHER CONDITIONS
 THE FOLLOWING WEATHER WAS RECORDED YESTERDAY.
  LIGHT RAIN
  LT FREEZING RAIN
  LIGHT SNOW
  FOG
  HAZE


RELATIVE HUMIDITY (PERCENT)
 HIGHEST   100           500 PM
 LOWEST     55           300 AM
 AVERAGE    78

..........................................................


THE MANSFIELD OH CLIMATE NORMALS FOR TODAY
                         NORMAL    RECORD    YEAR
 MAXIMUM TEMPERATURE (F)   33        62      2013
 MINIMUM TEMPERATURE (F)   18        -4      1966
                                             1934


SUNRISE AND SUNSET
JANUARY 30 2015.......SUNRISE   742 AM EST   SUNSET   545 PM EST
JANUARY 31 2015.......SUNRISE   741 AM EST   SUNSET   546 PM EST


-  INDICATES NEGATIVE NUMBERS.
R  INDICATES RECORD WAS SET OR TIED.
MM INDICATES DATA IS MISSING.
T  INDICATES TRACE AMOUNT.




$$
