000
CDUS41 KCLE 262114
CLIMFD


CLIMATE REPORT
NATIONAL WEATHER SERVICE CLEVELAND OH
513 PM EDT FRI MAY 26 2017


...................................

...THE MANSFIELD OH CLIMATE SUMMARY FOR MAY 26 2017...
VALID TODAY AS OF 0500 PM LOCAL TIME.

CLIMATE NORMAL PERIOD 1981 TO 2010
CLIMATE RECORD PERIOD 1916 TO 2017


WEATHER ITEM   OBSERVED TIME   RECORD YEAR NORMAL DEPARTURE LAST
                VALUE   (LST)  VALUE       VALUE  FROM      YEAR
                                                  NORMAL
..................................................................
TEMPERATURE (F)
 TODAY
  MAXIMUM         69    316 PM  88    1939  72     -3       83
                                      1918
  MINIMUM         56   1035 AM  32    1948  51      5       65
  AVERAGE         63                        62      1       74

PRECIPITATION (IN)
  TODAY            0.00                      0.16  -0.16     0.00
  MONTH TO DATE    4.74                      3.73   1.01     3.14
  SINCE MAR 1     12.50                     11.26   1.24    10.81
  SINCE JAN 1     20.36                     16.52   3.84    15.71

SNOWFALL (IN)
  TODAY            0.0                       0.0    0.0      0.0
  MONTH TO DATE    0.0                       0.0    0.0      0.0
  SINCE MAR 1     15.0                      10.4    4.6      7.2
  SINCE JUL 1     36.6                      48.3  -11.7     27.6
  SNOW DEPTH       0

DEGREE DAYS
 HEATING
  TODAY            2                         5     -3        0
  MONTH TO DATE  219                       209     10      239
  SINCE MAR 1   1324                      1569   -245     1390
  SINCE JUL 1   4994                      6194  -1200     5162

 COOLING
  TODAY            0                         2     -2        9
  MONTH TO DATE   29                        26      3       18
  SINCE MAR 1     47                        34     13       18
  SINCE JAN 1     47                        34     13       18
..................................................................


WIND (MPH)
  HIGHEST WIND SPEED    15   HIGHEST WIND DIRECTION    SW (240)
  HIGHEST GUST SPEED    21   HIGHEST GUST DIRECTION     W (270)


SKY COVER
  POSSIBLE SUNSHINE  MM
  AVERAGE SKY COVER 0.9


WEATHER CONDITIONS
 THE FOLLOWING WEATHER WAS RECORDED TODAY.
  FOG


RELATIVE HUMIDITY (PERCENT)
 HIGHEST   100          1200 AM
 LOWEST     63           200 PM
 AVERAGE    82

..........................................................


THE MANSFIELD OH CLIMATE NORMALS FOR TOMORROW
                         NORMAL    RECORD    YEAR
 MAXIMUM TEMPERATURE (F)   73        90      2012
                                             1918
 MINIMUM TEMPERATURE (F)   52        33      1947


SUNRISE AND SUNSET
MAY 26 2017...........SUNRISE   604 AM EDT   SUNSET   851 PM EDT
MAY 27 2017...........SUNRISE   603 AM EDT   SUNSET   852 PM EDT


-  INDICATES NEGATIVE NUMBERS.
R  INDICATES RECORD WAS SET OR TIED.
MM INDICATES DATA IS MISSING.
T  INDICATES TRACE AMOUNT.




$$
