291
CDUS41 KCLE 142211
CLIMFD


CLIMATE REPORT
NATIONAL WEATHER SERVICE CLEVELAND OH
511 PM EST TUE NOV 14 2017


...................................

...THE MANSFIELD OH CLIMATE SUMMARY FOR NOVEMBER 14 2017...
VALID TODAY AS OF 0500 PM LOCAL TIME.

CLIMATE NORMAL PERIOD 1981 TO 2010
CLIMATE RECORD PERIOD 1916 TO 2017


WEATHER ITEM   OBSERVED TIME   RECORD YEAR NORMAL DEPARTURE LAST
                VALUE   (LST)  VALUE       VALUE  FROM      YEAR
                                                  NORMAL
..................................................................
TEMPERATURE (F)
 TODAY
  MAXIMUM         48    151 PM  71    1971  50     -2       57
  MINIMUM         33    104 AM  11    1986  34     -1       33
  AVERAGE         41                        42     -1       45

PRECIPITATION (IN)
  TODAY            0.00                      0.13  -0.13     0.00
  MONTH TO DATE    2.88                      1.74   1.14     0.34
  SINCE SEP 1      7.41                      8.00  -0.59     7.52
  SINCE JAN 1     43.99                     38.83   5.16    31.15

SNOWFALL (IN)
  TODAY            0.0                       0.0    0.0      0.0
  MONTH TO DATE    0.1                       0.6   -0.5      0.0
  SINCE SEP 1      0.1                       1.1   -1.0      0.0
  SINCE JUL 1      0.1                       1.1   -1.0      0.0
  SNOW DEPTH       0

DEGREE DAYS
 HEATING
  TODAY           24                        23      1       20
  MONTH TO DATE  309                       288     21      206
  SINCE SEP 1    672                       831   -159      514
  SINCE JUL 1    686                       856   -170      515

 COOLING
  TODAY            0                         0      0        0
  MONTH TO DATE    0                         0      0        6
  SINCE SEP 1    131                        70     61      180
  SINCE JAN 1    748                       632    116     1084
..................................................................


WIND (MPH)
  HIGHEST WIND SPEED     8   HIGHEST WIND DIRECTION     E (110)
  HIGHEST GUST SPEED    11   HIGHEST GUST DIRECTION     S (180)


SKY COVER
  POSSIBLE SUNSHINE  MM
  AVERAGE SKY COVER 0.7


WEATHER CONDITIONS
 THE FOLLOWING WEATHER WAS RECORDED TODAY.
  NO SIGNIFICANT WEATHER WAS OBSERVED.


RELATIVE HUMIDITY (PERCENT)
 HIGHEST    92           300 AM
 LOWEST     53           200 PM
 AVERAGE    73

..........................................................


THE MANSFIELD OH CLIMATE NORMALS FOR TOMORROW
                         NORMAL    RECORD    YEAR
 MAXIMUM TEMPERATURE (F)   50        71      1971
 MINIMUM TEMPERATURE (F)   34        12      1933


SUNRISE AND SUNSET
NOVEMBER 14 2017......SUNRISE   716 AM EST   SUNSET   512 PM EST
NOVEMBER 15 2017......SUNRISE   717 AM EST   SUNSET   512 PM EST


-  INDICATES NEGATIVE NUMBERS.
R  INDICATES RECORD WAS SET OR TIED.
MM INDICATES DATA IS MISSING.
T  INDICATES TRACE AMOUNT.




$$
