000
CDUS41 KCLE 180527
CLIMFD


CLIMATE REPORT
NATIONAL WEATHER SERVICE CLEVELAND OH
126 AM EDT WED MAR 18 2015


...................................

...THE MANSFIELD OH CLIMATE SUMMARY FOR MARCH 17 2015...

CLIMATE NORMAL PERIOD 1981 TO 2010
CLIMATE RECORD PERIOD 1916 TO 2015


WEATHER ITEM   OBSERVED TIME   RECORD YEAR NORMAL DEPARTURE LAST
                VALUE   (LST)  VALUE       VALUE  FROM      YEAR
                                                  NORMAL
..................................................................
TEMPERATURE (F)
 YESTERDAY
  MAXIMUM         59   1230 AM  75    2012  47     12       39
  MINIMUM         29   1159 PM   4    1941  28      1       12
  AVERAGE         44                        37      7       26

PRECIPITATION (IN)
  YESTERDAY        0.00                      0.11  -0.11     0.00
  MONTH TO DATE    1.80                      1.69   0.11     1.00
  SINCE MAR 1      1.80                      1.69   0.11     1.00
  SINCE JAN 1      6.96                      6.95   0.01     5.33

SNOWFALL (IN)
  YESTERDAY        0.0                       0.3   -0.3      0.0
  MONTH TO DATE    5.5                       5.2    0.3      6.3
  SINCE MAR 1      5.5                       5.2    0.3      6.3
  SINCE JUL 1     58.0                      43.1   14.9     60.2
  SNOW DEPTH       0

DEGREE DAYS
 HEATING
  YESTERDAY       21                        28     -7       39
  MONTH TO DATE  534                       519     15      609
  SINCE MAR 1    534                       519     15      609
  SINCE JUL 1   5606                      5144    462     5653

 COOLING
  YESTERDAY        0                         0      0        0
  MONTH TO DATE    0                         0      0        0
  SINCE MAR 1      0                         0      0        0
  SINCE JAN 1      0                         0      0        0
..................................................................


WIND (MPH)
  HIGHEST WIND SPEED    33   HIGHEST WIND DIRECTION    NW (320)
  HIGHEST GUST SPEED    46   HIGHEST GUST DIRECTION    NW (330)
  AVERAGE WIND SPEED    13.0


SKY COVER
  POSSIBLE SUNSHINE  MM
  AVERAGE SKY COVER 0.3


WEATHER CONDITIONS
 THE FOLLOWING WEATHER WAS RECORDED YESTERDAY.
  NO SIGNIFICANT WEATHER WAS OBSERVED.


RELATIVE HUMIDITY (PERCENT)
 HIGHEST    93           500 AM
 LOWEST     37           400 PM
 AVERAGE    65

..........................................................


THE MANSFIELD OH CLIMATE NORMALS FOR TODAY
                         NORMAL    RECORD    YEAR
 MAXIMUM TEMPERATURE (F)   47        73      2012
 MINIMUM TEMPERATURE (F)   29         5      1941


SUNRISE AND SUNSET
MARCH 18 2015.........SUNRISE   737 AM EDT   SUNSET   740 PM EDT
MARCH 19 2015.........SUNRISE   736 AM EDT   SUNSET   741 PM EDT


-  INDICATES NEGATIVE NUMBERS.
R  INDICATES RECORD WAS SET OR TIED.
MM INDICATES DATA IS MISSING.
T  INDICATES TRACE AMOUNT.




$$
