000
CDUS41 KCLE 290531
CLIMFD


CLIMATE REPORT
NATIONAL WEATHER SERVICE CLEVELAND OH
131 AM EDT SAT MAR 29 2014


...................................

...THE MANSFIELD OH CLIMATE SUMMARY FOR MARCH 28 2014...

CLIMATE NORMAL PERIOD 1981 TO 2010
CLIMATE RECORD PERIOD 1916 TO 2014


WEATHER ITEM   OBSERVED TIME   RECORD YEAR NORMAL DEPARTURE LAST
                VALUE   (LST)  VALUE       VALUE  FROM      YEAR
                                                  NORMAL
..................................................................
TEMPERATURE (F)
 YESTERDAY
  MAXIMUM         52   1206 PM  77    1989  51      1       45
                                      1946
  MINIMUM         38   1159 PM   6    1947  32      6       29
  AVERAGE         45                        42      3       37

PRECIPITATION (IN)
  YESTERDAY        0.01                      0.13  -0.12     0.00
  MONTH TO DATE    1.47                      3.00  -1.53     1.94
  SINCE MAR 1      1.47                      3.00  -1.53     1.94
  SINCE JAN 1      5.80                      8.26  -2.46     6.67

SNOWFALL (IN)
  YESTERDAY        0.0                       0.1   -0.1      0.0
  MONTH TO DATE    7.5                       7.3    0.2      9.5
  SINCE MAR 1      7.5                       7.3    0.2      9.5
  SINCE JUL 1     60.3                      45.2   15.1     39.3
  SNOW DEPTH       0

DEGREE DAYS
 HEATING
  YESTERDAY       20                        23     -3       28
  MONTH TO DATE  947                       798    149      907
  SINCE MAR 1    947                       798    149      907
  SINCE JUL 1   5991                      5423    568     5280

 COOLING
  YESTERDAY        0                         0      0        0
  MONTH TO DATE    0                         0      0        0
  SINCE MAR 1      0                         0      0        0
  SINCE JAN 1      0                         0      0        0
..................................................................


WIND (MPH)
  HIGHEST WIND SPEED    37   HIGHEST WIND DIRECTION     S (200)
  HIGHEST GUST SPEED    48   HIGHEST GUST DIRECTION    SW (220)
  AVERAGE WIND SPEED    17.5


SKY COVER
  POSSIBLE SUNSHINE  MM
  AVERAGE SKY COVER 0.8


WEATHER CONDITIONS
 THE FOLLOWING WEATHER WAS RECORDED YESTERDAY.
  LIGHT RAIN


RELATIVE HUMIDITY (PERCENT)
 HIGHEST    86           600 AM
 LOWEST     46           100 AM
 AVERAGE    66

..........................................................


THE MANSFIELD OH CLIMATE NORMALS FOR TODAY
                         NORMAL    RECORD    YEAR
 MAXIMUM TEMPERATURE (F)   52        78      1998
 MINIMUM TEMPERATURE (F)   32        11      1923


SUNRISE AND SUNSET
MARCH 29 2014.........SUNRISE   719 AM EDT   SUNSET   752 PM EDT
MARCH 30 2014.........SUNRISE   717 AM EDT   SUNSET   753 PM EDT


-  INDICATES NEGATIVE NUMBERS.
R  INDICATES RECORD WAS SET OR TIED.
MM INDICATES DATA IS MISSING.
T  INDICATES TRACE AMOUNT.




$$
