159
CDUS41 KCLE 092219
CLIMFD


CLIMATE REPORT
NATIONAL WEATHER SERVICE CLEVELAND OH
519 PM EST FRI FEB 9 2018


...................................

...THE MANSFIELD OH CLIMATE SUMMARY FOR FEBRUARY 9 2018...
VALID TODAY AS OF 0500 PM LOCAL TIME.

CLIMATE NORMAL PERIOD 1981 TO 2010
CLIMATE RECORD PERIOD 1916 TO 2018


WEATHER ITEM   OBSERVED TIME   RECORD YEAR NORMAL DEPARTURE LAST
                VALUE   (LST)  VALUE       VALUE  FROM      YEAR
                                                  NORMAL
..................................................................
TEMPERATURE (F)
 TODAY
  MAXIMUM         42    424 PM  61    2001  35      7       25
  MINIMUM         16   1203 AM -21    1948  19     -3       12
  AVERAGE         29                        27      2       19

PRECIPITATION (IN)
  TODAY            0.05                      0.09  -0.04     0.05
  MONTH TO DATE    0.50                      0.77  -0.27     1.04
  SINCE DEC 1      4.86                      6.93  -2.07    10.09
  SINCE JAN 1      3.01                      3.64  -0.63     6.95

SNOWFALL (IN)
  TODAY            0.5                       0.4    0.1      1.0
  MONTH TO DATE    7.6                       3.7    3.9      3.8
  SINCE DEC 1     29.4                      27.5    1.9     21.4
  SINCE JUL 1     29.5                      30.2   -0.7     21.6
  SNOW DEPTH       4

DEGREE DAYS
 HEATING
  TODAY           36                        38     -2       46
  MONTH TO DATE  396                       346     50      300
  SINCE DEC 1   2797                      2665    132     2402
  SINCE JUL 1   3879                      3946    -67     3279

 COOLING
  TODAY            0                         0      0        0
  MONTH TO DATE    0                         0      0        0
  SINCE DEC 1      0                         0      0        0
  SINCE JAN 1      0                         0      0        0
..................................................................


WIND (MPH)
  HIGHEST WIND SPEED    22   HIGHEST WIND DIRECTION    SW (210)
  HIGHEST GUST SPEED    28   HIGHEST GUST DIRECTION     S (160)


SKY COVER
  POSSIBLE SUNSHINE  MM
  AVERAGE SKY COVER 0.9


WEATHER CONDITIONS
 THE FOLLOWING WEATHER WAS RECORDED TODAY.
  LIGHT SNOW
  FOG
  HAZE


RELATIVE HUMIDITY (PERCENT)
 HIGHEST    92           300 AM
 LOWEST     49           300 PM
 AVERAGE    71

..........................................................


THE MANSFIELD OH CLIMATE NORMALS FOR TOMORROW
                         NORMAL    RECORD    YEAR
 MAXIMUM TEMPERATURE (F)   35        64      1932
 MINIMUM TEMPERATURE (F)   20       -11      1982


SUNRISE AND SUNSET
FEBRUARY  9 2018......SUNRISE   732 AM EST   SUNSET   557 PM EST
FEBRUARY 10 2018......SUNRISE   730 AM EST   SUNSET   559 PM EST


-  INDICATES NEGATIVE NUMBERS.
R  INDICATES RECORD WAS SET OR TIED.
MM INDICATES DATA IS MISSING.
T  INDICATES TRACE AMOUNT.




$$
