000
CDUS41 KCLE 120545
CLIMFD


CLIMATE REPORT
NATIONAL WEATHER SERVICE CLEVELAND OH
145 AM EDT SUN OCT 12 2014


...................................

...THE MANSFIELD OH CLIMATE SUMMARY FOR OCTOBER 11 2014...

CLIMATE NORMAL PERIOD 1981 TO 2010
CLIMATE RECORD PERIOD 1916 TO 2014


WEATHER ITEM   OBSERVED TIME   RECORD YEAR NORMAL DEPARTURE LAST
                VALUE   (LST)  VALUE       VALUE  FROM      YEAR
                                                  NORMAL
..................................................................
TEMPERATURE (F)
 YESTERDAY
  MAXIMUM         57    300 PM  89    1928  63     -6       75
  MINIMUM         38   1158 PM  23    1964  43     -5       44
  AVERAGE         48                        53     -5       60

PRECIPITATION (IN)
  YESTERDAY        0.00                      0.10  -0.10     0.00
  MONTH TO DATE    0.48                      1.06  -0.58     2.51
  SINCE SEP 1      1.95                      4.38  -2.43     5.24
  SINCE JAN 1     31.17                     35.21  -4.04    34.16

SNOWFALL (IN)
  YESTERDAY        0.0                       0.0    0.0      0.0
  MONTH TO DATE    0.0                       0.0    0.0      0.0
  SINCE SEP 1      0.0                       0.0    0.0      0.0
  SINCE JUL 1      0.0                       0.0    0.0      0.0
  SNOW DEPTH       0

DEGREE DAYS
 HEATING
  YESTERDAY       17                        12      5        5
  MONTH TO DATE  135                       116     19       47
  SINCE SEP 1    247                       241      6      165
  SINCE JUL 1    274                       266      8      193

 COOLING
  YESTERDAY        0                         0      0        0
  MONTH TO DATE    0                         5     -5       24
  SINCE SEP 1     65                        68     -3       99
  SINCE JAN 1    619                       630    -11      741
..................................................................


WIND (MPH)
  HIGHEST WIND SPEED    16   HIGHEST WIND DIRECTION     N (360)
  HIGHEST GUST SPEED    22   HIGHEST GUST DIRECTION     N (360)
  AVERAGE WIND SPEED     8.0


SKY COVER
  POSSIBLE SUNSHINE  MM
  AVERAGE SKY COVER 0.2


WEATHER CONDITIONS
 THE FOLLOWING WEATHER WAS RECORDED YESTERDAY.
  FOG


RELATIVE HUMIDITY (PERCENT)
 HIGHEST    92           800 AM
 LOWEST     47           300 PM
 AVERAGE    70

..........................................................


THE MANSFIELD OH CLIMATE NORMALS FOR TODAY
                         NORMAL    RECORD    YEAR
 MAXIMUM TEMPERATURE (F)   63        90      1928
 MINIMUM TEMPERATURE (F)   43        23      1957


SUNRISE AND SUNSET
OCTOBER 12 2014.......SUNRISE   738 AM EDT   SUNSET   654 PM EDT
OCTOBER 13 2014.......SUNRISE   739 AM EDT   SUNSET   653 PM EDT


-  INDICATES NEGATIVE NUMBERS.
R  INDICATES RECORD WAS SET OR TIED.
MM INDICATES DATA IS MISSING.
T  INDICATES TRACE AMOUNT.




$$
