538
CDUS41 KCLE 220545
CLIMFD


CLIMATE REPORT
NATIONAL WEATHER SERVICE CLEVELAND OH
145 AM EDT FRI APR 22 2016


...................................

...THE MANSFIELD OH CLIMATE SUMMARY FOR APRIL 21 2016...

CLIMATE NORMAL PERIOD 1981 TO 2010
CLIMATE RECORD PERIOD 1916 TO 2016


WEATHER ITEM   OBSERVED TIME   RECORD YEAR NORMAL DEPARTURE LAST
                VALUE   (LST)  VALUE       VALUE  FROM      YEAR
                                                  NORMAL
..................................................................
TEMPERATURE (F)
 YESTERDAY
  MAXIMUM         66    244 PM  84    1985  62      4       57
  MINIMUM         56    717 AM  25    1981  40     16       40
  AVERAGE         61                        51     10       49

PRECIPITATION (IN)
  YESTERDAY        0.19                      0.13   0.06      T
  MONTH TO DATE    2.11                      2.93  -0.82     4.91
  SINCE MAR 1      6.26                      6.32  -0.06     7.78
  SINCE JAN 1     11.16                     11.58  -0.42    12.94

SNOWFALL (IN)
  YESTERDAY        0.0                       0.0    0.0      0.0
  MONTH TO DATE    4.2                       2.3    1.9      0.0
  SINCE MAR 1      7.2                      10.1   -2.9     10.7
  SINCE JUL 1     27.6                      48.0  -20.4     63.2
  SNOW DEPTH       0

DEGREE DAYS
 HEATING
  YESTERDAY        4                        14    -10       16
  MONTH TO DATE  407                       379     28      229
  SINCE MAR 1   1026                      1244   -218     1182
  SINCE JUL 1   4798                      5869  -1071     6254

 COOLING
  YESTERDAY        0                         0      0        0
  MONTH TO DATE    0                         0      0        0
  SINCE MAR 1      0                         1     -1        0
  SINCE JAN 1      0                         1     -1        0
..................................................................


WIND (MPH)
  HIGHEST WIND SPEED    22   HIGHEST WIND DIRECTION     S (200)
  HIGHEST GUST SPEED    31   HIGHEST GUST DIRECTION     S (200)
  AVERAGE WIND SPEED    10.0


SKY COVER
  POSSIBLE SUNSHINE  MM
  AVERAGE SKY COVER 0.9


WEATHER CONDITIONS
 THE FOLLOWING WEATHER WAS RECORDED YESTERDAY.
  LIGHT RAIN
  FOG


RELATIVE HUMIDITY (PERCENT)
 HIGHEST    90           600 PM
 LOWEST     27           200 AM
 AVERAGE    59

..........................................................


THE MANSFIELD OH CLIMATE NORMALS FOR TODAY
                         NORMAL    RECORD    YEAR
 MAXIMUM TEMPERATURE (F)   62        84      1985
 MINIMUM TEMPERATURE (F)   40        23      1922


SUNRISE AND SUNSET
APRIL 22 2016.........SUNRISE   640 AM EDT   SUNSET   818 PM EDT
APRIL 23 2016.........SUNRISE   639 AM EDT   SUNSET   819 PM EDT


-  INDICATES NEGATIVE NUMBERS.
R  INDICATES RECORD WAS SET OR TIED.
MM INDICATES DATA IS MISSING.
T  INDICATES TRACE AMOUNT.




$$
