000
CDUS41 KCLE 122111
CLIMFD


CLIMATE REPORT
NATIONAL WEATHER SERVICE CLEVELAND OH
510 PM EDT TUE APR 12 2016


...................................

...THE MANSFIELD OH CLIMATE SUMMARY FOR APRIL 12 2016...
VALID TODAY AS OF 0500 PM LOCAL TIME.

CLIMATE NORMAL PERIOD 1981 TO 2010
CLIMATE RECORD PERIOD 1916 TO 2016


WEATHER ITEM   OBSERVED TIME   RECORD YEAR NORMAL DEPARTURE LAST
                VALUE   (LST)  VALUE       VALUE  FROM      YEAR
                                                  NORMAL
..................................................................
TEMPERATURE (F)
 TODAY
  MAXIMUM         46    355 PM  85    1930  58    -12       66
  MINIMUM         32    633 AM  18    1940  37     -5       39
  AVERAGE         39                        48     -9       53

PRECIPITATION (IN)
  TODAY            0.00                      0.15  -0.15     0.00
  MONTH TO DATE    1.92                      1.68   0.24     4.36
  SINCE MAR 1      6.07                      5.07   1.00     7.23
  SINCE JAN 1     10.97                     10.33   0.64    12.39

SNOWFALL (IN)
  TODAY            0.0                       0.1   -0.1      0.0
  MONTH TO DATE    4.2                       1.6    2.6      0.0
  SINCE MAR 1      7.2                       9.4   -2.2     10.7
  SINCE JUL 1     27.6                      47.3  -19.7     63.2
  SNOW DEPTH       0

DEGREE DAYS
 HEATING
  TODAY           26                        18      8       12
  MONTH TO DATE  324                       238     86      161
  SINCE MAR 1    943                      1103   -160     1114
  SINCE JUL 1   4715                      5728  -1013     6186

 COOLING
  TODAY            0                         0      0        0
  MONTH TO DATE    0                         0      0        0
  SINCE MAR 1      0                         1     -1        0
  SINCE JAN 1      0                         1     -1        0
..................................................................


WIND (MPH)
  HIGHEST WIND SPEED    16   HIGHEST WIND DIRECTION    NW (330)
  HIGHEST GUST SPEED    23   HIGHEST GUST DIRECTION     N (350)


SKY COVER
  POSSIBLE SUNSHINE  MM
  AVERAGE SKY COVER 0.3


WEATHER CONDITIONS
 THE FOLLOWING WEATHER WAS RECORDED TODAY.
  NO SIGNIFICANT WEATHER WAS OBSERVED.


RELATIVE HUMIDITY (PERCENT)
 HIGHEST    72           600 AM
 LOWEST     45           400 PM
 AVERAGE    59

..........................................................


THE MANSFIELD OH CLIMATE NORMALS FOR TOMORROW
                         NORMAL    RECORD    YEAR
 MAXIMUM TEMPERATURE (F)   58        84      1941
 MINIMUM TEMPERATURE (F)   37        16      1950


SUNRISE AND SUNSET
APRIL 12 2016.........SUNRISE   655 AM EDT   SUNSET   807 PM EDT
APRIL 13 2016.........SUNRISE   654 AM EDT   SUNSET   808 PM EDT


-  INDICATES NEGATIVE NUMBERS.
R  INDICATES RECORD WAS SET OR TIED.
MM INDICATES DATA IS MISSING.
T  INDICATES TRACE AMOUNT.




$$
