000
CDUS41 KCLE 120546
CLIMFD


CLIMATE REPORT
NATIONAL WEATHER SERVICE CLEVELAND OH
145 AM EDT TUE MAY 12 2015


...................................

...THE MANSFIELD OH CLIMATE SUMMARY FOR MAY 11 2015...

CLIMATE NORMAL PERIOD 1981 TO 2010
CLIMATE RECORD PERIOD 1916 TO 2015


WEATHER ITEM   OBSERVED TIME   RECORD YEAR NORMAL DEPARTURE LAST
                VALUE   (LST)  VALUE       VALUE  FROM      YEAR
                                                  NORMAL
..................................................................
TEMPERATURE (F)
 YESTERDAY
  MAXIMUM         86    223 PM  88    1936  68     18       76
  MINIMUM         62    527 AM  26    1947  47     15       51
  AVERAGE         74                        57     17       64

PRECIPITATION (IN)
  YESTERDAY        0.27                      0.13   0.14     0.01
  MONTH TO DATE    0.93                      1.47  -0.54     0.11
  SINCE MAR 1      9.17                      9.00   0.17     9.11
  SINCE JAN 1     14.33                     14.26   0.07    13.44

SNOWFALL (IN)
  YESTERDAY        0.0                       0.0    0.0      0.0
  MONTH TO DATE    0.0                       0.0    0.0      0.0
  SINCE MAR 1     10.7                      10.4    0.3     11.5
  SINCE JUL 1     63.2                      48.3   14.9     65.4
  SNOW DEPTH       0

DEGREE DAYS
 HEATING
  YESTERDAY        0                         9     -9        1
  MONTH TO DATE   20                       108    -88       94
  SINCE MAR 1   1397                      1468    -71     1563
  SINCE JUL 1   6469                      6093    376     6607

 COOLING
  YESTERDAY        9                         1      8        0
  MONTH TO DATE   48                         6     42       15
  SINCE MAR 1     48                        14     34       17
  SINCE JAN 1     48                        14     34       17
..................................................................


WIND (MPH)
  HIGHEST WIND SPEED    35   HIGHEST WIND DIRECTION     S (180)
  HIGHEST GUST SPEED    47   HIGHEST GUST DIRECTION     S (180)
  AVERAGE WIND SPEED    10.7


SKY COVER
  POSSIBLE SUNSHINE  MM
  AVERAGE SKY COVER 0.4


WEATHER CONDITIONS
 THE FOLLOWING WEATHER WAS RECORDED YESTERDAY.
  THUNDERSTORM
  LIGHT RAIN
  FOG
  HAZE


RELATIVE HUMIDITY (PERCENT)
 HIGHEST   100          1100 PM
 LOWEST     37           100 PM
 AVERAGE    69

..........................................................


THE MANSFIELD OH CLIMATE NORMALS FOR TODAY
                         NORMAL    RECORD    YEAR
 MAXIMUM TEMPERATURE (F)   68        87      1991
 MINIMUM TEMPERATURE (F)   47        27      1938


SUNRISE AND SUNSET
MAY 12 2015...........SUNRISE   616 AM EDT   SUNSET   837 PM EDT
MAY 13 2015...........SUNRISE   615 AM EDT   SUNSET   838 PM EDT


-  INDICATES NEGATIVE NUMBERS.
R  INDICATES RECORD WAS SET OR TIED.
MM INDICATES DATA IS MISSING.
T  INDICATES TRACE AMOUNT.




$$
