000
CDUS41 KCLE 210545
CLIMFD


CLIMATE REPORT
NATIONAL WEATHER SERVICE CLEVELAND OH
145 AM EDT FRI AUG 21 2015


...................................

...THE MANSFIELD OH CLIMATE SUMMARY FOR AUGUST 20 2015...

CLIMATE NORMAL PERIOD 1981 TO 2010
CLIMATE RECORD PERIOD 1916 TO 2015


WEATHER ITEM   OBSERVED TIME   RECORD YEAR NORMAL DEPARTURE LAST
                VALUE   (LST)  VALUE       VALUE  FROM      YEAR
                                                  NORMAL
..................................................................
TEMPERATURE (F)
 YESTERDAY
  MAXIMUM         76    414 PM  93    1983  80     -4       83
                                      1937
  MINIMUM         56   1146 PM  42    1957  60     -4       65
  AVERAGE         66                        70     -4       74

PRECIPITATION (IN)
  YESTERDAY        0.03                      0.14  -0.11     0.30
  MONTH TO DATE    0.97                      2.86  -1.89     3.51
  SINCE JUN 1      9.90                     11.99  -2.09    12.73
  SINCE JAN 1     27.69                     29.32  -1.63    29.06

SNOWFALL (IN)
  YESTERDAY        0.0                       0.0    0.0      0.0
  MONTH TO DATE    0.0                       0.0    0.0      0.0
  SINCE JUN 1      0.0                       0.0    0.0      0.0
  SINCE JUL 1      0.0                       0.0    0.0      0.0
  SNOW DEPTH       0

DEGREE DAYS
 HEATING
  YESTERDAY        0                         1     -1        0
  MONTH TO DATE    0                         1     -1       10
  SINCE JUN 1     36                        62    -26       51
  SINCE JUL 1      3                         9     -6       27

 COOLING
  YESTERDAY        1                         5     -4        9
  MONTH TO DATE  133                       118     15       92
  SINCE JUN 1    478                       462     16      398
  SINCE JAN 1    596                       508     88      461
..................................................................


WIND (MPH)
  HIGHEST WIND SPEED    23   HIGHEST WIND DIRECTION    SW (220)
  HIGHEST GUST SPEED    31   HIGHEST GUST DIRECTION    SW (220)
  AVERAGE WIND SPEED    11.0


SKY COVER
  POSSIBLE SUNSHINE  MM
  AVERAGE SKY COVER 0.5


WEATHER CONDITIONS
 THE FOLLOWING WEATHER WAS RECORDED YESTERDAY.
  LIGHT RAIN
  FOG


RELATIVE HUMIDITY (PERCENT)
 HIGHEST    93          1200 AM
 LOWEST     41           600 PM
 AVERAGE    67

..........................................................


THE MANSFIELD OH CLIMATE NORMALS FOR TODAY
                         NORMAL    RECORD    YEAR
 MAXIMUM TEMPERATURE (F)   80       101      1936
 MINIMUM TEMPERATURE (F)   60        38      1940


SUNRISE AND SUNSET
AUGUST 21 2015........SUNRISE   646 AM EDT   SUNSET   820 PM EDT
AUGUST 22 2015........SUNRISE   647 AM EDT   SUNSET   818 PM EDT


-  INDICATES NEGATIVE NUMBERS.
R  INDICATES RECORD WAS SET OR TIED.
MM INDICATES DATA IS MISSING.
T  INDICATES TRACE AMOUNT.




$$
