000
CDUS41 KCLE 280527
CLIMFD


CLIMATE REPORT
NATIONAL WEATHER SERVICE CLEVELAND OH
1226 AM EST THU JAN 28 2016


...................................

...THE MANSFIELD OH CLIMATE SUMMARY FOR JANUARY 27 2016...

CLIMATE NORMAL PERIOD 1981 TO 2010
CLIMATE RECORD PERIOD 1916 TO 2016


WEATHER ITEM   OBSERVED TIME   RECORD YEAR NORMAL DEPARTURE LAST
                VALUE   (LST)  VALUE       VALUE  FROM      YEAR
                                                  NORMAL
..................................................................
TEMPERATURE (F)
 YESTERDAY
  MAXIMUM         29   1047 AM  59    1999  33     -4       20
  MINIMUM         21   1159 PM -12    1946  18      3        8
  AVERAGE         25                        26     -1       14

PRECIPITATION (IN)
  YESTERDAY        0.00                      0.08  -0.08      T
  MONTH TO DATE    1.47                      2.53  -1.06     3.13
  SINCE DEC 1      5.63                      5.82  -0.19     4.99
  SINCE JAN 1      1.47                      2.53  -1.06     3.13

SNOWFALL (IN)
  YESTERDAY        0.0                       0.4   -0.4      0.3
  MONTH TO DATE    8.4                      11.6   -3.2     21.2
  SINCE DEC 1      8.6                      22.1  -13.5     21.4
  SINCE JUL 1      8.6                      24.8  -16.2     27.3
  SNOW DEPTH       0

DEGREE DAYS
 HEATING
  YESTERDAY       40                        39      1       51
  MONTH TO DATE 1082                      1069     13     1142
  SINCE DEC 1   1762                      2165   -403     2105
  SINCE JUL 1   2702                      3446   -744     3493

 COOLING
  YESTERDAY        0                         0      0        0
  MONTH TO DATE    0                         0      0        0
  SINCE DEC 1      0                         0      0        0
  SINCE JAN 1      0                         0      0        0
..................................................................


WIND (MPH)
  HIGHEST WIND SPEED    20   HIGHEST WIND DIRECTION     S (200)
  HIGHEST GUST SPEED    26   HIGHEST GUST DIRECTION     W (260)
  AVERAGE WIND SPEED    11.5


SKY COVER
  POSSIBLE SUNSHINE  MM
  AVERAGE SKY COVER 0.8


WEATHER CONDITIONS
 THE FOLLOWING WEATHER WAS RECORDED YESTERDAY.
  NO SIGNIFICANT WEATHER WAS OBSERVED.


RELATIVE HUMIDITY (PERCENT)
 HIGHEST    85          1200 AM
 LOWEST     63           300 PM
 AVERAGE    74

..........................................................


THE MANSFIELD OH CLIMATE NORMALS FOR TODAY
                         NORMAL    RECORD    YEAR
 MAXIMUM TEMPERATURE (F)   33        59      2002
 MINIMUM TEMPERATURE (F)   18       -15      2014


SUNRISE AND SUNSET
JANUARY 28 2016.......SUNRISE   744 AM EST   SUNSET   542 PM EST
JANUARY 29 2016.......SUNRISE   743 AM EST   SUNSET   543 PM EST


-  INDICATES NEGATIVE NUMBERS.
R  INDICATES RECORD WAS SET OR TIED.
MM INDICATES DATA IS MISSING.
T  INDICATES TRACE AMOUNT.




$$
