000
CDUS41 KCLE 112218
CLIMFD


CLIMATE REPORT
NATIONAL WEATHER SERVICE CLEVELAND OH
518 PM EST SAT FEB 11 2017


...................................

...THE MANSFIELD OH CLIMATE SUMMARY FOR FEBRUARY 11 2017...
VALID TODAY AS OF 0500 PM LOCAL TIME.

CLIMATE NORMAL PERIOD 1981 TO 2010
CLIMATE RECORD PERIOD 1916 TO 2017


WEATHER ITEM   OBSERVED TIME   RECORD YEAR NORMAL DEPARTURE LAST
                VALUE   (LST)  VALUE       VALUE  FROM      YEAR
                                                  NORMAL
..................................................................
TEMPERATURE (F)
 TODAY
  MAXIMUM         52    424 PM  68    1999  35     17       18
                                      1932
  MINIMUM         43    820 AM  -5    2014  20     23        6
                                      1979
  AVERAGE         48                        28     20       12

PRECIPITATION (IN)
  TODAY            0.00                      0.08  -0.08      T
  MONTH TO DATE    1.04                      0.93   0.11     1.29
  SINCE DEC 1     10.09                      7.09   3.00     6.99
  SINCE JAN 1      6.95                      3.80   3.15     2.83

SNOWFALL (IN)
  TODAY            0.0                       0.3   -0.3       T
  MONTH TO DATE    3.8                       4.4   -0.6      6.0
  SINCE DEC 1     21.4                      28.2   -6.8     14.9
  SINCE JUL 1     21.6                      30.9   -9.3     14.9
  SNOW DEPTH       T

DEGREE DAYS
 HEATING
  TODAY           17                        38    -21       53
  MONTH TO DATE  354                       422    -68      369
  SINCE DEC 1   2456                      2741   -285     2241
  SINCE JUL 1   3333                      4022   -689     3181

 COOLING
  TODAY            0                         0      0        0
  MONTH TO DATE    0                         0      0        0
  SINCE DEC 1      0                         0      0        0
  SINCE JAN 1      0                         0      0        0
..................................................................


WIND (MPH)
  HIGHEST WIND SPEED    22   HIGHEST WIND DIRECTION    SW (230)
  HIGHEST GUST SPEED    30   HIGHEST GUST DIRECTION     W (250)


SKY COVER
  POSSIBLE SUNSHINE  MM
  AVERAGE SKY COVER 0.2


WEATHER CONDITIONS
 THE FOLLOWING WEATHER WAS RECORDED TODAY.
  NO SIGNIFICANT WEATHER WAS OBSERVED.


RELATIVE HUMIDITY (PERCENT)
 HIGHEST    71           500 PM
 LOWEST     49           100 AM
 AVERAGE    60

..........................................................


THE MANSFIELD OH CLIMATE NORMALS FOR TOMORROW
                         NORMAL    RECORD    YEAR
 MAXIMUM TEMPERATURE (F)   36        64      1999
 MINIMUM TEMPERATURE (F)   20       -16      1917


SUNRISE AND SUNSET
FEBRUARY 11 2017......SUNRISE   729 AM EST   SUNSET   600 PM EST
FEBRUARY 12 2017......SUNRISE   728 AM EST   SUNSET   601 PM EST


-  INDICATES NEGATIVE NUMBERS.
R  INDICATES RECORD WAS SET OR TIED.
MM INDICATES DATA IS MISSING.
T  INDICATES TRACE AMOUNT.




$$
