000
CDUS41 KCLE 140549
CLIMFD


CLIMATE REPORT
NATIONAL WEATHER SERVICE CLEVELAND OH
1249 AM EST FRI NOV 14 2014


...................................

...THE MANSFIELD OH CLIMATE SUMMARY FOR NOVEMBER 13 2014...

CLIMATE NORMAL PERIOD 1981 TO 2010
CLIMATE RECORD PERIOD 1916 TO 2014


WEATHER ITEM   OBSERVED TIME   RECORD YEAR NORMAL DEPARTURE LAST
                VALUE   (LST)  VALUE       VALUE  FROM      YEAR
                                                  NORMAL
..................................................................
TEMPERATURE (F)
 YESTERDAY
  MAXIMUM         30    427 PM  70    2010  51    -21       35
  MINIMUM         24   1159 PM  13    1986  34    -10       18
  AVERAGE         27                        42    -15       27

PRECIPITATION (IN)
  YESTERDAY        0.01                      0.13  -0.12     0.00
  MONTH TO DATE    0.76                      1.61  -0.85     1.13
  SINCE SEP 1      4.06                      7.87  -3.81     8.80
  SINCE JAN 1     33.28                     38.70  -5.42    37.72

SNOWFALL (IN)
  YESTERDAY        0.2                       0.1    0.1      0.0
  MONTH TO DATE    0.2                       0.6   -0.4      0.5
  SINCE SEP 1      0.2                       1.1   -0.9      0.5
  SINCE JUL 1      0.2                       1.1   -0.9      0.5
  SNOW DEPTH       0

DEGREE DAYS
 HEATING
  YESTERDAY       38                        23     15       38
  MONTH TO DATE  291                       265     26      301
  SINCE SEP 1    789                       808    -19      789
  SINCE JUL 1    816                       833    -17      817

 COOLING
  YESTERDAY        0                         0      0        0
  MONTH TO DATE    0                         0      0        0
  SINCE SEP 1     69                        70     -1       99
  SINCE JAN 1    623                       632     -9      741
..................................................................


WIND (MPH)
  HIGHEST WIND SPEED    14   HIGHEST WIND DIRECTION     W (270)
  HIGHEST GUST SPEED    20   HIGHEST GUST DIRECTION     W (260)
  AVERAGE WIND SPEED     7.8


SKY COVER
  POSSIBLE SUNSHINE  MM
  AVERAGE SKY COVER 1.0


WEATHER CONDITIONS
 THE FOLLOWING WEATHER WAS RECORDED YESTERDAY.
  SNOW
  LIGHT SNOW
  FOG
  HAZE


RELATIVE HUMIDITY (PERCENT)
 HIGHEST   100           700 PM
 LOWEST     69          1200 AM
 AVERAGE    85

..........................................................


THE MANSFIELD OH CLIMATE NORMALS FOR TODAY
                         NORMAL    RECORD    YEAR
 MAXIMUM TEMPERATURE (F)   50        71      1971
 MINIMUM TEMPERATURE (F)   34        11      1986


SUNRISE AND SUNSET
NOVEMBER 14 2014......SUNRISE   716 AM EST   SUNSET   513 PM EST
NOVEMBER 15 2014......SUNRISE   717 AM EST   SUNSET   512 PM EST


-  INDICATES NEGATIVE NUMBERS.
R  INDICATES RECORD WAS SET OR TIED.
MM INDICATES DATA IS MISSING.
T  INDICATES TRACE AMOUNT.




$$
