000
CDUS41 KCLE 010545
CLIMFD


CLIMATE REPORT
NATIONAL WEATHER SERVICE CLEVELAND OH
145 AM EDT FRI SEP 1 2017


...................................

...THE MANSFIELD OH CLIMATE SUMMARY FOR AUGUST 31 2017...

CLIMATE NORMAL PERIOD 1981 TO 2010
CLIMATE RECORD PERIOD 1916 TO 2017


WEATHER ITEM   OBSERVED TIME   RECORD YEAR NORMAL DEPARTURE LAST
                VALUE   (LST)  VALUE       VALUE  FROM      YEAR
                                                  NORMAL
..................................................................
TEMPERATURE (F)
 YESTERDAY
  MAXIMUM         72    118 PM  97    1932  78     -6       84
  MINIMUM         55   1122 PM  36    1946  58     -3       64
  AVERAGE         64                        68     -4       74

PRECIPITATION (IN)
  YESTERDAY        0.00                      0.14  -0.14     0.01
  MONTH TO DATE    2.82                      4.37  -1.55     3.39
  SINCE JUN 1     15.43                     13.50   1.93     7.23
  SINCE JAN 1     36.58                     30.83   5.75    23.63

SNOWFALL (IN)
  YESTERDAY        0.0                       0.0    0.0      0.0
  MONTH TO DATE    0.0                       0.0    0.0      0.0
  SINCE JUN 1      0.0                       0.0    0.0      0.0
  SINCE JUL 1      0.0                       0.0    0.0      0.0
  SNOW DEPTH       0

DEGREE DAYS
 HEATING
  YESTERDAY        1                         1      0        0
  MONTH TO DATE   14                        12      2        0
  SINCE JUN 1     47                        78    -31       14
  SINCE JUL 1     14                        25    -11        1

 COOLING
  YESTERDAY        0                         4     -4        9
  MONTH TO DATE  145                       172    -27      342
  SINCE JUN 1    560                       516     44      842
  SINCE JAN 1    617                       562     55      904
..................................................................


WIND (MPH)
  HIGHEST WIND SPEED    17   HIGHEST WIND DIRECTION     N (360)
  HIGHEST GUST SPEED    23   HIGHEST GUST DIRECTION     N (10)
  AVERAGE WIND SPEED     8.2


SKY COVER
  POSSIBLE SUNSHINE  MM
  AVERAGE SKY COVER 0.4


WEATHER CONDITIONS
 THE FOLLOWING WEATHER WAS RECORDED YESTERDAY.
  FOG


RELATIVE HUMIDITY (PERCENT)
 HIGHEST    97           600 AM
 LOWEST     63           500 PM
 AVERAGE    80

..........................................................


THE MANSFIELD OH CLIMATE NORMALS FOR TODAY
                         NORMAL    RECORD    YEAR
 MAXIMUM TEMPERATURE (F)   78        95      1953
                                             1932
 MINIMUM TEMPERATURE (F)   58        43      2009
                                             1935


SUNRISE AND SUNSET
SEPTEMBER  1 2017.....SUNRISE   657 AM EDT   SUNSET   802 PM EDT
SEPTEMBER  2 2017.....SUNRISE   658 AM EDT   SUNSET   800 PM EDT


-  INDICATES NEGATIVE NUMBERS.
R  INDICATES RECORD WAS SET OR TIED.
MM INDICATES DATA IS MISSING.
T  INDICATES TRACE AMOUNT.




$$
