000
CDUS41 KCLE 200526
CLIMFD


CLIMATE REPORT
NATIONAL WEATHER SERVICE CLEVELAND OH
125 AM EDT SAT JUN 20 2015


...................................

...THE MANSFIELD OH CLIMATE SUMMARY FOR JUNE 19 2015...

CLIMATE NORMAL PERIOD 1981 TO 2010
CLIMATE RECORD PERIOD 1916 TO 2015


WEATHER ITEM   OBSERVED TIME   RECORD YEAR NORMAL DEPARTURE LAST
                VALUE   (LST)  VALUE       VALUE  FROM      YEAR
                                                  NORMAL
..................................................................
TEMPERATURE (F)
 YESTERDAY
  MAXIMUM         71    529 PM  94    1994  79     -8       79
  MINIMUM         63   1159 PM  39    1959  58      5       64
  AVERAGE         67                        69     -2       72

PRECIPITATION (IN)
  YESTERDAY        T                         0.16  -0.16     1.31
  MONTH TO DATE    4.50                      3.09   1.41     4.57
  SINCE JUN 1      4.50                      3.09   1.41     4.57
  SINCE JAN 1     22.29                     20.42   1.87    20.90

SNOWFALL (IN)
  YESTERDAY        0.0                       0.0    0.0      0.0
  MONTH TO DATE    0.0                       0.0    0.0      0.0
  SINCE JUN 1      0.0                       0.0    0.0      0.0
  SINCE JUL 1     63.2                      48.3   14.9     65.4
  SNOW DEPTH       0

DEGREE DAYS
 HEATING
  YESTERDAY        0                         1     -1        0
  MONTH TO DATE   28                        44    -16       24
  SINCE JUN 1     28                        44    -16       24
  SINCE JUL 1   6597                      6261    336     6715

 COOLING
  YESTERDAY        2                         5     -3        7
  MONTH TO DATE  112                        71     41       75
  SINCE JUN 1    112                        71     41       75
  SINCE JAN 1    230                       117    113      138
..................................................................


WIND (MPH)
  HIGHEST WIND SPEED    13   HIGHEST WIND DIRECTION     N (10)
  HIGHEST GUST SPEED    16   HIGHEST GUST DIRECTION    NW (330)
  AVERAGE WIND SPEED     6.3


SKY COVER
  POSSIBLE SUNSHINE  MM
  AVERAGE SKY COVER 0.8


WEATHER CONDITIONS
 THE FOLLOWING WEATHER WAS RECORDED YESTERDAY.
  FOG


RELATIVE HUMIDITY (PERCENT)
 HIGHEST    93           400 AM
 LOWEST     73          1000 AM
 AVERAGE    83

..........................................................


THE MANSFIELD OH CLIMATE NORMALS FOR TODAY
                         NORMAL    RECORD    YEAR
 MAXIMUM TEMPERATURE (F)   80        94      1988
                                             1953
                                             1933
 MINIMUM TEMPERATURE (F)   59        41      1947


SUNRISE AND SUNSET
JUNE 20 2015..........SUNRISE   558 AM EDT   SUNSET   905 PM EDT
JUNE 21 2015..........SUNRISE   559 AM EDT   SUNSET   905 PM EDT


-  INDICATES NEGATIVE NUMBERS.
R  INDICATES RECORD WAS SET OR TIED.
MM INDICATES DATA IS MISSING.
T  INDICATES TRACE AMOUNT.




$$
