000
CDUS41 KCLE 070545
CLIMFD


CLIMATE REPORT
NATIONAL WEATHER SERVICE CLEVELAND OH
145 AM EDT SUN SEP 7 2014


...................................

...THE MANSFIELD OH CLIMATE SUMMARY FOR SEPTEMBER 6 2014...

CLIMATE NORMAL PERIOD 1981 TO 2010
CLIMATE RECORD PERIOD 1916 TO 2014


WEATHER ITEM   OBSERVED TIME   RECORD YEAR NORMAL DEPARTURE LAST
                VALUE   (LST)  VALUE       VALUE  FROM      YEAR
                                                  NORMAL
..................................................................
TEMPERATURE (F)
 YESTERDAY
  MAXIMUM         71    946 AM  94    1954  77     -6       76
  MINIMUM         54   1159 PM  33    1957  56     -2       45
  AVERAGE         63                        66     -3       61

PRECIPITATION (IN)
  YESTERDAY        0.07                      0.12  -0.05     0.00
  MONTH TO DATE    0.12                      0.73  -0.61     0.47
  SINCE SEP 1      0.12                      0.73  -0.61     0.47
  SINCE JAN 1     29.34                     31.56  -2.22    29.39

SNOWFALL (IN)
  YESTERDAY        0.0                       0.0    0.0      0.0
  MONTH TO DATE    0.0                       0.0    0.0      0.0
  SINCE SEP 1      0.0                       0.0    0.0      0.0
  SINCE JUL 1      0.0                       0.0    0.0      0.0
  SNOW DEPTH       0

DEGREE DAYS
 HEATING
  YESTERDAY        2                         2      0        4
  MONTH TO DATE    2                         9     -7       10
  SINCE SEP 1      2                         9     -7       10
  SINCE JUL 1     29                        34     -5       38

 COOLING
  YESTERDAY        0                         3     -3        0
  MONTH TO DATE   47                        22     25       15
  SINCE SEP 1     47                        22     25       15
  SINCE JAN 1    601                       584     17      657
..................................................................


WIND (MPH)
  HIGHEST WIND SPEED    16   HIGHEST WIND DIRECTION     N (340)
  HIGHEST GUST SPEED    18   HIGHEST GUST DIRECTION    NW (330)
  AVERAGE WIND SPEED     5.4


SKY COVER
  POSSIBLE SUNSHINE  MM
  AVERAGE SKY COVER 0.5


WEATHER CONDITIONS
 THE FOLLOWING WEATHER WAS RECORDED YESTERDAY.
  THUNDERSTORM
  LIGHT RAIN
  FOG


RELATIVE HUMIDITY (PERCENT)
 HIGHEST   100           400 AM
 LOWEST     73           500 PM
 AVERAGE    87

..........................................................


THE MANSFIELD OH CLIMATE NORMALS FOR TODAY
                         NORMAL    RECORD    YEAR
 MAXIMUM TEMPERATURE (F)   77        95      1939
 MINIMUM TEMPERATURE (F)   56        42      1988
                                             1962
                                             1956


SUNRISE AND SUNSET
SEPTEMBER  7 2014.....SUNRISE   703 AM EDT   SUNSET   753 PM EDT
SEPTEMBER  8 2014.....SUNRISE   704 AM EDT   SUNSET   751 PM EDT


-  INDICATES NEGATIVE NUMBERS.
R  INDICATES RECORD WAS SET OR TIED.
MM INDICATES DATA IS MISSING.
T  INDICATES TRACE AMOUNT.




$$
