000
CDUS41 KCLE 080540
CLIMFD


CLIMATE REPORT
NATIONAL WEATHER SERVICE CLEVELAND OH
137 AM EDT FRI APR 8 2016


...................................

...THE MANSFIELD OH CLIMATE SUMMARY FOR APRIL 7 2016...

CLIMATE NORMAL PERIOD 1981 TO 2010
CLIMATE RECORD PERIOD 1916 TO 2016


WEATHER ITEM   OBSERVED TIME   RECORD YEAR NORMAL DEPARTURE LAST
                VALUE   (LST)  VALUE       VALUE  FROM      YEAR
                                                  NORMAL
..................................................................
TEMPERATURE (F)
 YESTERDAY
  MAXIMUM         50   1220 AM  82    1921  56     -6       61
  MINIMUM         31   1159 PM   8    1982  35     -4       48
  AVERAGE         41                        46     -5       55

PRECIPITATION (IN)
  YESTERDAY        0.62                      0.14   0.48     0.49
  MONTH TO DATE    0.98                      0.95   0.03     1.69
  SINCE MAR 1      5.13                      4.34   0.79     4.56
  SINCE JAN 1     10.03                      9.60   0.43     9.72

SNOWFALL (IN)
  YESTERDAY        0.6                       0.1    0.5      0.0
  MONTH TO DATE    1.1                       1.0    0.1      0.0
  SINCE MAR 1      4.1                       8.8   -4.7     10.7
  SINCE JUL 1     24.5                      46.7  -22.2     63.2
  SNOW DEPTH       0

DEGREE DAYS
 HEATING
  YESTERDAY       24                        20      4       10
  MONTH TO DATE  176                       146     30      111
  SINCE MAR 1    795                      1011   -216     1064
  SINCE JUL 1   4567                      5636  -1069     6136

 COOLING
  YESTERDAY        0                         0      0        0
  MONTH TO DATE    0                         0      0        0
  SINCE MAR 1      0                         1     -1        0
  SINCE JAN 1      0                         1     -1        0
..................................................................


WIND (MPH)
  HIGHEST WIND SPEED    24   HIGHEST WIND DIRECTION    SW (220)
  HIGHEST GUST SPEED    33   HIGHEST GUST DIRECTION    SW (230)
  AVERAGE WIND SPEED    11.5


SKY COVER
  POSSIBLE SUNSHINE  MM
  AVERAGE SKY COVER 1.0


WEATHER CONDITIONS
 THE FOLLOWING WEATHER WAS RECORDED YESTERDAY.
  RAIN
  LIGHT RAIN
  LIGHT SNOW
  FOG


RELATIVE HUMIDITY (PERCENT)
 HIGHEST   100           800 AM
 LOWEST     76           300 PM
 AVERAGE    88

..........................................................


THE MANSFIELD OH CLIMATE NORMALS FOR TODAY
                         NORMAL    RECORD    YEAR
 MAXIMUM TEMPERATURE (F)   56        80      2001
 MINIMUM TEMPERATURE (F)   36        15      1982
                                             1972


SUNRISE AND SUNSET
APRIL  8 2016.........SUNRISE   701 AM EDT   SUNSET   803 PM EDT
APRIL  9 2016.........SUNRISE   700 AM EDT   SUNSET   804 PM EDT


-  INDICATES NEGATIVE NUMBERS.
R  INDICATES RECORD WAS SET OR TIED.
MM INDICATES DATA IS MISSING.
T  INDICATES TRACE AMOUNT.




$$
