000
CDUS41 KCLE 060526
CLIMFD


CLIMATE REPORT
NATIONAL WEATHER SERVICE CLEVELAND OH
1226 AM EST MON MAR 6 2017


...................................

...THE MANSFIELD OH CLIMATE SUMMARY FOR MARCH 5 2017...

CLIMATE NORMAL PERIOD 1981 TO 2010
CLIMATE RECORD PERIOD 1916 TO 2017


WEATHER ITEM   OBSERVED TIME   RECORD YEAR NORMAL DEPARTURE LAST
                VALUE   (LST)  VALUE       VALUE  FROM      YEAR
                                                  NORMAL
..................................................................
TEMPERATURE (F)
 YESTERDAY
  MAXIMUM         53    437 PM  76    1983  42     11       37
  MINIMUM         21    501 AM  -1    1978  25     -4       28
  AVERAGE         37                        33      4       33

PRECIPITATION (IN)
  YESTERDAY        0.00                      0.09  -0.09     0.08
  MONTH TO DATE    0.49                      0.46   0.03     0.84
  SINCE MAR 1      0.49                      0.46   0.03     0.84
  SINCE JAN 1      8.35                      5.72   2.63     5.74

SNOWFALL (IN)
  YESTERDAY        0.0                       0.4   -0.4      0.8
  MONTH TO DATE    0.5                       1.7   -1.2      3.0
  SINCE MAR 1      0.5                       1.7   -1.2      3.0
  SINCE JUL 1     22.1                      39.6  -17.5     23.4
  SNOW DEPTH       0

DEGREE DAYS
 HEATING
  YESTERDAY       28                        32     -4       32
  MONTH TO DATE  157                       163     -6      174
  SINCE MAR 1    157                       163     -6      174
  SINCE JUL 1   3827                      4788   -961     3946

 COOLING
  YESTERDAY        0                         0      0        0
  MONTH TO DATE    0                         0      0        0
  SINCE MAR 1      0                         0      0        0
  SINCE JAN 1      0                         0      0        0
..................................................................


WIND (MPH)
  HIGHEST WIND SPEED    20   HIGHEST WIND DIRECTION    SE (130)
  HIGHEST GUST SPEED    25   HIGHEST GUST DIRECTION    SE (130)
  AVERAGE WIND SPEED    11.9


SKY COVER
  POSSIBLE SUNSHINE  MM
  AVERAGE SKY COVER 0.3


WEATHER CONDITIONS
 THE FOLLOWING WEATHER WAS RECORDED YESTERDAY.
  NO SIGNIFICANT WEATHER WAS OBSERVED.


RELATIVE HUMIDITY (PERCENT)
 HIGHEST    71           300 AM
 LOWEST     35           300 PM
 AVERAGE    53

..........................................................


THE MANSFIELD OH CLIMATE NORMALS FOR TODAY
                         NORMAL    RECORD    YEAR
 MAXIMUM TEMPERATURE (F)   42        72      1973
 MINIMUM TEMPERATURE (F)   25         0      2015


SUNRISE AND SUNSET
MARCH  6 2017.........SUNRISE   656 AM EST   SUNSET   627 PM EST
MARCH  7 2017.........SUNRISE   654 AM EST   SUNSET   628 PM EST


-  INDICATES NEGATIVE NUMBERS.
R  INDICATES RECORD WAS SET OR TIED.
MM INDICATES DATA IS MISSING.
T  INDICATES TRACE AMOUNT.




$$
