000
CDUS41 KCLE 240545
CLIMFD


CLIMATE REPORT
NATIONAL WEATHER SERVICE CLEVELAND OH
145 AM EDT MON AUG 24 2015


...................................

...THE MANSFIELD OH CLIMATE SUMMARY FOR AUGUST 23 2015...

CLIMATE NORMAL PERIOD 1981 TO 2010
CLIMATE RECORD PERIOD 1916 TO 2015


WEATHER ITEM   OBSERVED TIME   RECORD YEAR NORMAL DEPARTURE LAST
                VALUE   (LST)  VALUE       VALUE  FROM      YEAR
                                                  NORMAL
..................................................................
TEMPERATURE (F)
 YESTERDAY
  MAXIMUM         84    314 PM  97    1936  80      4       83
  MINIMUM         56    607 AM  41    1946  59     -3       64
                                      1923
  AVERAGE         70                        70      0       74

PRECIPITATION (IN)
  YESTERDAY        0.16                      0.14   0.02     0.00
  MONTH TO DATE    1.13                      3.27  -2.14     3.54
  SINCE JUN 1     10.06                     12.40  -2.34    12.76
  SINCE JAN 1     27.85                     29.73  -1.88    29.09

SNOWFALL (IN)
  YESTERDAY        0.0                       0.0    0.0      0.0
  MONTH TO DATE    0.0                       0.0    0.0      0.0
  SINCE JUN 1      0.0                       0.0    0.0      0.0
  SINCE JUL 1      0.0                       0.0    0.0      0.0
  SNOW DEPTH       0

DEGREE DAYS
 HEATING
  YESTERDAY        0                         1     -1        0
  MONTH TO DATE    0                         4     -4       10
  SINCE JUN 1     36                        65    -29       51
  SINCE JUL 1      3                        12     -9       27

 COOLING
  YESTERDAY        5                         5      0        9
  MONTH TO DATE  140                       133      7      121
  SINCE JUN 1    485                       477      8      427
  SINCE JAN 1    603                       523     80      490
..................................................................


WIND (MPH)
  HIGHEST WIND SPEED    15   HIGHEST WIND DIRECTION     S (170)
  HIGHEST GUST SPEED    20   HIGHEST GUST DIRECTION    SW (220)
  AVERAGE WIND SPEED     8.1


SKY COVER
  POSSIBLE SUNSHINE  MM
  AVERAGE SKY COVER 0.1


WEATHER CONDITIONS
 THE FOLLOWING WEATHER WAS RECORDED YESTERDAY.
  LIGHT RAIN
  FOG


RELATIVE HUMIDITY (PERCENT)
 HIGHEST    86           400 AM
 LOWEST     39          1200 PM
 AVERAGE    63

..........................................................


THE MANSFIELD OH CLIMATE NORMALS FOR TODAY
                         NORMAL    RECORD    YEAR
 MAXIMUM TEMPERATURE (F)   80        93      1968
 MINIMUM TEMPERATURE (F)   59        37      1946


SUNRISE AND SUNSET
AUGUST 24 2015........SUNRISE   649 AM EDT   SUNSET   815 PM EDT
AUGUST 25 2015........SUNRISE   650 AM EDT   SUNSET   814 PM EDT


-  INDICATES NEGATIVE NUMBERS.
R  INDICATES RECORD WAS SET OR TIED.
MM INDICATES DATA IS MISSING.
T  INDICATES TRACE AMOUNT.




$$
