000
CDUS41 KCLE 272112
CLIMFD


CLIMATE REPORT
NATIONAL WEATHER SERVICE CLEVELAND OH
511 PM EDT THU MAR 27 2014


...................................

...THE MANSFIELD OH CLIMATE SUMMARY FOR MARCH 27 2014...
VALID TODAY AS OF 0500 PM LOCAL TIME.

CLIMATE NORMAL PERIOD 1981 TO 2010
CLIMATE RECORD PERIOD 1916 TO 2014


WEATHER ITEM   OBSERVED TIME   RECORD YEAR NORMAL DEPARTURE LAST
                VALUE   (LST)  VALUE       VALUE  FROM      YEAR
                                                  NORMAL
..................................................................
TEMPERATURE (F)
 TODAY
  MAXIMUM         44   1243 PM  79    1998  51     -7       41
  MINIMUM         24    134 AM  12    1996  32     -8       31
                                      1965
  AVERAGE         34                        41     -7       36

PRECIPITATION (IN)
  TODAY            0.01                      0.12  -0.11      T
  MONTH TO DATE    1.35                      2.87  -1.52     1.94
  SINCE MAR 1      1.35                      2.87  -1.52     1.94
  SINCE JAN 1      5.68                      8.13  -2.45     6.67

SNOWFALL (IN)
  TODAY            0.0                       0.2   -0.2       T
  MONTH TO DATE    7.5                       7.2    0.3      9.5
  SINCE MAR 1      7.5                       7.2    0.3      9.5
  SINCE JUL 1     60.3                      45.1   15.2     39.3
  SNOW DEPTH       0

DEGREE DAYS
 HEATING
  TODAY           31                        24      7       29
  MONTH TO DATE  929                       775    154      879
  SINCE MAR 1    929                       775    154      879
  SINCE JUL 1   5973                      5400    573     5252

 COOLING
  TODAY            0                         0      0        0
  MONTH TO DATE    0                         0      0        0
  SINCE MAR 1      0                         0      0        0
  SINCE JAN 1      0                         0      0        0
..................................................................


WIND (MPH)
  HIGHEST WIND SPEED    25   HIGHEST WIND DIRECTION     S (170)
  HIGHEST GUST SPEED    31   HIGHEST GUST DIRECTION     S (160)


SKY COVER
  POSSIBLE SUNSHINE  MM
  AVERAGE SKY COVER 0.7


WEATHER CONDITIONS
 THE FOLLOWING WEATHER WAS RECORDED TODAY.
  LIGHT RAIN


RELATIVE HUMIDITY (PERCENT)
 HIGHEST    62           100 AM
 LOWEST     37          1100 AM
 AVERAGE    50

..........................................................


THE MANSFIELD OH CLIMATE NORMALS FOR TOMORROW
                         NORMAL    RECORD    YEAR
 MAXIMUM TEMPERATURE (F)   51        77      1989
                                             1946
 MINIMUM TEMPERATURE (F)   32         6      1947


SUNRISE AND SUNSET
MARCH 27 2014.........SUNRISE   722 AM EDT   SUNSET   750 PM EDT
MARCH 28 2014.........SUNRISE   720 AM EDT   SUNSET   751 PM EDT


-  INDICATES NEGATIVE NUMBERS.
R  INDICATES RECORD WAS SET OR TIED.
MM INDICATES DATA IS MISSING.
T  INDICATES TRACE AMOUNT.




$$
