000
CDUS41 KCLE 300545
CLIMFD


CLIMATE REPORT
NATIONAL WEATHER SERVICE CLEVELAND OH
145 AM EDT MON OCT 30 2017


...................................

...THE MANSFIELD OH CLIMATE SUMMARY FOR OCTOBER 29 2017...

CLIMATE NORMAL PERIOD 1981 TO 2010
CLIMATE RECORD PERIOD 1916 TO 2017


WEATHER ITEM   OBSERVED TIME   RECORD YEAR NORMAL DEPARTURE LAST
                VALUE   (LST)  VALUE       VALUE  FROM      YEAR
                                                  NORMAL
..................................................................
TEMPERATURE (F)
 YESTERDAY
  MAXIMUM         44    224 PM  79    1922  57    -13       76
  MINIMUM         30   1252 AM  17    1925  38     -8       52
  AVERAGE         37                        48    -11       64

PRECIPITATION (IN)
  YESTERDAY        0.00                      0.10  -0.10     0.00
  MONTH TO DATE    2.78                      2.73   0.05     2.97
  SINCE SEP 1      4.38                      6.05  -1.67     6.68
  SINCE JAN 1     40.96                     36.88   4.08    30.31

SNOWFALL (IN)
  YESTERDAY        0.0                       0.0    0.0      0.0
  MONTH TO DATE    T                         0.4   -0.4      0.0
  SINCE SEP 1      T                         0.4   -0.4      0.0
  SINCE JUL 1      T                         0.4   -0.4      0.0
  SNOW DEPTH       0

DEGREE DAYS
 HEATING
  YESTERDAY       28                        17     11        1
  MONTH TO DATE  217                       382   -165      248
  SINCE SEP 1    307                       507   -200      282
  SINCE JUL 1    321                       532   -211      283

 COOLING
  YESTERDAY        0                         0      0        0
  MONTH TO DATE   19                         5     14       28
  SINCE SEP 1    131                        68     63      174
  SINCE JAN 1    748                       630    118     1078
..................................................................


WIND (MPH)
  HIGHEST WIND SPEED    15   HIGHEST WIND DIRECTION     W (280)
  HIGHEST GUST SPEED    25   HIGHEST GUST DIRECTION     W (250)
  AVERAGE WIND SPEED     8.9


SKY COVER
  POSSIBLE SUNSHINE  MM
  AVERAGE SKY COVER 0.9


WEATHER CONDITIONS
 THE FOLLOWING WEATHER WAS RECORDED YESTERDAY.
  NO SIGNIFICANT WEATHER WAS OBSERVED.


RELATIVE HUMIDITY (PERCENT)
 HIGHEST   100           500 AM
 LOWEST     62           400 PM
 AVERAGE    81

..........................................................


THE MANSFIELD OH CLIMATE NORMALS FOR TODAY
                         NORMAL    RECORD    YEAR
 MAXIMUM TEMPERATURE (F)   57        80      1927
 MINIMUM TEMPERATURE (F)   38        20      1988


SUNRISE AND SUNSET
OCTOBER 30 2017.......SUNRISE   759 AM EDT   SUNSET   628 PM EDT
OCTOBER 31 2017.......SUNRISE   800 AM EDT   SUNSET   627 PM EDT


-  INDICATES NEGATIVE NUMBERS.
R  INDICATES RECORD WAS SET OR TIED.
MM INDICATES DATA IS MISSING.
T  INDICATES TRACE AMOUNT.




$$
