000
CDUS41 KCLE 130527
CLIMFD


CLIMATE REPORT
NATIONAL WEATHER SERVICE CLEVELAND OH
1226 AM EST THU NOV 13 2014


...................................

...THE MANSFIELD OH CLIMATE SUMMARY FOR NOVEMBER 12 2014...

CLIMATE NORMAL PERIOD 1981 TO 2010
CLIMATE RECORD PERIOD 1916 TO 2014


WEATHER ITEM   OBSERVED TIME   RECORD YEAR NORMAL DEPARTURE LAST
                VALUE   (LST)  VALUE       VALUE  FROM      YEAR
                                                  NORMAL
..................................................................
TEMPERATURE (F)
 YESTERDAY
  MAXIMUM         39   1222 AM  72    1949  51    -12       31
  MINIMUM         30   1159 PM  16    1976  35     -5       25
  AVERAGE         35                        43     -8       28

PRECIPITATION (IN)
  YESTERDAY        T                         0.13  -0.13     0.02
  MONTH TO DATE    0.75                      1.48  -0.73     1.13
  SINCE SEP 1      4.05                      7.74  -3.69     8.80
  SINCE JAN 1     33.27                     38.57  -5.30    37.72

SNOWFALL (IN)
  YESTERDAY        0.0                       0.1   -0.1      0.3
  MONTH TO DATE    T                         0.5   -0.5      0.5
  SINCE SEP 1      T                         1.0   -1.0      0.5
  SINCE JUL 1      T                         1.0   -1.0      0.5
  SNOW DEPTH       0

DEGREE DAYS
 HEATING
  YESTERDAY       30                        22      8       37
  MONTH TO DATE  253                       242     11      263
  SINCE SEP 1    751                       785    -34      751
  SINCE JUL 1    778                       810    -32      779

 COOLING
  YESTERDAY        0                         0      0        0
  MONTH TO DATE    0                         0      0        0
  SINCE SEP 1     69                        70     -1       99
  SINCE JAN 1    623                       632     -9      741
..................................................................


WIND (MPH)
  HIGHEST WIND SPEED    16   HIGHEST WIND DIRECTION     W (260)
  HIGHEST GUST SPEED    24   HIGHEST GUST DIRECTION     W (290)
  AVERAGE WIND SPEED     8.4


SKY COVER
  POSSIBLE SUNSHINE  MM
  AVERAGE SKY COVER 1.0


WEATHER CONDITIONS
 THE FOLLOWING WEATHER WAS RECORDED YESTERDAY.
  LIGHT RAIN
  FOG


RELATIVE HUMIDITY (PERCENT)
 HIGHEST   100           100 AM
 LOWEST     69           900 AM
 AVERAGE    85

..........................................................


THE MANSFIELD OH CLIMATE NORMALS FOR TODAY
                         NORMAL    RECORD    YEAR
 MAXIMUM TEMPERATURE (F)   51        70      2010
 MINIMUM TEMPERATURE (F)   34        13      1986


SUNRISE AND SUNSET
NOVEMBER 13 2014......SUNRISE   715 AM EST   SUNSET   514 PM EST
NOVEMBER 14 2014......SUNRISE   716 AM EST   SUNSET   513 PM EST


-  INDICATES NEGATIVE NUMBERS.
R  INDICATES RECORD WAS SET OR TIED.
MM INDICATES DATA IS MISSING.
T  INDICATES TRACE AMOUNT.




$$
