000
CDUS41 KCLE 150534
CLIMFD


CLIMATE REPORT
NATIONAL WEATHER SERVICE CLEVELAND OH
134 AM EDT TUE JUL 15 2014


...................................

...THE MANSFIELD OH CLIMATE SUMMARY FOR JULY 14 2014...

CLIMATE NORMAL PERIOD 1981 TO 2010
CLIMATE RECORD PERIOD 1916 TO 2014


WEATHER ITEM   OBSERVED TIME   RECORD YEAR NORMAL DEPARTURE LAST
                VALUE   (LST)  VALUE       VALUE  FROM      YEAR
                                                  NORMAL
..................................................................
TEMPERATURE (F)
 YESTERDAY
  MAXIMUM         84    425 PM 104    1936  82      2       88
  MINIMUM         65   1105 PM  43    1940  62      3       67
  AVERAGE         75                        72      3       78

PRECIPITATION (IN)
  YESTERDAY        0.05                      0.14  -0.09     0.00
  MONTH TO DATE    1.29                      2.06  -0.77     4.37
  SINCE JUN 1      7.77                      6.81   0.96    11.36
  SINCE JAN 1     24.10                     24.14  -0.04    25.23

SNOWFALL (IN)
  YESTERDAY        0.0                       0.0    0.0      0.0
  MONTH TO DATE    0.0                       0.0    0.0      0.0
  SINCE JUN 1      0.0                       0.0    0.0      0.0
  SINCE JUL 1      0.0                       0.0    0.0      0.0
  SNOW DEPTH       0

DEGREE DAYS
 HEATING
  YESTERDAY        0                         0      0        0
  MONTH TO DATE    4                         0      4        0
  SINCE JUN 1     28                        53    -25       39
  SINCE JUL 1      4                         0      4        0

 COOLING
  YESTERDAY       10                         7      3       13
  MONTH TO DATE   87                        98    -11      115
  SINCE JUN 1    256                       232     24      263
  SINCE JAN 1    319                       278     41      358
..................................................................


WIND (MPH)
  HIGHEST WIND SPEED    20   HIGHEST WIND DIRECTION     S (190)
  HIGHEST GUST SPEED    29   HIGHEST GUST DIRECTION    SW (210)
  AVERAGE WIND SPEED     5.8


SKY COVER
  POSSIBLE SUNSHINE  MM
  AVERAGE SKY COVER 0.4


WEATHER CONDITIONS
 THE FOLLOWING WEATHER WAS RECORDED YESTERDAY.
  FOG


RELATIVE HUMIDITY (PERCENT)
 HIGHEST   100           200 AM
 LOWEST     55           200 PM
 AVERAGE    78

..........................................................


THE MANSFIELD OH CLIMATE NORMALS FOR TODAY
                         NORMAL    RECORD    YEAR
 MAXIMUM TEMPERATURE (F)   82        96      1995
 MINIMUM TEMPERATURE (F)   62        40      1930


SUNRISE AND SUNSET
JULY 15 2014..........SUNRISE   611 AM EDT   SUNSET   900 PM EDT
JULY 16 2014..........SUNRISE   612 AM EDT   SUNSET   900 PM EDT


-  INDICATES NEGATIVE NUMBERS.
R  INDICATES RECORD WAS SET OR TIED.
MM INDICATES DATA IS MISSING.
T  INDICATES TRACE AMOUNT.




$$
