000
CDUS41 KCLE 032114
CLIMFD


CLIMATE REPORT
NATIONAL WEATHER SERVICE CLEVELAND OH
513 PM EDT WED SEP 3 2014


...................................

...THE MANSFIELD OH CLIMATE SUMMARY FOR SEPTEMBER 3 2014...
VALID TODAY AS OF 0500 PM LOCAL TIME.

CLIMATE NORMAL PERIOD 1981 TO 2010
CLIMATE RECORD PERIOD 1916 TO 2014


WEATHER ITEM   OBSERVED TIME   RECORD YEAR NORMAL DEPARTURE LAST
                VALUE   (LST)  VALUE       VALUE  FROM      YEAR
                                                  NORMAL
..................................................................
TEMPERATURE (F)
 TODAY
  MAXIMUM         83    332 PM  97    1953  78      5       67
  MINIMUM         61    622 AM  32    1946  57      4       52
  AVERAGE         72                        67      5       60

PRECIPITATION (IN)
  TODAY            0.00                      0.13  -0.13     0.00
  MONTH TO DATE    0.05                      0.38  -0.33     0.47
  SINCE SEP 1      0.05                      0.38  -0.33     0.47
  SINCE JAN 1     29.27                     31.21  -1.94    29.39

SNOWFALL (IN)
  TODAY            0.0                       0.0    0.0      0.0
  MONTH TO DATE    0.0                       0.0    0.0      0.0
  SINCE SEP 1      0.0                       0.0    0.0      0.0
  SINCE JUL 1      0.0                       0.0    0.0      0.0
  SNOW DEPTH       0

DEGREE DAYS
 HEATING
  TODAY            0                         1     -1        5
  MONTH TO DATE    0                         3     -3        5
  SINCE SEP 1      0                         3     -3        5
  SINCE JUL 1     27                        28     -1       33

 COOLING
  TODAY            7                         4      3        0
  MONTH TO DATE   24                        12     12       15
  SINCE SEP 1     24                        12     12       15
  SINCE JAN 1    578                       574      4      657
..................................................................


WIND (MPH)
  HIGHEST WIND SPEED     8   HIGHEST WIND DIRECTION     S (200)
  HIGHEST GUST SPEED    13   HIGHEST GUST DIRECTION     E (90)


SKY COVER
  POSSIBLE SUNSHINE  MM
  AVERAGE SKY COVER 0.3


WEATHER CONDITIONS
 THE FOLLOWING WEATHER WAS RECORDED TODAY.
  FOG
  FOG W/VISIBILITY <= 1/4 MILE


RELATIVE HUMIDITY (PERCENT)
 HIGHEST   100          1200 AM
 LOWEST     43           200 PM
 AVERAGE    72

..........................................................


THE MANSFIELD OH CLIMATE NORMALS FOR TOMORROW
                         NORMAL    RECORD    YEAR
 MAXIMUM TEMPERATURE (F)   77        92      1973
                                             1953
 MINIMUM TEMPERATURE (F)   57        32      1946


SUNRISE AND SUNSET
SEPTEMBER  3 2014.....SUNRISE   659 AM EDT   SUNSET   759 PM EDT
SEPTEMBER  4 2014.....SUNRISE   700 AM EDT   SUNSET   757 PM EDT


-  INDICATES NEGATIVE NUMBERS.
R  INDICATES RECORD WAS SET OR TIED.
MM INDICATES DATA IS MISSING.
T  INDICATES TRACE AMOUNT.




$$
