000
CDUS41 KCLE 120526
CLIMFD


CLIMATE REPORT
NATIONAL WEATHER SERVICE CLEVELAND OH
1226 AM EST THU JAN 12 2017


...................................

...THE MANSFIELD OH CLIMATE SUMMARY FOR JANUARY 11 2017...

CLIMATE NORMAL PERIOD 1981 TO 2010
CLIMATE RECORD PERIOD 1916 TO 2017


WEATHER ITEM   OBSERVED TIME   RECORD YEAR NORMAL DEPARTURE LAST
                VALUE   (LST)  VALUE       VALUE  FROM      YEAR
                                                  NORMAL
..................................................................
TEMPERATURE (F)
 YESTERDAY
  MAXIMUM         57   1159 PM  58    2013  33     24       22
  MINIMUM         30    612 AM -13    1945  18     12        6
  AVERAGE         44                        25     19       14

PRECIPITATION (IN)
  YESTERDAY        0.18                      0.10   0.08      T
  MONTH TO DATE    1.51                      1.10   0.41     1.03
  SINCE DEC 1      4.65                      4.39   0.26     5.19
  SINCE JAN 1      1.51                      1.10   0.41     1.03

SNOWFALL (IN)
  YESTERDAY        0.0                       0.4   -0.4      0.3
  MONTH TO DATE    2.3                       4.7   -2.4      1.9
  SINCE DEC 1     13.3                      15.2   -1.9      2.1
  SINCE JUL 1     13.5                      17.9   -4.4      2.1
  SNOW DEPTH       0

DEGREE DAYS
 HEATING
  YESTERDAY       21                        40    -19       51
  MONTH TO DATE  428                       432     -4      400
  SINCE DEC 1   1536                      1528      8     1080
  SINCE JUL 1   2413                      2809   -396     2020

 COOLING
  YESTERDAY        0                         0      0        0
  MONTH TO DATE    0                         0      0        0
  SINCE DEC 1      0                         0      0        0
  SINCE JAN 1      0                         0      0        0
..................................................................


WIND (MPH)
  HIGHEST WIND SPEED    35   HIGHEST WIND DIRECTION     S (190)
  HIGHEST GUST SPEED    46   HIGHEST GUST DIRECTION     S (180)
  AVERAGE WIND SPEED    18.4


SKY COVER
  POSSIBLE SUNSHINE  MM
  AVERAGE SKY COVER 0.3


WEATHER CONDITIONS
 THE FOLLOWING WEATHER WAS RECORDED YESTERDAY.
  LIGHT RAIN
  FOG


RELATIVE HUMIDITY (PERCENT)
 HIGHEST    96           900 PM
 LOWEST     76           100 AM
 AVERAGE    86

..........................................................


THE MANSFIELD OH CLIMATE NORMALS FOR TODAY
                         NORMAL    RECORD    YEAR
 MAXIMUM TEMPERATURE (F)   33        61      2013
                                             2005
 MINIMUM TEMPERATURE (F)   18       -15      1918


SUNRISE AND SUNSET
JANUARY 12 2017.......SUNRISE   753 AM EST   SUNSET   524 PM EST
JANUARY 13 2017.......SUNRISE   753 AM EST   SUNSET   525 PM EST


-  INDICATES NEGATIVE NUMBERS.
R  INDICATES RECORD WAS SET OR TIED.
MM INDICATES DATA IS MISSING.
T  INDICATES TRACE AMOUNT.




$$
