000
CDUS41 KCLE 102218
CLIMFD


CLIMATE REPORT
NATIONAL WEATHER SERVICE CLEVELAND OH
518 PM EST WED DEC 10 2014


...................................

...THE MANSFIELD OH CLIMATE SUMMARY FOR DECEMBER 10 2014...
VALID TODAY AS OF 0500 PM LOCAL TIME.

CLIMATE NORMAL PERIOD 1981 TO 2010
CLIMATE RECORD PERIOD 1916 TO 2014


WEATHER ITEM   OBSERVED TIME   RECORD YEAR NORMAL DEPARTURE LAST
                VALUE   (LST)  VALUE       VALUE  FROM      YEAR
                                                  NORMAL
..................................................................
TEMPERATURE (F)
 TODAY
  MAXIMUM         33   1254 AM  68    1971  38     -5       24
  MINIMUM         27    459 PM -17    1958  24      3       17
  AVERAGE         30                        31     -1       21

PRECIPITATION (IN)
  TODAY            0.02                      0.11  -0.09      T
  MONTH TO DATE    1.00                      1.11  -0.11     0.37
  SINCE DEC 1      1.00                      1.11  -0.11     0.37
  SINCE JAN 1     35.66                     42.01  -6.35    39.21

SNOWFALL (IN)
  TODAY            T                         0.3   -0.3       T
  MONTH TO DATE    T                         2.6   -2.6      4.5
  SINCE DEC 1      T                         2.6   -2.6      4.5
  SINCE JUL 1      5.9                       5.3    0.6      6.1
  SNOW DEPTH       0

DEGREE DAYS
 HEATING
  TODAY           35                        34      1       44
  MONTH TO DATE  311                       322    -11      317
  SINCE DEC 1    311                       322    -11      317
  SINCE JUL 1   1699                      1603     96     1649

 COOLING
  TODAY            0                         0      0        0
  MONTH TO DATE    0                         0      0        0
  SINCE DEC 1      0                         0      0        0
  SINCE JAN 1    623                       632     -9      741
..................................................................


WIND (MPH)
  HIGHEST WIND SPEED    20   HIGHEST WIND DIRECTION    NW (330)
  HIGHEST GUST SPEED    27   HIGHEST GUST DIRECTION     N (350)


SKY COVER
  POSSIBLE SUNSHINE  MM
  AVERAGE SKY COVER 1.0


WEATHER CONDITIONS
 THE FOLLOWING WEATHER WAS RECORDED TODAY.
  LIGHT SNOW
  FOG


RELATIVE HUMIDITY (PERCENT)
 HIGHEST   100           500 AM
 LOWEST     78           200 PM
 AVERAGE    89

..........................................................


THE MANSFIELD OH CLIMATE NORMALS FOR TOMORROW
                         NORMAL    RECORD    YEAR
 MAXIMUM TEMPERATURE (F)   38        61      2007
                                             1931
 MINIMUM TEMPERATURE (F)   24       -20      1958


SUNRISE AND SUNSET
DECEMBER 10 2014......SUNRISE   743 AM EST   SUNSET   502 PM EST
DECEMBER 11 2014......SUNRISE   744 AM EST   SUNSET   502 PM EST


-  INDICATES NEGATIVE NUMBERS.
R  INDICATES RECORD WAS SET OR TIED.
MM INDICATES DATA IS MISSING.
T  INDICATES TRACE AMOUNT.




$$
