525
CDUS41 KCLE 172118
CLIMFD


CLIMATE REPORT
NATIONAL WEATHER SERVICE CLEVELAND OH
518 PM EDT SUN APR 17 2016


...................................

...THE MANSFIELD OH CLIMATE SUMMARY FOR APRIL 17 2016...
VALID TODAY AS OF 0500 PM LOCAL TIME.

CLIMATE NORMAL PERIOD 1981 TO 2010
CLIMATE RECORD PERIOD 1916 TO 2016


WEATHER ITEM   OBSERVED TIME   RECORD YEAR NORMAL DEPARTURE LAST
                VALUE   (LST)  VALUE       VALUE  FROM      YEAR
                                                  NORMAL
..................................................................
TEMPERATURE (F)
 TODAY
  MAXIMUM         79    359 PM  83    1969  60     19       71
  MINIMUM         46    353 AM  21    1946  39      7       52
  AVERAGE         63                        49     14       62

PRECIPITATION (IN)
  TODAY            0.00                      0.14  -0.14     0.01
  MONTH TO DATE    1.92                      2.38  -0.46     4.59
  SINCE MAR 1      6.07                      5.77   0.30     7.46
  SINCE JAN 1     10.97                     11.03  -0.06    12.62

SNOWFALL (IN)
  TODAY            0.0                       0.1   -0.1      0.0
  MONTH TO DATE    4.2                       2.1    2.1      0.0
  SINCE MAR 1      7.2                       9.9   -2.7     10.7
  SINCE JUL 1     27.6                      47.8  -20.2     63.2
  SNOW DEPTH       0

DEGREE DAYS
 HEATING
  TODAY            2                        16    -14        3
  MONTH TO DATE  386                       320     66      198
  SINCE MAR 1   1005                      1185   -180     1151
  SINCE JUL 1   4777                      5810  -1033     6223

 COOLING
  TODAY            0                         0      0        0
  MONTH TO DATE    0                         0      0        0
  SINCE MAR 1      0                         1     -1        0
  SINCE JAN 1      0                         1     -1        0
..................................................................


WIND (MPH)
  HIGHEST WIND SPEED    10   HIGHEST WIND DIRECTION    NE (30)
  HIGHEST GUST SPEED    15   HIGHEST GUST DIRECTION     N (10)


SKY COVER
  POSSIBLE SUNSHINE  MM
  AVERAGE SKY COVER 0.0


WEATHER CONDITIONS
 THE FOLLOWING WEATHER WAS RECORDED TODAY.
  NO SIGNIFICANT WEATHER WAS OBSERVED.


RELATIVE HUMIDITY (PERCENT)
 HIGHEST    71           400 AM
 LOWEST     22           100 PM
 AVERAGE    47

..........................................................


THE MANSFIELD OH CLIMATE NORMALS FOR TOMORROW
                         NORMAL    RECORD    YEAR
 MAXIMUM TEMPERATURE (F)   61        82      2013
                                             2002
                                             1976
 MINIMUM TEMPERATURE (F)   39        23      1990


SUNRISE AND SUNSET
APRIL 17 2016.........SUNRISE   647 AM EDT   SUNSET   812 PM EDT
APRIL 18 2016.........SUNRISE   646 AM EDT   SUNSET   813 PM EDT


-  INDICATES NEGATIVE NUMBERS.
R  INDICATES RECORD WAS SET OR TIED.
MM INDICATES DATA IS MISSING.
T  INDICATES TRACE AMOUNT.




$$
