000
CDUS41 KCLE 160529
CLIMFD


CLIMATE REPORT
NATIONAL WEATHER SERVICE CLEVELAND OH
1227 AM EST MON FEB 16 2015


...................................

...THE MANSFIELD OH CLIMATE SUMMARY FOR FEBRUARY 15 2015...

CLIMATE NORMAL PERIOD 1981 TO 2010
CLIMATE RECORD PERIOD 1916 TO 2015


WEATHER ITEM   OBSERVED TIME   RECORD YEAR NORMAL DEPARTURE LAST
                VALUE   (LST)  VALUE       VALUE  FROM      YEAR
                                                  NORMAL
..................................................................
TEMPERATURE (F)
 YESTERDAY
  MAXIMUM          0    438 PM  65    1954  36    -36       19
  MINIMUM        -11R  1138 PM  -5    1940  20    -31        8
  AVERAGE         -5                        28    -33       14

PRECIPITATION (IN)
  YESTERDAY        0.00                      0.09  -0.09      T
  MONTH TO DATE    1.16                      1.27  -0.11     1.23
  SINCE DEC 1      6.48                      7.43  -0.95     7.43
  SINCE JAN 1      4.62                      4.14   0.48     3.25

SNOWFALL (IN)
  YESTERDAY        0.0                       0.4   -0.4       T
  MONTH TO DATE   13.1                       6.0    7.1     10.8
  SINCE DEC 1     38.3                      29.8    8.5     46.8
  SINCE JUL 1     44.2                      32.5   11.7     48.4
  SNOW DEPTH       4

DEGREE DAYS
 HEATING
  YESTERDAY       70                        37     33       51
  MONTH TO DATE  667                       570     97      719
  SINCE DEC 1   2950                      2889     61     3209
  SINCE JUL 1   4338                      4170    168     4541

 COOLING
  YESTERDAY        0                         0      0        0
  MONTH TO DATE    0                         0      0        0
  SINCE DEC 1      0                         0      0        0
  SINCE JAN 1      0                         0      0        0
..................................................................


WIND (MPH)
  HIGHEST WIND SPEED    21   HIGHEST WIND DIRECTION    NW (310)
  HIGHEST GUST SPEED    25   HIGHEST GUST DIRECTION    NW (310)
  AVERAGE WIND SPEED     8.1


SKY COVER
  POSSIBLE SUNSHINE  MM
  AVERAGE SKY COVER 0.0


WEATHER CONDITIONS
 THE FOLLOWING WEATHER WAS RECORDED YESTERDAY.
  NO SIGNIFICANT WEATHER WAS OBSERVED.


RELATIVE HUMIDITY (PERCENT)
 HIGHEST    75           700 PM
 LOWEST     58          1200 PM
 AVERAGE    67

..........................................................


THE MANSFIELD OH CLIMATE NORMALS FOR TODAY
                         NORMAL    RECORD    YEAR
 MAXIMUM TEMPERATURE (F)   36        64      1927
 MINIMUM TEMPERATURE (F)   21        -9      1939


SUNRISE AND SUNSET
FEBRUARY 16 2015......SUNRISE   723 AM EST   SUNSET   606 PM EST
FEBRUARY 17 2015......SUNRISE   722 AM EST   SUNSET   607 PM EST


-  INDICATES NEGATIVE NUMBERS.
R  INDICATES RECORD WAS SET OR TIED.
MM INDICATES DATA IS MISSING.
T  INDICATES TRACE AMOUNT.




$$
