000
CDUS41 KCLE 130542
CLIMFD


CLIMATE REPORT
NATIONAL WEATHER SERVICE CLEVELAND OH
141 AM EDT MON OCT 13 2014


...................................

...THE MANSFIELD OH CLIMATE SUMMARY FOR OCTOBER 12 2014...

CLIMATE NORMAL PERIOD 1981 TO 2010
CLIMATE RECORD PERIOD 1916 TO 2014


WEATHER ITEM   OBSERVED TIME   RECORD YEAR NORMAL DEPARTURE LAST
                VALUE   (LST)  VALUE       VALUE  FROM      YEAR
                                                  NORMAL
..................................................................
TEMPERATURE (F)
 YESTERDAY
  MAXIMUM         66    243 PM  90    1928  63      3       73
  MINIMUM         35    550 AM  23    1957  43     -8       50
  AVERAGE         51                        53     -2       62

PRECIPITATION (IN)
  YESTERDAY        0.00                      0.09  -0.09     0.00
  MONTH TO DATE    0.48                      1.15  -0.67     2.51
  SINCE SEP 1      1.95                      4.47  -2.52     5.24
  SINCE JAN 1     31.17                     35.30  -4.13    34.16

SNOWFALL (IN)
  YESTERDAY        0.0                       0.0    0.0      0.0
  MONTH TO DATE    0.0                       0.0    0.0      0.0
  SINCE SEP 1      0.0                       0.0    0.0      0.0
  SINCE JUL 1      0.0                       0.0    0.0      0.0
  SNOW DEPTH       0

DEGREE DAYS
 HEATING
  YESTERDAY       14                        12      2        3
  MONTH TO DATE  149                       128     21       50
  SINCE SEP 1    261                       253      8      168
  SINCE JUL 1    288                       278     10      196

 COOLING
  YESTERDAY        0                         0      0        0
  MONTH TO DATE    0                         5     -5       24
  SINCE SEP 1     65                        68     -3       99
  SINCE JAN 1    619                       630    -11      741
..................................................................


WIND (MPH)
  HIGHEST WIND SPEED    16   HIGHEST WIND DIRECTION    SE (150)
  HIGHEST GUST SPEED    20   HIGHEST GUST DIRECTION    SE (140)
  AVERAGE WIND SPEED     9.6


SKY COVER
  POSSIBLE SUNSHINE  MM
  AVERAGE SKY COVER 0.4


WEATHER CONDITIONS
 THE FOLLOWING WEATHER WAS RECORDED YESTERDAY.
  NO SIGNIFICANT WEATHER WAS OBSERVED.


RELATIVE HUMIDITY (PERCENT)
 HIGHEST    86           800 PM
 LOWEST     39           100 PM
 AVERAGE    63

..........................................................


THE MANSFIELD OH CLIMATE NORMALS FOR TODAY
                         NORMAL    RECORD    YEAR
 MAXIMUM TEMPERATURE (F)   63        84      1969
 MINIMUM TEMPERATURE (F)   43        22      1946


SUNRISE AND SUNSET
OCTOBER 13 2014.......SUNRISE   739 AM EDT   SUNSET   653 PM EDT
OCTOBER 14 2014.......SUNRISE   740 AM EDT   SUNSET   651 PM EDT


-  INDICATES NEGATIVE NUMBERS.
R  INDICATES RECORD WAS SET OR TIED.
MM INDICATES DATA IS MISSING.
T  INDICATES TRACE AMOUNT.




$$
