000
CDUS41 KCLE 250529
CLIMFD


CLIMATE REPORT
NATIONAL WEATHER SERVICE CLEVELAND OH
1228 AM EST SAT FEB 25 2017


...................................

...THE MANSFIELD OH CLIMATE SUMMARY FOR FEBRUARY 24 2017...

CLIMATE NORMAL PERIOD 1981 TO 2010
CLIMATE RECORD PERIOD 1916 TO 2017


WEATHER ITEM   OBSERVED TIME   RECORD YEAR NORMAL DEPARTURE LAST
                VALUE   (LST)  VALUE       VALUE  FROM      YEAR
                                                  NORMAL
..................................................................
TEMPERATURE (F)
 YESTERDAY
  MAXIMUM         74R   306 PM  67    1961  39     35       54
  MINIMUM         56    201 AM  -8    2015  22     34       34
  AVERAGE         65                        30     35       44

PRECIPITATION (IN)
  YESTERDAY        0.52                      0.09   0.43     1.50
  MONTH TO DATE    1.87                      2.03  -0.16     2.98
  SINCE DEC 1     10.92                      8.19   2.73     8.68
  SINCE JAN 1      7.78                      4.90   2.88     4.52

SNOWFALL (IN)
  YESTERDAY        0.0                       0.4   -0.4      0.0
  MONTH TO DATE    3.8                       9.8   -6.0      8.9
  SINCE DEC 1     21.4                      33.6  -12.2     17.8
  SINCE JUL 1     21.6                      36.3  -14.7     17.8
  SNOW DEPTH       0

DEGREE DAYS
 HEATING
  YESTERDAY        0                        35    -35       21
  MONTH TO DATE  594                       891   -297      822
  SINCE DEC 1   2696                      3210   -514     2694
  SINCE JUL 1   3573                      4491   -918     3634

 COOLING
  YESTERDAY        0                         0      0        0
  MONTH TO DATE    0                         0      0        0
  SINCE DEC 1      0                         0      0        0
  SINCE JAN 1      0                         0      0        0
..................................................................


WIND (MPH)
  HIGHEST WIND SPEED    29   HIGHEST WIND DIRECTION     S (180)
  HIGHEST GUST SPEED    37   HIGHEST GUST DIRECTION     S (180)
  AVERAGE WIND SPEED    14.6


SKY COVER
  POSSIBLE SUNSHINE  MM
  AVERAGE SKY COVER 0.6


WEATHER CONDITIONS
 THE FOLLOWING WEATHER WAS RECORDED YESTERDAY.
  THUNDERSTORM
  RAIN
  LIGHT RAIN
  FOG


RELATIVE HUMIDITY (PERCENT)
 HIGHEST    93          1200 AM
 LOWEST     49           400 PM
 AVERAGE    71

..........................................................


THE MANSFIELD OH CLIMATE NORMALS FOR TODAY
                         NORMAL    RECORD    YEAR
 MAXIMUM TEMPERATURE (F)   39        69      2000
 MINIMUM TEMPERATURE (F)   23        -3      1963


SUNRISE AND SUNSET
FEBRUARY 25 2017......SUNRISE   710 AM EST   SUNSET   617 PM EST
FEBRUARY 26 2017......SUNRISE   708 AM EST   SUNSET   618 PM EST


-  INDICATES NEGATIVE NUMBERS.
R  INDICATES RECORD WAS SET OR TIED.
MM INDICATES DATA IS MISSING.
T  INDICATES TRACE AMOUNT.




$$
