000
CDUS41 KCLE 020531
CLIMFD


CLIMATE REPORT
NATIONAL WEATHER SERVICE CLEVELAND OH
1229 AM EST MON MAR 2 2015


...................................

...THE MANSFIELD OH CLIMATE SUMMARY FOR MARCH 1 2015...

CLIMATE NORMAL PERIOD 1981 TO 2010
CLIMATE RECORD PERIOD 1916 TO 2015


WEATHER ITEM   OBSERVED TIME   RECORD YEAR NORMAL DEPARTURE LAST
                VALUE   (LST)  VALUE       VALUE  FROM      YEAR
                                                  NORMAL
..................................................................
TEMPERATURE (F)
 YESTERDAY
  MAXIMUM         31   1254 PM  68    1972  40     -9       46
  MINIMUM         18   1244 AM   0    1980  24     -6       23
  AVERAGE         25                        32     -7       35

PRECIPITATION (IN)
  YESTERDAY        0.45                      0.09   0.36     0.01
  MONTH TO DATE    0.45                      0.09   0.36     0.01
  SINCE MAR 1      0.45                      0.09   0.36     0.01
  SINCE JAN 1      5.61                      5.35   0.26     4.34

SNOWFALL (IN)
  YESTERDAY        5.5                       0.4    5.1      0.1
  MONTH TO DATE    5.5                       0.4    5.1      0.1
  SINCE MAR 1      5.5                       0.4    5.1      0.1
  SINCE JUL 1     58.0                      38.3   19.7     54.0
  SNOW DEPTH       7

DEGREE DAYS
 HEATING
  YESTERDAY       40                        33      7       30
  MONTH TO DATE   40                        33      7       30
  SINCE MAR 1     40                        33      7       30
  SINCE JUL 1   5112                      4658    454     5074

 COOLING
  YESTERDAY        0                         0      0        0
  MONTH TO DATE    0                         0      0        0
  SINCE MAR 1      0                         0      0        0
  SINCE JAN 1      0                         0      0        0
..................................................................


WIND (MPH)
  HIGHEST WIND SPEED    13   HIGHEST WIND DIRECTION     W (260)
  HIGHEST GUST SPEED    20   HIGHEST GUST DIRECTION     W (260)
  AVERAGE WIND SPEED     6.4


SKY COVER
  POSSIBLE SUNSHINE  MM
  AVERAGE SKY COVER 1.0


WEATHER CONDITIONS
 THE FOLLOWING WEATHER WAS RECORDED YESTERDAY.
  LIGHT SNOW
  FOG


RELATIVE HUMIDITY (PERCENT)
 HIGHEST   100           600 AM
 LOWEST     78          1100 AM
 AVERAGE    89

..........................................................


THE MANSFIELD OH CLIMATE NORMALS FOR TODAY
                         NORMAL    RECORD    YEAR
 MAXIMUM TEMPERATURE (F)   41        66      1992
 MINIMUM TEMPERATURE (F)   24        -6      1980


SUNRISE AND SUNSET
MARCH  2 2015.........SUNRISE   703 AM EST   SUNSET   622 PM EST
MARCH  3 2015.........SUNRISE   701 AM EST   SUNSET   623 PM EST


-  INDICATES NEGATIVE NUMBERS.
R  INDICATES RECORD WAS SET OR TIED.
MM INDICATES DATA IS MISSING.
T  INDICATES TRACE AMOUNT.




$$
